{"id":9151,"date":"2025-06-02T07:45:21","date_gmt":"2025-06-02T07:45:21","guid":{"rendered":"https:\/\/so-events.org\/?post_type=speakers&#038;p=9151"},"modified":"2025-09-11T01:49:42","modified_gmt":"2025-09-11T01:49:42","slug":"stephan-schenk-2","status":"publish","type":"speakers","link":"https:\/\/so-events.org\/de\/speakers\/stephan-schenk-2","title":{"rendered":"Stephan Schenk"},"content":{"rendered":"<p><span style=\"font-weight: 400;\">Stephan Schenk ist Designer, Gr\u00fcnder und Gesch\u00e4ftsf\u00fchrer von Stapelstein\u00ae \u2013 ein Unternehmen in Verantwortungseigentum, das spielerische Bewegung ins Leben von Kindern und Erwachsenen bringt. Sein Wirken erreicht bereits \u00fcber 1 Million Kinder weltweit und wurde 2024 von Forbes \u201e30 under 30\u201c im Bereich Social Impact ausgezeichnet. Seine Arbeit folgt der \u00dcberzeugung, dass Spiel und Bewegung das Potenzial haben, eine inklusivere, lebenswertere und kinderfreundlichere Zukunft zu gestalten.<\/span><\/p>\n","protected":false},"excerpt":{"rendered":"<p>Gr\u00fcnder, Stapelstein<\/p>\n","protected":false},"featured_media":9590,"template":"","speaker_types":[180],"speaker_filter":[168,167,166],"class_list":["post-9151","speakers","type-speakers","status-publish","has-post-thumbnail","hentry","speaker_types-speakers-2025-de","speaker_filter-2022-de","speaker_filter-2023-de","speaker_filter-2025-de"],"acf":[],"yoast_head":"<!-- This site is optimized with the Yoast SEO plugin v26.1.1 - https:\/\/yoast.com\/wordpress\/plugins\/seo\/ -->\n<title>Stephan Schenk<\/title>\n<meta name=\"description\" content=\"Stephan Schenk ist Speaker bei der SO:25 - der Konferenz zu Verantwortungseigentum 2025. Er ist Designer, Gr\u00fcnder &amp; Gesch\u00e4ftsf\u00fchrer von Stapelstein\u00ae.\" \/>\n<meta name=\"robots\" content=\"index, follow, max-snippet:-1, max-image-preview:large, max-video-preview:-1\" \/>\n<link rel=\"canonical\" href=\"https:\/\/so-events.org\/de\/speakers\/stephan-schenk-2\" \/>\n<meta property=\"og:locale\" content=\"de_DE\" \/>\n<meta property=\"og:type\" content=\"article\" \/>\n<meta property=\"og:title\" content=\"Stephan Schenk\" \/>\n<meta property=\"og:description\" content=\"Stephan Schenk ist Speaker bei der SO:25 - der Konferenz zu Verantwortungseigentum 2025. Er ist Designer, Gr\u00fcnder &amp; Gesch\u00e4ftsf\u00fchrer von Stapelstein\u00ae.\" \/>\n<meta property=\"og:url\" content=\"https:\/\/so-events.org\/de\/speakers\/stephan-schenk-2\" \/>\n<meta property=\"og:site_name\" content=\"SO:25\" \/>\n<meta property=\"article:modified_time\" content=\"2025-09-11T01:49:42+00:00\" \/>\n<meta property=\"og:image\" content=\"http:\/\/so-events.org\/wp-content\/uploads\/2025\/06\/96.jpg\" \/>\n\t<meta property=\"og:image:width\" content=\"800\" \/>\n\t<meta property=\"og:image:height\" content=\"800\" \/>\n\t<meta property=\"og:image:type\" content=\"image\/jpeg\" \/>\n<meta name=\"twitter:card\" content=\"summary_large_image\" \/>\n<meta name=\"twitter:label1\" content=\"Gesch\u00e4tzte Lesezeit\" \/>\n\t<meta name=\"twitter:data1\" content=\"1\u00a0Minute\" \/>\n<script type=\"application\/ld+json\" class=\"yoast-schema-graph\">{\"@context\":\"https:\/\/schema.org\",\"@graph\":[{\"@type\":\"WebPage\",\"@id\":\"https:\/\/so-events.org\/de\/speakers\/stephan-schenk-2\",\"url\":\"https:\/\/so-events.org\/de\/speakers\/stephan-schenk-2\",\"name\":\"Stephan Schenk\",\"isPartOf\":{\"@id\":\"https:\/\/so-events.org\/#website\"},\"primaryImageOfPage\":{\"@id\":\"https:\/\/so-events.org\/de\/speakers\/stephan-schenk-2#primaryimage\"},\"image\":{\"@id\":\"https:\/\/so-events.org\/de\/speakers\/stephan-schenk-2#primaryimage\"},\"thumbnailUrl\":\"https:\/\/so-events.org\/wp-content\/uploads\/2025\/06\/96.jpg\",\"datePublished\":\"2025-06-02T07:45:21+00:00\",\"dateModified\":\"2025-09-11T01:49:42+00:00\",\"description\":\"Stephan Schenk ist Speaker bei der SO:25 - der Konferenz zu Verantwortungseigentum 2025. Er ist Designer, Gr\u00fcnder & Gesch\u00e4ftsf\u00fchrer von Stapelstein\u00ae.\",\"breadcrumb\":{\"@id\":\"https:\/\/so-events.org\/de\/speakers\/stephan-schenk-2#breadcrumb\"},\"inLanguage\":\"de\",\"potentialAction\":[{\"@type\":\"ReadAction\",\"target\":[\"https:\/\/so-events.org\/de\/speakers\/stephan-schenk-2\"]}]},{\"@type\":\"ImageObject\",\"inLanguage\":\"de\",\"@id\":\"https:\/\/so-events.org\/de\/speakers\/stephan-schenk-2#primaryimage\",\"url\":\"https:\/\/so-events.org\/wp-content\/uploads\/2025\/06\/96.jpg\",\"contentUrl\":\"https:\/\/so-events.org\/wp-content\/uploads\/2025\/06\/96.jpg\",\"width\":800,\"height\":800},{\"@type\":\"BreadcrumbList\",\"@id\":\"https:\/\/so-events.org\/de\/speakers\/stephan-schenk-2#breadcrumb\",\"itemListElement\":[{\"@type\":\"ListItem\",\"position\":1,\"name\":\"Startseite\",\"item\":\"https:\/\/so-events.org\/\"},{\"@type\":\"ListItem\",\"position\":2,\"name\":\"Speakers\",\"item\":\"https:\/\/so-events.org\/speakers\"},{\"@type\":\"ListItem\",\"position\":3,\"name\":\"Stephan Schenk\"}]},{\"@type\":\"WebSite\",\"@id\":\"https:\/\/so-events.org\/#website\",\"url\":\"https:\/\/so-events.org\/\",\"name\":\"VE:25\",\"description\":\"Purpose\",\"publisher\":{\"@id\":\"https:\/\/so-events.org\/#organization\"},\"potentialAction\":[{\"@type\":\"SearchAction\",\"target\":{\"@type\":\"EntryPoint\",\"urlTemplate\":\"https:\/\/so-events.org\/?s={search_term_string}\"},\"query-input\":{\"@type\":\"PropertyValueSpecification\",\"valueRequired\":true,\"valueName\":\"search_term_string\"}}],\"inLanguage\":\"de\"},{\"@type\":\"Organization\",\"@id\":\"https:\/\/so-events.org\/#organization\",\"name\":\"VE:25\",\"url\":\"https:\/\/so-events.org\/\",\"logo\":{\"@type\":\"ImageObject\",\"inLanguage\":\"de\",\"@id\":\"https:\/\/so-events.org\/#\/schema\/logo\/image\/\",\"url\":\"https:\/\/so-events.org\/wp-content\/uploads\/2024\/09\/se25-logo.png\",\"contentUrl\":\"https:\/\/so-events.org\/wp-content\/uploads\/2024\/09\/se25-logo.png\",\"width\":1042,\"height\":393,\"caption\":\"VE:25\"},\"image\":{\"@id\":\"https:\/\/so-events.org\/#\/schema\/logo\/image\/\"}}]}<\/script>\n<!-- \/ Yoast SEO plugin. -->","yoast_head_json":{"title":"Stephan Schenk","description":"Stephan Schenk ist Speaker bei der SO:25 - der Konferenz zu Verantwortungseigentum 2025. Er ist Designer, Gr\u00fcnder & Gesch\u00e4ftsf\u00fchrer von Stapelstein\u00ae.","robots":{"index":"index","follow":"follow","max-snippet":"max-snippet:-1","max-image-preview":"max-image-preview:large","max-video-preview":"max-video-preview:-1"},"canonical":"https:\/\/so-events.org\/de\/speakers\/stephan-schenk-2","og_locale":"de_DE","og_type":"article","og_title":"Stephan Schenk","og_description":"Stephan Schenk ist Speaker bei der SO:25 - der Konferenz zu Verantwortungseigentum 2025. Er ist Designer, Gr\u00fcnder & Gesch\u00e4ftsf\u00fchrer von Stapelstein\u00ae.","og_url":"https:\/\/so-events.org\/de\/speakers\/stephan-schenk-2","og_site_name":"SO:25","article_modified_time":"2025-09-11T01:49:42+00:00","og_image":[{"width":800,"height":800,"url":"http:\/\/so-events.org\/wp-content\/uploads\/2025\/06\/96.jpg","type":"image\/jpeg"}],"twitter_card":"summary_large_image","twitter_misc":{"Gesch\u00e4tzte Lesezeit":"1\u00a0Minute"},"schema":{"@context":"https:\/\/schema.org","@graph":[{"@type":"WebPage","@id":"https:\/\/so-events.org\/de\/speakers\/stephan-schenk-2","url":"https:\/\/so-events.org\/de\/speakers\/stephan-schenk-2","name":"Stephan Schenk","isPartOf":{"@id":"https:\/\/so-events.org\/#website"},"primaryImageOfPage":{"@id":"https:\/\/so-events.org\/de\/speakers\/stephan-schenk-2#primaryimage"},"image":{"@id":"https:\/\/so-events.org\/de\/speakers\/stephan-schenk-2#primaryimage"},"thumbnailUrl":"https:\/\/so-events.org\/wp-content\/uploads\/2025\/06\/96.jpg","datePublished":"2025-06-02T07:45:21+00:00","dateModified":"2025-09-11T01:49:42+00:00","description":"Stephan Schenk ist Speaker bei der SO:25 - der Konferenz zu Verantwortungseigentum 2025. Er ist Designer, Gr\u00fcnder & Gesch\u00e4ftsf\u00fchrer von Stapelstein\u00ae.","breadcrumb":{"@id":"https:\/\/so-events.org\/de\/speakers\/stephan-schenk-2#breadcrumb"},"inLanguage":"de","potentialAction":[{"@type":"ReadAction","target":["https:\/\/so-events.org\/de\/speakers\/stephan-schenk-2"]}]},{"@type":"ImageObject","inLanguage":"de","@id":"https:\/\/so-events.org\/de\/speakers\/stephan-schenk-2#primaryimage","url":"https:\/\/so-events.org\/wp-content\/uploads\/2025\/06\/96.jpg","contentUrl":"https:\/\/so-events.org\/wp-content\/uploads\/2025\/06\/96.jpg","width":800,"height":800},{"@type":"BreadcrumbList","@id":"https:\/\/so-events.org\/de\/speakers\/stephan-schenk-2#breadcrumb","itemListElement":[{"@type":"ListItem","position":1,"name":"Startseite","item":"https:\/\/so-events.org\/"},{"@type":"ListItem","position":2,"name":"Speakers","item":"https:\/\/so-events.org\/speakers"},{"@type":"ListItem","position":3,"name":"Stephan Schenk"}]},{"@type":"WebSite","@id":"https:\/\/so-events.org\/#website","url":"https:\/\/so-events.org\/","name":"VE:25","description":"Purpose","publisher":{"@id":"https:\/\/so-events.org\/#organization"},"potentialAction":[{"@type":"SearchAction","target":{"@type":"EntryPoint","urlTemplate":"https:\/\/so-events.org\/?s={search_term_string}"},"query-input":{"@type":"PropertyValueSpecification","valueRequired":true,"valueName":"search_term_string"}}],"inLanguage":"de"},{"@type":"Organization","@id":"https:\/\/so-events.org\/#organization","name":"VE:25","url":"https:\/\/so-events.org\/","logo":{"@type":"ImageObject","inLanguage":"de","@id":"https:\/\/so-events.org\/#\/schema\/logo\/image\/","url":"https:\/\/so-events.org\/wp-content\/uploads\/2024\/09\/se25-logo.png","contentUrl":"https:\/\/so-events.org\/wp-content\/uploads\/2024\/09\/se25-logo.png","width":1042,"height":393,"caption":"VE:25"},"image":{"@id":"https:\/\/so-events.org\/#\/schema\/logo\/image\/"}}]}},"_links":{"self":[{"href":"https:\/\/so-events.org\/de\/wp-json\/wp\/v2\/speakers\/9151","targetHints":{"allow":["GET"]}}],"collection":[{"href":"https:\/\/so-events.org\/de\/wp-json\/wp\/v2\/speakers"}],"about":[{"href":"https:\/\/so-events.org\/de\/wp-json\/wp\/v2\/types\/speakers"}],"version-history":[{"count":1,"href":"https:\/\/so-events.org\/de\/wp-json\/wp\/v2\/speakers\/9151\/revisions"}],"predecessor-version":[{"id":11431,"href":"https:\/\/so-events.org\/de\/wp-json\/wp\/v2\/speakers\/9151\/revisions\/11431"}],"wp:featuredmedia":[{"embeddable":true,"href":"https:\/\/so-events.org\/de\/wp-json\/wp\/v2\/media\/9590"}],"wp:attachment":[{"href":"https:\/\/so-events.org\/de\/wp-json\/wp\/v2\/media?parent=9151"}],"wp:term":[{"taxonomy":"speaker_types","embeddable":true,"href":"https:\/\/so-events.org\/de\/wp-json\/wp\/v2\/speaker_types?post=9151"},{"taxonomy":"speaker_filter","embeddable":true,"href":"https:\/\/so-events.org\/de\/wp-json\/wp\/v2\/speaker_filter?post=9151"}],"curies":[{"name":"wp","href":"https:\/\/api.w.org\/{rel}","templated":true}]}}

<p><span style="font-weight: 400;">Stephan Schenk ist Designer, Gründer und Geschäftsführer von Stapelstein® – ein Unternehmen in Verantwortungseigentum, das spielerische Bewegung ins Leben von Kindern und Erwachsenen bringt. Sein Wirken erreicht bereits über 1 Million Kinder weltweit und wurde 2024 von Forbes „30 under 30“ im Bereich Social Impact ausgezeichnet. Seine Arbeit folgt der Überzeugung, dass Spiel und Bewegung das Potenzial haben, eine inklusivere, lebenswertere und kinderfreundlichere Zukunft zu gestalten.</span></p>

<p>Gründer, Stapelstein</p>

<!-- This site is optimized with the Yoast SEO plugin v26.1.1 - https://yoast.com/wordpress/plugins/seo/ -->
<title>Stephan Schenk</title>
<meta name="description" content="Stephan Schenk ist Speaker bei der SO:25 - der Konferenz zu Verantwortungseigentum 2025. Er ist Designer, Gründer &amp; Geschäftsführer von Stapelstein®." />
<meta name="robots" content="index, follow, max-snippet:-1, max-image-preview:large, max-video-preview:-1" />
<link rel="canonical" href="https://so-events.org/de/speakers/stephan-schenk-2" />
<meta property="og:locale" content="de_DE" />
<meta property="og:type" content="article" />
<meta property="og:title" content="Stephan Schenk" />
<meta property="og:description" content="Stephan Schenk ist Speaker bei der SO:25 - der Konferenz zu Verantwortungseigentum 2025. Er ist Designer, Gründer &amp; Geschäftsführer von Stapelstein®." />
<meta property="og:url" content="https://so-events.org/de/speakers/stephan-schenk-2" />
<meta property="og:site_name" content="SO:25" />
<meta property="article:modified_time" content="2025-09-11T01:49:42+00:00" />
<meta property="og:image" content="http://so-events.org/wp-content/uploads/2025/06/96.jpg" />
	<meta property="og:image:width" content="800" />
	<meta property="og:image:height" content="800" />
	<meta property="og:image:type" content="image/jpeg" />
<meta name="twitter:card" content="summary_large_image" />
<meta name="twitter:label1" content="Geschätzte Lesezeit" />
	<meta name="twitter:data1" content="1 Minute" />
<script type="application/ld+json" class="yoast-schema-graph">{"@context":"https://schema.org","@graph":[{"@type":"WebPage","@id":"https://so-events.org/de/speakers/stephan-schenk-2","url":"https://so-events.org/de/speakers/stephan-schenk-2","name":"Stephan Schenk","isPartOf":{"@id":"https://so-events.org/#website"},"primaryImageOfPage":{"@id":"https://so-events.org/de/speakers/stephan-schenk-2#primaryimage"},"image":{"@id":"https://so-events.org/de/speakers/stephan-schenk-2#primaryimage"},"thumbnailUrl":"https://so-events.org/wp-content/uploads/2025/06/96.jpg","datePublished":"2025-06-02T07:45:21+00:00","dateModified":"2025-09-11T01:49:42+00:00","description":"Stephan Schenk ist Speaker bei der SO:25 - der Konferenz zu Verantwortungseigentum 2025. Er ist Designer, Gründer & Geschäftsführer von Stapelstein®.","breadcrumb":{"@id":"https://so-events.org/de/speakers/stephan-schenk-2#breadcrumb"},"inLanguage":"de","potentialAction":[{"@type":"ReadAction","target":["https://so-events.org/de/speakers/stephan-schenk-2"]}]},{"@type":"ImageObject","inLanguage":"de","@id":"https://so-events.org/de/speakers/stephan-schenk-2#primaryimage","url":"https://so-events.org/wp-content/uploads/2025/06/96.jpg","contentUrl":"https://so-events.org/wp-content/uploads/2025/06/96.jpg","width":800,"height":800},{"@type":"BreadcrumbList","@id":"https://so-events.org/de/speakers/stephan-schenk-2#breadcrumb","itemListElement":[{"@type":"ListItem","position":1,"name":"Startseite","item":"https://so-events.org/"},{"@type":"ListItem","position":2,"name":"Speakers","item":"https://so-events.org/speakers"},{"@type":"ListItem","position":3,"name":"Stephan Schenk"}]},{"@type":"WebSite","@id":"https://so-events.org/#website","url":"https://so-events.org/","name":"VE:25","description":"Purpose","publisher":{"@id":"https://so-events.org/#organization"},"potentialAction":[{"@type":"SearchAction","target":{"@type":"EntryPoint","urlTemplate":"https://so-events.org/?s={search_term_string}"},"query-input":{"@type":"PropertyValueSpecification","valueRequired":true,"valueName":"search_term_string"}}],"inLanguage":"de"},{"@type":"Organization","@id":"https://so-events.org/#organization","name":"VE:25","url":"https://so-events.org/","logo":{"@type":"ImageObject","inLanguage":"de","@id":"https://so-events.org/#/schema/logo/image/","url":"https://so-events.org/wp-content/uploads/2024/09/se25-logo.png","contentUrl":"https://so-events.org/wp-content/uploads/2024/09/se25-logo.png","width":1042,"height":393,"caption":"VE:25"},"image":{"@id":"https://so-events.org/#/schema/logo/image/"}}]}</script>
<!-- / Yoast SEO plugin. -->

Stephan Schenk ist Speaker bei der SO:25 - der Konferenz zu Verantwortungseigentum 2025. Er ist Designer, Gründer & Geschäftsführer von Stapelstein®.
