{"id":6929,"date":"2024-09-09T12:31:29","date_gmt":"2024-09-09T12:31:29","guid":{"rendered":"https:\/\/so-events.org\/?post_type=speakers&#038;p=6929"},"modified":"2025-07-22T13:38:26","modified_gmt":"2025-07-22T13:38:26","slug":"frank-walter-steinmeier","status":"publish","type":"speakers","link":"https:\/\/so-events.org\/de\/speakers\/frank-walter-steinmeier","title":{"rendered":"Frank-Walter Steinmeier"},"content":{"rendered":"<p><span style=\"font-weight: 400;\">Frank-Walter Steinmeier wird am 5. Januar 1956 in Detmold\/Kreis Lippe geboren. Er ist seit 1995 mit Elke B\u00fcdenbender verheiratet. Gemeinsam haben sie eine Tochter. <\/span><span style=\"font-weight: 400;\">Nach dem Besuch des Neusprachlichen Gymnasiums in Blomberg und einer zweij\u00e4hrigen Bundeswehrzeit studiert Frank-Walter Steinmeier ab 1976 Rechtswissenschaften, seit 1980 zus\u00e4tzlich auch Politikwissenschaften, an der Justus-Liebig-Universit\u00e4t in Gie\u00dfen. 1982 legt er seine Erste Juristische Staatspr\u00fcfung ab. Anschlie\u00dfend leistet er seinen Juristischen Vorbereitungsdienst in Frankfurt am Main und Gie\u00dfen, den er 1986 mit der Zweiten Juristischen Staatspr\u00fcfung beendet. Danach arbeitet er als Wissenschaftlicher Mitarbeiter am Lehrstuhl f\u00fcr \u00f6ffentliches Recht und Wissenschaft von der Politik an der Universit\u00e4t Gie\u00dfen. 1991 schlie\u00dft er seine Promotion zum Dr. jur. mit der Arbeit <\/span><i><span style=\"font-weight: 400;\">&#8222;B\u00fcrger ohne Obdach: zwischen Pflicht zur Unterkunft und Recht auf Wohnraum. Tradition und Perspektiven staatlicher Intervention zur Verhinderung und Beseitigung von Obdachlosigkeit&#8220;<\/span><\/i><span style=\"font-weight: 400;\"> ab. <\/span><span style=\"font-weight: 400;\">Im selben Jahr wechselt Frank-Walter Steinmeier als Referent f\u00fcr Medienrecht und Medienpolitik in die Nieders\u00e4chsische Staatskanzlei in Hannover. 1993 wird er Leiter des Pers\u00f6nlichen B\u00fcros des nieders\u00e4chsischen Ministerpr\u00e4sidenten Gerhard Schr\u00f6der und 1994 Leiter der Abteilung f\u00fcr Richtlinien der Politik, Ressortkoordinierung und -planung. Zwei Jahre sp\u00e4ter wird er Chef der Nieders\u00e4chsischen Staatskanzlei, ab Januar 1997 im Rang eines Staatssekret\u00e4rs.\u00a0<\/span><span style=\"font-weight: 400;\">1998 wird er Staatssekret\u00e4r im Bundeskanzleramt und Beauftragter f\u00fcr die Nachrichtendienste, ab 1999 zugleich auch Chef des Bundeskanzleramtes. Das Amt des Bundesministers des Ausw\u00e4rtigen tritt er 2005 an; ab 2007 ist er auch Vizekanzler. 2009 gewinnt er das Direktmandat in einem Brandenburger Wahlkreis und zieht in den Bundestag ein. Die SPD-Bundestagsfraktion w\u00e4hlt ihn zum Vorsitzenden. Vier Jahre sp\u00e4ter \u00fcbernimmt er erneut das Au\u00dfenamt und leitet es bis Januar 2017. <\/span><span style=\"font-weight: 400;\">F\u00fcr sein bisheriges Wirken wurde Frank-Walter Steinmeier mit zahlreichen Ehrungen und Preisen ausgezeichnet, darunter der Ignatz-Bubis-Preis f\u00fcr Verst\u00e4ndigung, der Europapreis f\u00fcr politische Kultur, der Preis f\u00fcr Europ\u00e4ische Verst\u00e4ndigung, Willy-Brandt-Preis, der Toleranzpreis der Evangelischen Akademie Tutzing und der \u00d6kumenische Preis der Katholischen Akademie Bayern. Er ist Ehrenb\u00fcrger der St\u00e4dte Helsinki, Hermannstadt, Kalamata, Oulu und Reims. Au\u00dferdem ist er Ehrendoktor der National and Kapodistrian University of Athens, der Lebanse University Beirut, der Hebrew University of Jerusalem, der Universit\u00e4t Paderborn und der Universit\u00e4t Pir\u00e4us. Aufgrund des Angriffskriegs Russlands auf die Ukraine hat der Bundespr\u00e4sident die Ehrendoktorw\u00fcrde der Universit\u00e4t Jekaterinburg im M\u00e4rz 2022 zur\u00fcckgegeben.\u00a0<\/span><span style=\"font-weight: 400;\">Am 12. Februar 2017 wurde Frank-Walter Steinmeier zum 12. Bundespr\u00e4sidenten der Bundesrepublik Deutschland <\/span>gew\u00e4hlt<span style=\"font-weight: 400;\">. Am 13. Februar 2022 best\u00e4tigte die 17. Bundesversammlung ihn f\u00fcr eine zweite Amtszeit.<br \/>\n<em><br \/>\nHinweis: Dieses Speaker-Profil stammt aus dem Jahr 2023.<br \/>\n<\/em><\/span><\/p>\n","protected":false},"excerpt":{"rendered":"<p>Bundespr\u00e4sident<\/p>\n","protected":false},"featured_media":9221,"template":"","speaker_types":[158],"speaker_filter":[167],"class_list":["post-6929","speakers","type-speakers","status-publish","has-post-thumbnail","hentry","speaker_types-speakers-2023","speaker_filter-2023-de"],"acf":[],"yoast_head":"<!-- This site is optimized with the Yoast SEO plugin v26.1.1 - https:\/\/yoast.com\/wordpress\/plugins\/seo\/ -->\n<title>Frank-Walter Steinmeier - SO:25<\/title>\n<meta name=\"description\" content=\"Frank-Walter Steinmeier ist seit 2017 Bundespr\u00e4sident. Der Jurist und SPD-Politiker steht f\u00fcr Demokratie, Dialog &amp; europ\u00e4ische Verst\u00e4ndigung.\" \/>\n<meta name=\"robots\" content=\"index, follow, max-snippet:-1, max-image-preview:large, max-video-preview:-1\" \/>\n<link rel=\"canonical\" href=\"https:\/\/so-events.org\/speakers\/frank-walter-steinmeier\" \/>\n<meta property=\"og:locale\" content=\"de_DE\" \/>\n<meta property=\"og:type\" content=\"article\" \/>\n<meta property=\"og:title\" content=\"Frank-Walter Steinmeier - SO:25\" \/>\n<meta property=\"og:description\" content=\"Frank-Walter Steinmeier ist seit 2017 Bundespr\u00e4sident. Der Jurist und SPD-Politiker steht f\u00fcr Demokratie, Dialog &amp; europ\u00e4ische Verst\u00e4ndigung.\" \/>\n<meta property=\"og:url\" content=\"https:\/\/so-events.org\/speakers\/frank-walter-steinmeier\" \/>\n<meta property=\"og:site_name\" content=\"SO:25\" \/>\n<meta property=\"article:modified_time\" content=\"2025-07-22T13:38:26+00:00\" \/>\n<meta property=\"og:image\" content=\"https:\/\/so-events.org\/wp-content\/uploads\/2024\/09\/80.jpg\" \/>\n\t<meta property=\"og:image:width\" content=\"800\" \/>\n\t<meta property=\"og:image:height\" content=\"800\" \/>\n\t<meta property=\"og:image:type\" content=\"image\/jpeg\" \/>\n<meta name=\"twitter:card\" content=\"summary_large_image\" \/>\n<meta name=\"twitter:label1\" content=\"Gesch\u00e4tzte Lesezeit\" \/>\n\t<meta name=\"twitter:data1\" content=\"2\u00a0Minuten\" \/>\n<script type=\"application\/ld+json\" class=\"yoast-schema-graph\">{\"@context\":\"https:\/\/schema.org\",\"@graph\":[{\"@type\":\"WebPage\",\"@id\":\"https:\/\/so-events.org\/speakers\/frank-walter-steinmeier\",\"url\":\"https:\/\/so-events.org\/speakers\/frank-walter-steinmeier\",\"name\":\"Frank-Walter Steinmeier - SO:25\",\"isPartOf\":{\"@id\":\"https:\/\/so-events.org\/#website\"},\"primaryImageOfPage\":{\"@id\":\"https:\/\/so-events.org\/speakers\/frank-walter-steinmeier#primaryimage\"},\"image\":{\"@id\":\"https:\/\/so-events.org\/speakers\/frank-walter-steinmeier#primaryimage\"},\"thumbnailUrl\":\"https:\/\/so-events.org\/wp-content\/uploads\/2024\/09\/80.jpg\",\"datePublished\":\"2024-09-09T12:31:29+00:00\",\"dateModified\":\"2025-07-22T13:38:26+00:00\",\"description\":\"Frank-Walter Steinmeier ist seit 2017 Bundespr\u00e4sident. Der Jurist und SPD-Politiker steht f\u00fcr Demokratie, Dialog & europ\u00e4ische Verst\u00e4ndigung.\",\"breadcrumb\":{\"@id\":\"https:\/\/so-events.org\/speakers\/frank-walter-steinmeier#breadcrumb\"},\"inLanguage\":\"de\",\"potentialAction\":[{\"@type\":\"ReadAction\",\"target\":[\"https:\/\/so-events.org\/speakers\/frank-walter-steinmeier\"]}]},{\"@type\":\"ImageObject\",\"inLanguage\":\"de\",\"@id\":\"https:\/\/so-events.org\/speakers\/frank-walter-steinmeier#primaryimage\",\"url\":\"https:\/\/so-events.org\/wp-content\/uploads\/2024\/09\/80.jpg\",\"contentUrl\":\"https:\/\/so-events.org\/wp-content\/uploads\/2024\/09\/80.jpg\",\"width\":800,\"height\":800},{\"@type\":\"BreadcrumbList\",\"@id\":\"https:\/\/so-events.org\/speakers\/frank-walter-steinmeier#breadcrumb\",\"itemListElement\":[{\"@type\":\"ListItem\",\"position\":1,\"name\":\"Startseite\",\"item\":\"https:\/\/so-events.org\/\"},{\"@type\":\"ListItem\",\"position\":2,\"name\":\"Speakers\",\"item\":\"https:\/\/so-events.org\/speakers\"},{\"@type\":\"ListItem\",\"position\":3,\"name\":\"Frank-Walter Steinmeier\"}]},{\"@type\":\"WebSite\",\"@id\":\"https:\/\/so-events.org\/#website\",\"url\":\"https:\/\/so-events.org\/\",\"name\":\"VE:25\",\"description\":\"Purpose\",\"publisher\":{\"@id\":\"https:\/\/so-events.org\/#organization\"},\"potentialAction\":[{\"@type\":\"SearchAction\",\"target\":{\"@type\":\"EntryPoint\",\"urlTemplate\":\"https:\/\/so-events.org\/?s={search_term_string}\"},\"query-input\":{\"@type\":\"PropertyValueSpecification\",\"valueRequired\":true,\"valueName\":\"search_term_string\"}}],\"inLanguage\":\"de\"},{\"@type\":\"Organization\",\"@id\":\"https:\/\/so-events.org\/#organization\",\"name\":\"VE:25\",\"url\":\"https:\/\/so-events.org\/\",\"logo\":{\"@type\":\"ImageObject\",\"inLanguage\":\"de\",\"@id\":\"https:\/\/so-events.org\/#\/schema\/logo\/image\/\",\"url\":\"https:\/\/so-events.org\/wp-content\/uploads\/2024\/09\/se25-logo.png\",\"contentUrl\":\"https:\/\/so-events.org\/wp-content\/uploads\/2024\/09\/se25-logo.png\",\"width\":1042,\"height\":393,\"caption\":\"VE:25\"},\"image\":{\"@id\":\"https:\/\/so-events.org\/#\/schema\/logo\/image\/\"}}]}<\/script>\n<!-- \/ Yoast SEO plugin. -->","yoast_head_json":{"title":"Frank-Walter Steinmeier - SO:25","description":"Frank-Walter Steinmeier ist seit 2017 Bundespr\u00e4sident. Der Jurist und SPD-Politiker steht f\u00fcr Demokratie, Dialog & europ\u00e4ische Verst\u00e4ndigung.","robots":{"index":"index","follow":"follow","max-snippet":"max-snippet:-1","max-image-preview":"max-image-preview:large","max-video-preview":"max-video-preview:-1"},"canonical":"https:\/\/so-events.org\/speakers\/frank-walter-steinmeier","og_locale":"de_DE","og_type":"article","og_title":"Frank-Walter Steinmeier - SO:25","og_description":"Frank-Walter Steinmeier ist seit 2017 Bundespr\u00e4sident. Der Jurist und SPD-Politiker steht f\u00fcr Demokratie, Dialog & europ\u00e4ische Verst\u00e4ndigung.","og_url":"https:\/\/so-events.org\/speakers\/frank-walter-steinmeier","og_site_name":"SO:25","article_modified_time":"2025-07-22T13:38:26+00:00","og_image":[{"width":800,"height":800,"url":"https:\/\/so-events.org\/wp-content\/uploads\/2024\/09\/80.jpg","type":"image\/jpeg"}],"twitter_card":"summary_large_image","twitter_misc":{"Gesch\u00e4tzte Lesezeit":"2\u00a0Minuten"},"schema":{"@context":"https:\/\/schema.org","@graph":[{"@type":"WebPage","@id":"https:\/\/so-events.org\/speakers\/frank-walter-steinmeier","url":"https:\/\/so-events.org\/speakers\/frank-walter-steinmeier","name":"Frank-Walter Steinmeier - SO:25","isPartOf":{"@id":"https:\/\/so-events.org\/#website"},"primaryImageOfPage":{"@id":"https:\/\/so-events.org\/speakers\/frank-walter-steinmeier#primaryimage"},"image":{"@id":"https:\/\/so-events.org\/speakers\/frank-walter-steinmeier#primaryimage"},"thumbnailUrl":"https:\/\/so-events.org\/wp-content\/uploads\/2024\/09\/80.jpg","datePublished":"2024-09-09T12:31:29+00:00","dateModified":"2025-07-22T13:38:26+00:00","description":"Frank-Walter Steinmeier ist seit 2017 Bundespr\u00e4sident. Der Jurist und SPD-Politiker steht f\u00fcr Demokratie, Dialog & europ\u00e4ische Verst\u00e4ndigung.","breadcrumb":{"@id":"https:\/\/so-events.org\/speakers\/frank-walter-steinmeier#breadcrumb"},"inLanguage":"de","potentialAction":[{"@type":"ReadAction","target":["https:\/\/so-events.org\/speakers\/frank-walter-steinmeier"]}]},{"@type":"ImageObject","inLanguage":"de","@id":"https:\/\/so-events.org\/speakers\/frank-walter-steinmeier#primaryimage","url":"https:\/\/so-events.org\/wp-content\/uploads\/2024\/09\/80.jpg","contentUrl":"https:\/\/so-events.org\/wp-content\/uploads\/2024\/09\/80.jpg","width":800,"height":800},{"@type":"BreadcrumbList","@id":"https:\/\/so-events.org\/speakers\/frank-walter-steinmeier#breadcrumb","itemListElement":[{"@type":"ListItem","position":1,"name":"Startseite","item":"https:\/\/so-events.org\/"},{"@type":"ListItem","position":2,"name":"Speakers","item":"https:\/\/so-events.org\/speakers"},{"@type":"ListItem","position":3,"name":"Frank-Walter Steinmeier"}]},{"@type":"WebSite","@id":"https:\/\/so-events.org\/#website","url":"https:\/\/so-events.org\/","name":"VE:25","description":"Purpose","publisher":{"@id":"https:\/\/so-events.org\/#organization"},"potentialAction":[{"@type":"SearchAction","target":{"@type":"EntryPoint","urlTemplate":"https:\/\/so-events.org\/?s={search_term_string}"},"query-input":{"@type":"PropertyValueSpecification","valueRequired":true,"valueName":"search_term_string"}}],"inLanguage":"de"},{"@type":"Organization","@id":"https:\/\/so-events.org\/#organization","name":"VE:25","url":"https:\/\/so-events.org\/","logo":{"@type":"ImageObject","inLanguage":"de","@id":"https:\/\/so-events.org\/#\/schema\/logo\/image\/","url":"https:\/\/so-events.org\/wp-content\/uploads\/2024\/09\/se25-logo.png","contentUrl":"https:\/\/so-events.org\/wp-content\/uploads\/2024\/09\/se25-logo.png","width":1042,"height":393,"caption":"VE:25"},"image":{"@id":"https:\/\/so-events.org\/#\/schema\/logo\/image\/"}}]}},"_links":{"self":[{"href":"https:\/\/so-events.org\/de\/wp-json\/wp\/v2\/speakers\/6929","targetHints":{"allow":["GET"]}}],"collection":[{"href":"https:\/\/so-events.org\/de\/wp-json\/wp\/v2\/speakers"}],"about":[{"href":"https:\/\/so-events.org\/de\/wp-json\/wp\/v2\/types\/speakers"}],"version-history":[{"count":0,"href":"https:\/\/so-events.org\/de\/wp-json\/wp\/v2\/speakers\/6929\/revisions"}],"wp:featuredmedia":[{"embeddable":true,"href":"https:\/\/so-events.org\/de\/wp-json\/wp\/v2\/media\/9221"}],"wp:attachment":[{"href":"https:\/\/so-events.org\/de\/wp-json\/wp\/v2\/media?parent=6929"}],"wp:term":[{"taxonomy":"speaker_types","embeddable":true,"href":"https:\/\/so-events.org\/de\/wp-json\/wp\/v2\/speaker_types?post=6929"},{"taxonomy":"speaker_filter","embeddable":true,"href":"https:\/\/so-events.org\/de\/wp-json\/wp\/v2\/speaker_filter?post=6929"}],"curies":[{"name":"wp","href":"https:\/\/api.w.org\/{rel}","templated":true}]}}

<p><span style="font-weight: 400;">Frank-Walter Steinmeier wird am 5. Januar 1956 in Detmold/Kreis Lippe geboren. Er ist seit 1995 mit Elke Büdenbender verheiratet. Gemeinsam haben sie eine Tochter. </span><span style="font-weight: 400;">Nach dem Besuch des Neusprachlichen Gymnasiums in Blomberg und einer zweijährigen Bundeswehrzeit studiert Frank-Walter Steinmeier ab 1976 Rechtswissenschaften, seit 1980 zusätzlich auch Politikwissenschaften, an der Justus-Liebig-Universität in Gießen. 1982 legt er seine Erste Juristische Staatsprüfung ab. Anschließend leistet er seinen Juristischen Vorbereitungsdienst in Frankfurt am Main und Gießen, den er 1986 mit der Zweiten Juristischen Staatsprüfung beendet. Danach arbeitet er als Wissenschaftlicher Mitarbeiter am Lehrstuhl für öffentliches Recht und Wissenschaft von der Politik an der Universität Gießen. 1991 schließt er seine Promotion zum Dr. jur. mit der Arbeit </span><i><span style="font-weight: 400;">&#8222;Bürger ohne Obdach: zwischen Pflicht zur Unterkunft und Recht auf Wohnraum. Tradition und Perspektiven staatlicher Intervention zur Verhinderung und Beseitigung von Obdachlosigkeit&#8220;</span></i><span style="font-weight: 400;"> ab. </span><span style="font-weight: 400;">Im selben Jahr wechselt Frank-Walter Steinmeier als Referent für Medienrecht und Medienpolitik in die Niedersächsische Staatskanzlei in Hannover. 1993 wird er Leiter des Persönlichen Büros des niedersächsischen Ministerpräsidenten Gerhard Schröder und 1994 Leiter der Abteilung für Richtlinien der Politik, Ressortkoordinierung und -planung. Zwei Jahre später wird er Chef der Niedersächsischen Staatskanzlei, ab Januar 1997 im Rang eines Staatssekretärs. </span><span style="font-weight: 400;">1998 wird er Staatssekretär im Bundeskanzleramt und Beauftragter für die Nachrichtendienste, ab 1999 zugleich auch Chef des Bundeskanzleramtes. Das Amt des Bundesministers des Auswärtigen tritt er 2005 an; ab 2007 ist er auch Vizekanzler. 2009 gewinnt er das Direktmandat in einem Brandenburger Wahlkreis und zieht in den Bundestag ein. Die SPD-Bundestagsfraktion wählt ihn zum Vorsitzenden. Vier Jahre später übernimmt er erneut das Außenamt und leitet es bis Januar 2017. </span><span style="font-weight: 400;">Für sein bisheriges Wirken wurde Frank-Walter Steinmeier mit zahlreichen Ehrungen und Preisen ausgezeichnet, darunter der Ignatz-Bubis-Preis für Verständigung, der Europapreis für politische Kultur, der Preis für Europäische Verständigung, Willy-Brandt-Preis, der Toleranzpreis der Evangelischen Akademie Tutzing und der Ökumenische Preis der Katholischen Akademie Bayern. Er ist Ehrenbürger der Städte Helsinki, Hermannstadt, Kalamata, Oulu und Reims. Außerdem ist er Ehrendoktor der National and Kapodistrian University of Athens, der Lebanse University Beirut, der Hebrew University of Jerusalem, der Universität Paderborn und der Universität Piräus. Aufgrund des Angriffskriegs Russlands auf die Ukraine hat der Bundespräsident die Ehrendoktorwürde der Universität Jekaterinburg im März 2022 zurückgegeben. </span><span style="font-weight: 400;">Am 12. Februar 2017 wurde Frank-Walter Steinmeier zum 12. Bundespräsidenten der Bundesrepublik Deutschland </span>gewählt<span style="font-weight: 400;">. Am 13. Februar 2022 bestätigte die 17. Bundesversammlung ihn für eine zweite Amtszeit.<br />
<em><br />
Hinweis: Dieses Speaker-Profil stammt aus dem Jahr 2023.<br />
</em></span></p>

<p>Bundespräsident</p>

<!-- This site is optimized with the Yoast SEO plugin v26.1.1 - https://yoast.com/wordpress/plugins/seo/ -->
<title>Frank-Walter Steinmeier - SO:25</title>
<meta name="description" content="Frank-Walter Steinmeier ist seit 2017 Bundespräsident. Der Jurist und SPD-Politiker steht für Demokratie, Dialog &amp; europäische Verständigung." />
<meta name="robots" content="index, follow, max-snippet:-1, max-image-preview:large, max-video-preview:-1" />
<link rel="canonical" href="https://so-events.org/speakers/frank-walter-steinmeier" />
<meta property="og:locale" content="de_DE" />
<meta property="og:type" content="article" />
<meta property="og:title" content="Frank-Walter Steinmeier - SO:25" />
<meta property="og:description" content="Frank-Walter Steinmeier ist seit 2017 Bundespräsident. Der Jurist und SPD-Politiker steht für Demokratie, Dialog &amp; europäische Verständigung." />
<meta property="og:url" content="https://so-events.org/speakers/frank-walter-steinmeier" />
<meta property="og:site_name" content="SO:25" />
<meta property="article:modified_time" content="2025-07-22T13:38:26+00:00" />
<meta property="og:image" content="https://so-events.org/wp-content/uploads/2024/09/80.jpg" />
	<meta property="og:image:width" content="800" />
	<meta property="og:image:height" content="800" />
	<meta property="og:image:type" content="image/jpeg" />
<meta name="twitter:card" content="summary_large_image" />
<meta name="twitter:label1" content="Geschätzte Lesezeit" />
	<meta name="twitter:data1" content="2 Minuten" />
<script type="application/ld+json" class="yoast-schema-graph">{"@context":"https://schema.org","@graph":[{"@type":"WebPage","@id":"https://so-events.org/speakers/frank-walter-steinmeier","url":"https://so-events.org/speakers/frank-walter-steinmeier","name":"Frank-Walter Steinmeier - SO:25","isPartOf":{"@id":"https://so-events.org/#website"},"primaryImageOfPage":{"@id":"https://so-events.org/speakers/frank-walter-steinmeier#primaryimage"},"image":{"@id":"https://so-events.org/speakers/frank-walter-steinmeier#primaryimage"},"thumbnailUrl":"https://so-events.org/wp-content/uploads/2024/09/80.jpg","datePublished":"2024-09-09T12:31:29+00:00","dateModified":"2025-07-22T13:38:26+00:00","description":"Frank-Walter Steinmeier ist seit 2017 Bundespräsident. Der Jurist und SPD-Politiker steht für Demokratie, Dialog & europäische Verständigung.","breadcrumb":{"@id":"https://so-events.org/speakers/frank-walter-steinmeier#breadcrumb"},"inLanguage":"de","potentialAction":[{"@type":"ReadAction","target":["https://so-events.org/speakers/frank-walter-steinmeier"]}]},{"@type":"ImageObject","inLanguage":"de","@id":"https://so-events.org/speakers/frank-walter-steinmeier#primaryimage","url":"https://so-events.org/wp-content/uploads/2024/09/80.jpg","contentUrl":"https://so-events.org/wp-content/uploads/2024/09/80.jpg","width":800,"height":800},{"@type":"BreadcrumbList","@id":"https://so-events.org/speakers/frank-walter-steinmeier#breadcrumb","itemListElement":[{"@type":"ListItem","position":1,"name":"Startseite","item":"https://so-events.org/"},{"@type":"ListItem","position":2,"name":"Speakers","item":"https://so-events.org/speakers"},{"@type":"ListItem","position":3,"name":"Frank-Walter Steinmeier"}]},{"@type":"WebSite","@id":"https://so-events.org/#website","url":"https://so-events.org/","name":"VE:25","description":"Purpose","publisher":{"@id":"https://so-events.org/#organization"},"potentialAction":[{"@type":"SearchAction","target":{"@type":"EntryPoint","urlTemplate":"https://so-events.org/?s={search_term_string}"},"query-input":{"@type":"PropertyValueSpecification","valueRequired":true,"valueName":"search_term_string"}}],"inLanguage":"de"},{"@type":"Organization","@id":"https://so-events.org/#organization","name":"VE:25","url":"https://so-events.org/","logo":{"@type":"ImageObject","inLanguage":"de","@id":"https://so-events.org/#/schema/logo/image/","url":"https://so-events.org/wp-content/uploads/2024/09/se25-logo.png","contentUrl":"https://so-events.org/wp-content/uploads/2024/09/se25-logo.png","width":1042,"height":393,"caption":"VE:25"},"image":{"@id":"https://so-events.org/#/schema/logo/image/"}}]}</script>
<!-- / Yoast SEO plugin. -->

Frank-Walter Steinmeier ist seit 2017 Bundespräsident. Der Jurist und SPD-Politiker steht für Demokratie, Dialog & europäische Verständigung.
