{"id":6868,"date":"2024-09-09T11:52:20","date_gmt":"2024-09-09T11:52:20","guid":{"rendered":"https:\/\/so-events.org\/?post_type=speakers&#038;p=6868"},"modified":"2025-06-16T12:25:07","modified_gmt":"2025-06-16T12:25:07","slug":"jasmin-arabian-vogel","status":"publish","type":"speakers","link":"https:\/\/so-events.org\/de\/speakers\/jasmin-arabian-vogel","title":{"rendered":"Jasmin Arabian-Vogel"},"content":{"rendered":"<p class=\"\" data-start=\"100\" data-end=\"417\">Jasmin Arabian-Vogel wurde 1968 in Hannover geboren. Sie wuchs in Teheran auf und lebt seit 1986 wieder in Hannover. Sie studierte Psychologie und Politikwissenschaft und gr\u00fcndete 1996 den ersten interkulturellen Pflegedienst. In den Jahren 2014 und 2015 wurden drei weitere Unternehmen gegr\u00fcndet bzw. \u00fcbernommen. Jasmin Arabian-Vogel bekleidet zahlreiche Ehren\u00e4mter \u2013 unter anderem ist sie Pr\u00e4sidentin des Verbands deutscher Unternehmerinnen (VdU) und Honorarkonsulin Schwedens. Sie wurde mit dem Unternehmenspreis der Landeshauptstadt Hannover ausgezeichnet und ist Vorbild-Unternehmerin der Bundesrepublik Deutschland. Zudem engagiert sie sich in mehreren Beir\u00e4ten.<\/p>\n","protected":false},"excerpt":{"rendered":"<p>Pr\u00e4sidentin Verband deutscher Unternehmerinnen<\/p>\n","protected":false},"featured_media":9280,"template":"","speaker_types":[158],"speaker_filter":[163],"class_list":["post-6868","speakers","type-speakers","status-publish","has-post-thumbnail","hentry","speaker_types-speakers-2023","speaker_filter-163"],"acf":[],"yoast_head":"<!-- This site is optimized with the Yoast SEO plugin v26.1.1 - https:\/\/yoast.com\/wordpress\/plugins\/seo\/ -->\n<title>Jasmin Arabian-Vogel - SO:25<\/title>\n<meta name=\"robots\" content=\"index, follow, max-snippet:-1, max-image-preview:large, max-video-preview:-1\" \/>\n<link rel=\"canonical\" href=\"https:\/\/so-events.org\/speakers\/jasmin-arabian-vogel\" \/>\n<meta property=\"og:locale\" content=\"de_DE\" \/>\n<meta property=\"og:type\" content=\"article\" \/>\n<meta property=\"og:title\" content=\"Jasmin Arabian-Vogel - SO:25\" \/>\n<meta property=\"og:description\" content=\"Pr\u00e4sidentin Verband deutscher Unternehmerinnen\" \/>\n<meta property=\"og:url\" content=\"https:\/\/so-events.org\/speakers\/jasmin-arabian-vogel\" \/>\n<meta property=\"og:site_name\" content=\"SO:25\" \/>\n<meta property=\"article:modified_time\" content=\"2025-06-16T12:25:07+00:00\" \/>\n<meta property=\"og:image\" content=\"https:\/\/so-events.org\/wp-content\/uploads\/2024\/09\/40-1.jpg\" \/>\n\t<meta property=\"og:image:width\" content=\"800\" \/>\n\t<meta property=\"og:image:height\" content=\"800\" \/>\n\t<meta property=\"og:image:type\" content=\"image\/jpeg\" \/>\n<meta name=\"twitter:card\" content=\"summary_large_image\" \/>\n<meta name=\"twitter:label1\" content=\"Gesch\u00e4tzte Lesezeit\" \/>\n\t<meta name=\"twitter:data1\" content=\"1\u00a0Minute\" \/>\n<script type=\"application\/ld+json\" class=\"yoast-schema-graph\">{\"@context\":\"https:\/\/schema.org\",\"@graph\":[{\"@type\":\"WebPage\",\"@id\":\"https:\/\/so-events.org\/speakers\/jasmin-arabian-vogel\",\"url\":\"https:\/\/so-events.org\/speakers\/jasmin-arabian-vogel\",\"name\":\"Jasmin Arabian-Vogel - SO:25\",\"isPartOf\":{\"@id\":\"https:\/\/so-events.org\/#website\"},\"primaryImageOfPage\":{\"@id\":\"https:\/\/so-events.org\/speakers\/jasmin-arabian-vogel#primaryimage\"},\"image\":{\"@id\":\"https:\/\/so-events.org\/speakers\/jasmin-arabian-vogel#primaryimage\"},\"thumbnailUrl\":\"https:\/\/so-events.org\/wp-content\/uploads\/2024\/09\/40-1.jpg\",\"datePublished\":\"2024-09-09T11:52:20+00:00\",\"dateModified\":\"2025-06-16T12:25:07+00:00\",\"breadcrumb\":{\"@id\":\"https:\/\/so-events.org\/speakers\/jasmin-arabian-vogel#breadcrumb\"},\"inLanguage\":\"de\",\"potentialAction\":[{\"@type\":\"ReadAction\",\"target\":[\"https:\/\/so-events.org\/speakers\/jasmin-arabian-vogel\"]}]},{\"@type\":\"ImageObject\",\"inLanguage\":\"de\",\"@id\":\"https:\/\/so-events.org\/speakers\/jasmin-arabian-vogel#primaryimage\",\"url\":\"https:\/\/so-events.org\/wp-content\/uploads\/2024\/09\/40-1.jpg\",\"contentUrl\":\"https:\/\/so-events.org\/wp-content\/uploads\/2024\/09\/40-1.jpg\",\"width\":800,\"height\":800},{\"@type\":\"BreadcrumbList\",\"@id\":\"https:\/\/so-events.org\/speakers\/jasmin-arabian-vogel#breadcrumb\",\"itemListElement\":[{\"@type\":\"ListItem\",\"position\":1,\"name\":\"Startseite\",\"item\":\"https:\/\/so-events.org\/\"},{\"@type\":\"ListItem\",\"position\":2,\"name\":\"Speakers\",\"item\":\"https:\/\/so-events.org\/speakers\"},{\"@type\":\"ListItem\",\"position\":3,\"name\":\"Jasmin Arabian-Vogel\"}]},{\"@type\":\"WebSite\",\"@id\":\"https:\/\/so-events.org\/#website\",\"url\":\"https:\/\/so-events.org\/\",\"name\":\"VE:25\",\"description\":\"Purpose\",\"publisher\":{\"@id\":\"https:\/\/so-events.org\/#organization\"},\"potentialAction\":[{\"@type\":\"SearchAction\",\"target\":{\"@type\":\"EntryPoint\",\"urlTemplate\":\"https:\/\/so-events.org\/?s={search_term_string}\"},\"query-input\":{\"@type\":\"PropertyValueSpecification\",\"valueRequired\":true,\"valueName\":\"search_term_string\"}}],\"inLanguage\":\"de\"},{\"@type\":\"Organization\",\"@id\":\"https:\/\/so-events.org\/#organization\",\"name\":\"VE:25\",\"url\":\"https:\/\/so-events.org\/\",\"logo\":{\"@type\":\"ImageObject\",\"inLanguage\":\"de\",\"@id\":\"https:\/\/so-events.org\/#\/schema\/logo\/image\/\",\"url\":\"https:\/\/so-events.org\/wp-content\/uploads\/2024\/09\/se25-logo.png\",\"contentUrl\":\"https:\/\/so-events.org\/wp-content\/uploads\/2024\/09\/se25-logo.png\",\"width\":1042,\"height\":393,\"caption\":\"VE:25\"},\"image\":{\"@id\":\"https:\/\/so-events.org\/#\/schema\/logo\/image\/\"}}]}<\/script>\n<!-- \/ Yoast SEO plugin. -->","yoast_head_json":{"title":"Jasmin Arabian-Vogel - SO:25","robots":{"index":"index","follow":"follow","max-snippet":"max-snippet:-1","max-image-preview":"max-image-preview:large","max-video-preview":"max-video-preview:-1"},"canonical":"https:\/\/so-events.org\/speakers\/jasmin-arabian-vogel","og_locale":"de_DE","og_type":"article","og_title":"Jasmin Arabian-Vogel - SO:25","og_description":"Pr\u00e4sidentin Verband deutscher Unternehmerinnen","og_url":"https:\/\/so-events.org\/speakers\/jasmin-arabian-vogel","og_site_name":"SO:25","article_modified_time":"2025-06-16T12:25:07+00:00","og_image":[{"width":800,"height":800,"url":"https:\/\/so-events.org\/wp-content\/uploads\/2024\/09\/40-1.jpg","type":"image\/jpeg"}],"twitter_card":"summary_large_image","twitter_misc":{"Gesch\u00e4tzte Lesezeit":"1\u00a0Minute"},"schema":{"@context":"https:\/\/schema.org","@graph":[{"@type":"WebPage","@id":"https:\/\/so-events.org\/speakers\/jasmin-arabian-vogel","url":"https:\/\/so-events.org\/speakers\/jasmin-arabian-vogel","name":"Jasmin Arabian-Vogel - SO:25","isPartOf":{"@id":"https:\/\/so-events.org\/#website"},"primaryImageOfPage":{"@id":"https:\/\/so-events.org\/speakers\/jasmin-arabian-vogel#primaryimage"},"image":{"@id":"https:\/\/so-events.org\/speakers\/jasmin-arabian-vogel#primaryimage"},"thumbnailUrl":"https:\/\/so-events.org\/wp-content\/uploads\/2024\/09\/40-1.jpg","datePublished":"2024-09-09T11:52:20+00:00","dateModified":"2025-06-16T12:25:07+00:00","breadcrumb":{"@id":"https:\/\/so-events.org\/speakers\/jasmin-arabian-vogel#breadcrumb"},"inLanguage":"de","potentialAction":[{"@type":"ReadAction","target":["https:\/\/so-events.org\/speakers\/jasmin-arabian-vogel"]}]},{"@type":"ImageObject","inLanguage":"de","@id":"https:\/\/so-events.org\/speakers\/jasmin-arabian-vogel#primaryimage","url":"https:\/\/so-events.org\/wp-content\/uploads\/2024\/09\/40-1.jpg","contentUrl":"https:\/\/so-events.org\/wp-content\/uploads\/2024\/09\/40-1.jpg","width":800,"height":800},{"@type":"BreadcrumbList","@id":"https:\/\/so-events.org\/speakers\/jasmin-arabian-vogel#breadcrumb","itemListElement":[{"@type":"ListItem","position":1,"name":"Startseite","item":"https:\/\/so-events.org\/"},{"@type":"ListItem","position":2,"name":"Speakers","item":"https:\/\/so-events.org\/speakers"},{"@type":"ListItem","position":3,"name":"Jasmin Arabian-Vogel"}]},{"@type":"WebSite","@id":"https:\/\/so-events.org\/#website","url":"https:\/\/so-events.org\/","name":"VE:25","description":"Purpose","publisher":{"@id":"https:\/\/so-events.org\/#organization"},"potentialAction":[{"@type":"SearchAction","target":{"@type":"EntryPoint","urlTemplate":"https:\/\/so-events.org\/?s={search_term_string}"},"query-input":{"@type":"PropertyValueSpecification","valueRequired":true,"valueName":"search_term_string"}}],"inLanguage":"de"},{"@type":"Organization","@id":"https:\/\/so-events.org\/#organization","name":"VE:25","url":"https:\/\/so-events.org\/","logo":{"@type":"ImageObject","inLanguage":"de","@id":"https:\/\/so-events.org\/#\/schema\/logo\/image\/","url":"https:\/\/so-events.org\/wp-content\/uploads\/2024\/09\/se25-logo.png","contentUrl":"https:\/\/so-events.org\/wp-content\/uploads\/2024\/09\/se25-logo.png","width":1042,"height":393,"caption":"VE:25"},"image":{"@id":"https:\/\/so-events.org\/#\/schema\/logo\/image\/"}}]}},"_links":{"self":[{"href":"https:\/\/so-events.org\/de\/wp-json\/wp\/v2\/speakers\/6868","targetHints":{"allow":["GET"]}}],"collection":[{"href":"https:\/\/so-events.org\/de\/wp-json\/wp\/v2\/speakers"}],"about":[{"href":"https:\/\/so-events.org\/de\/wp-json\/wp\/v2\/types\/speakers"}],"version-history":[{"count":0,"href":"https:\/\/so-events.org\/de\/wp-json\/wp\/v2\/speakers\/6868\/revisions"}],"wp:featuredmedia":[{"embeddable":true,"href":"https:\/\/so-events.org\/de\/wp-json\/wp\/v2\/media\/9280"}],"wp:attachment":[{"href":"https:\/\/so-events.org\/de\/wp-json\/wp\/v2\/media?parent=6868"}],"wp:term":[{"taxonomy":"speaker_types","embeddable":true,"href":"https:\/\/so-events.org\/de\/wp-json\/wp\/v2\/speaker_types?post=6868"},{"taxonomy":"speaker_filter","embeddable":true,"href":"https:\/\/so-events.org\/de\/wp-json\/wp\/v2\/speaker_filter?post=6868"}],"curies":[{"name":"wp","href":"https:\/\/api.w.org\/{rel}","templated":true}]}}

<p class="" data-start="100" data-end="417">Jasmin Arabian-Vogel wurde 1968 in Hannover geboren. Sie wuchs in Teheran auf und lebt seit 1986 wieder in Hannover. Sie studierte Psychologie und Politikwissenschaft und gründete 1996 den ersten interkulturellen Pflegedienst. In den Jahren 2014 und 2015 wurden drei weitere Unternehmen gegründet bzw. übernommen. Jasmin Arabian-Vogel bekleidet zahlreiche Ehrenämter – unter anderem ist sie Präsidentin des Verbands deutscher Unternehmerinnen (VdU) und Honorarkonsulin Schwedens. Sie wurde mit dem Unternehmenspreis der Landeshauptstadt Hannover ausgezeichnet und ist Vorbild-Unternehmerin der Bundesrepublik Deutschland. Zudem engagiert sie sich in mehreren Beiräten.</p>

<p>Präsidentin Verband deutscher Unternehmerinnen</p>

<!-- This site is optimized with the Yoast SEO plugin v26.1.1 - https://yoast.com/wordpress/plugins/seo/ -->
<title>Jasmin Arabian-Vogel - SO:25</title>
<meta name="robots" content="index, follow, max-snippet:-1, max-image-preview:large, max-video-preview:-1" />
<link rel="canonical" href="https://so-events.org/speakers/jasmin-arabian-vogel" />
<meta property="og:locale" content="de_DE" />
<meta property="og:type" content="article" />
<meta property="og:title" content="Jasmin Arabian-Vogel - SO:25" />
<meta property="og:description" content="Präsidentin Verband deutscher Unternehmerinnen" />
<meta property="og:url" content="https://so-events.org/speakers/jasmin-arabian-vogel" />
<meta property="og:site_name" content="SO:25" />
<meta property="article:modified_time" content="2025-06-16T12:25:07+00:00" />
<meta property="og:image" content="https://so-events.org/wp-content/uploads/2024/09/40-1.jpg" />
	<meta property="og:image:width" content="800" />
	<meta property="og:image:height" content="800" />
	<meta property="og:image:type" content="image/jpeg" />
<meta name="twitter:card" content="summary_large_image" />
<meta name="twitter:label1" content="Geschätzte Lesezeit" />
	<meta name="twitter:data1" content="1 Minute" />
<script type="application/ld+json" class="yoast-schema-graph">{"@context":"https://schema.org","@graph":[{"@type":"WebPage","@id":"https://so-events.org/speakers/jasmin-arabian-vogel","url":"https://so-events.org/speakers/jasmin-arabian-vogel","name":"Jasmin Arabian-Vogel - SO:25","isPartOf":{"@id":"https://so-events.org/#website"},"primaryImageOfPage":{"@id":"https://so-events.org/speakers/jasmin-arabian-vogel#primaryimage"},"image":{"@id":"https://so-events.org/speakers/jasmin-arabian-vogel#primaryimage"},"thumbnailUrl":"https://so-events.org/wp-content/uploads/2024/09/40-1.jpg","datePublished":"2024-09-09T11:52:20+00:00","dateModified":"2025-06-16T12:25:07+00:00","breadcrumb":{"@id":"https://so-events.org/speakers/jasmin-arabian-vogel#breadcrumb"},"inLanguage":"de","potentialAction":[{"@type":"ReadAction","target":["https://so-events.org/speakers/jasmin-arabian-vogel"]}]},{"@type":"ImageObject","inLanguage":"de","@id":"https://so-events.org/speakers/jasmin-arabian-vogel#primaryimage","url":"https://so-events.org/wp-content/uploads/2024/09/40-1.jpg","contentUrl":"https://so-events.org/wp-content/uploads/2024/09/40-1.jpg","width":800,"height":800},{"@type":"BreadcrumbList","@id":"https://so-events.org/speakers/jasmin-arabian-vogel#breadcrumb","itemListElement":[{"@type":"ListItem","position":1,"name":"Startseite","item":"https://so-events.org/"},{"@type":"ListItem","position":2,"name":"Speakers","item":"https://so-events.org/speakers"},{"@type":"ListItem","position":3,"name":"Jasmin Arabian-Vogel"}]},{"@type":"WebSite","@id":"https://so-events.org/#website","url":"https://so-events.org/","name":"VE:25","description":"Purpose","publisher":{"@id":"https://so-events.org/#organization"},"potentialAction":[{"@type":"SearchAction","target":{"@type":"EntryPoint","urlTemplate":"https://so-events.org/?s={search_term_string}"},"query-input":{"@type":"PropertyValueSpecification","valueRequired":true,"valueName":"search_term_string"}}],"inLanguage":"de"},{"@type":"Organization","@id":"https://so-events.org/#organization","name":"VE:25","url":"https://so-events.org/","logo":{"@type":"ImageObject","inLanguage":"de","@id":"https://so-events.org/#/schema/logo/image/","url":"https://so-events.org/wp-content/uploads/2024/09/se25-logo.png","contentUrl":"https://so-events.org/wp-content/uploads/2024/09/se25-logo.png","width":1042,"height":393,"caption":"VE:25"},"image":{"@id":"https://so-events.org/#/schema/logo/image/"}}]}</script>
<!-- / Yoast SEO plugin. -->

Präsidentin Verband deutscher Unternehmerinnen
