{"id":6661,"date":"2024-08-20T12:34:56","date_gmt":"2024-08-20T12:34:56","guid":{"rendered":"https:\/\/so-events.org\/?post_type=speakers&#038;p=6661"},"modified":"2025-06-16T13:20:29","modified_gmt":"2025-06-16T13:20:29","slug":"gerhard-heid","status":"publish","type":"speakers","link":"https:\/\/so-events.org\/de\/speakers\/gerhard-heid","title":{"rendered":"Gerhard Heid"},"content":{"rendered":"<p><span style=\"font-weight: 400;\">Der Diplom-Kaufmann Gerhard Heid, geboren 1949, erf\u00fcllte von 1976 bis 1989 gesch\u00e4ftsf\u00fchrende T\u00e4tigkeiten in heilp\u00e4dagogischen und sozialtherapeutischen Einrichtungen. Ab 1989 arbeitete er bei Sonett f\u00fcr deren Entwicklung, Herstellung und den Vertrieb \u00f6kologischer Wasch- und Reinigungsmittel. 1992 \u00fcbernimmt Gerhard Heid die Firma Sonett gemeinsam mit Beate Oberdorfer. Dies geht einher mit einem Neuaufbau des Unternehmens und der Entwicklung eines neuen Sonett-Sortiments. Seit 2014 arbeitet Sonett mit der Delos Forschungsstelle Eichwalde zusammen, im Zentrum steht die Entwicklung einer neuen Kosmetikserie Sonett MISTELFORM Sensible Prozesse. Sonett geh\u00f6rt sich als Stiftungsunternehmen selbst, so dass sich alle Beteiligten gemeinsam und langfristig um die \u00f6kologischen, sozialen und wirtschaftlichen Herausforderungen k\u00fcmmern k\u00f6nnen.<\/span><\/p>\n","protected":false},"excerpt":{"rendered":"<p>Verantwortungseigent\u00fcmer Sonett<\/p>\n","protected":false},"featured_media":9347,"template":"","speaker_types":[157],"speaker_filter":[162],"class_list":["post-6661","speakers","type-speakers","status-publish","has-post-thumbnail","hentry","speaker_types-speakers-2022","speaker_filter-162"],"acf":[],"yoast_head":"<!-- This site is optimized with the Yoast SEO plugin v26.1.1 - https:\/\/yoast.com\/wordpress\/plugins\/seo\/ -->\n<title>Gerhard Heid - SO:25<\/title>\n<meta name=\"robots\" content=\"index, follow, max-snippet:-1, max-image-preview:large, max-video-preview:-1\" \/>\n<link rel=\"canonical\" href=\"https:\/\/so-events.org\/speakers\/gerhard-heid\" \/>\n<meta property=\"og:locale\" content=\"de_DE\" \/>\n<meta property=\"og:type\" content=\"article\" \/>\n<meta property=\"og:title\" content=\"Gerhard Heid - SO:25\" \/>\n<meta property=\"og:description\" content=\"Verantwortungseigent\u00fcmer Sonett\" \/>\n<meta property=\"og:url\" content=\"https:\/\/so-events.org\/speakers\/gerhard-heid\" \/>\n<meta property=\"og:site_name\" content=\"SO:25\" \/>\n<meta property=\"article:modified_time\" content=\"2025-06-16T13:20:29+00:00\" \/>\n<meta property=\"og:image\" content=\"https:\/\/so-events.org\/wp-content\/uploads\/2024\/08\/33.jpg\" \/>\n\t<meta property=\"og:image:width\" content=\"800\" \/>\n\t<meta property=\"og:image:height\" content=\"800\" \/>\n\t<meta property=\"og:image:type\" content=\"image\/jpeg\" \/>\n<meta name=\"twitter:card\" content=\"summary_large_image\" \/>\n<meta name=\"twitter:label1\" content=\"Gesch\u00e4tzte Lesezeit\" \/>\n\t<meta name=\"twitter:data1\" content=\"1\u00a0Minute\" \/>\n<script type=\"application\/ld+json\" class=\"yoast-schema-graph\">{\"@context\":\"https:\/\/schema.org\",\"@graph\":[{\"@type\":\"WebPage\",\"@id\":\"https:\/\/so-events.org\/speakers\/gerhard-heid\",\"url\":\"https:\/\/so-events.org\/speakers\/gerhard-heid\",\"name\":\"Gerhard Heid - SO:25\",\"isPartOf\":{\"@id\":\"https:\/\/so-events.org\/#website\"},\"primaryImageOfPage\":{\"@id\":\"https:\/\/so-events.org\/speakers\/gerhard-heid#primaryimage\"},\"image\":{\"@id\":\"https:\/\/so-events.org\/speakers\/gerhard-heid#primaryimage\"},\"thumbnailUrl\":\"https:\/\/so-events.org\/wp-content\/uploads\/2024\/08\/33.jpg\",\"datePublished\":\"2024-08-20T12:34:56+00:00\",\"dateModified\":\"2025-06-16T13:20:29+00:00\",\"breadcrumb\":{\"@id\":\"https:\/\/so-events.org\/speakers\/gerhard-heid#breadcrumb\"},\"inLanguage\":\"de\",\"potentialAction\":[{\"@type\":\"ReadAction\",\"target\":[\"https:\/\/so-events.org\/speakers\/gerhard-heid\"]}]},{\"@type\":\"ImageObject\",\"inLanguage\":\"de\",\"@id\":\"https:\/\/so-events.org\/speakers\/gerhard-heid#primaryimage\",\"url\":\"https:\/\/so-events.org\/wp-content\/uploads\/2024\/08\/33.jpg\",\"contentUrl\":\"https:\/\/so-events.org\/wp-content\/uploads\/2024\/08\/33.jpg\",\"width\":800,\"height\":800},{\"@type\":\"BreadcrumbList\",\"@id\":\"https:\/\/so-events.org\/speakers\/gerhard-heid#breadcrumb\",\"itemListElement\":[{\"@type\":\"ListItem\",\"position\":1,\"name\":\"Startseite\",\"item\":\"https:\/\/so-events.org\/\"},{\"@type\":\"ListItem\",\"position\":2,\"name\":\"Speakers\",\"item\":\"https:\/\/so-events.org\/speakers\"},{\"@type\":\"ListItem\",\"position\":3,\"name\":\"Gerhard Heid\"}]},{\"@type\":\"WebSite\",\"@id\":\"https:\/\/so-events.org\/#website\",\"url\":\"https:\/\/so-events.org\/\",\"name\":\"VE:25\",\"description\":\"Purpose\",\"publisher\":{\"@id\":\"https:\/\/so-events.org\/#organization\"},\"potentialAction\":[{\"@type\":\"SearchAction\",\"target\":{\"@type\":\"EntryPoint\",\"urlTemplate\":\"https:\/\/so-events.org\/?s={search_term_string}\"},\"query-input\":{\"@type\":\"PropertyValueSpecification\",\"valueRequired\":true,\"valueName\":\"search_term_string\"}}],\"inLanguage\":\"de\"},{\"@type\":\"Organization\",\"@id\":\"https:\/\/so-events.org\/#organization\",\"name\":\"VE:25\",\"url\":\"https:\/\/so-events.org\/\",\"logo\":{\"@type\":\"ImageObject\",\"inLanguage\":\"de\",\"@id\":\"https:\/\/so-events.org\/#\/schema\/logo\/image\/\",\"url\":\"https:\/\/so-events.org\/wp-content\/uploads\/2024\/09\/se25-logo.png\",\"contentUrl\":\"https:\/\/so-events.org\/wp-content\/uploads\/2024\/09\/se25-logo.png\",\"width\":1042,\"height\":393,\"caption\":\"VE:25\"},\"image\":{\"@id\":\"https:\/\/so-events.org\/#\/schema\/logo\/image\/\"}}]}<\/script>\n<!-- \/ Yoast SEO plugin. -->","yoast_head_json":{"title":"Gerhard Heid - SO:25","robots":{"index":"index","follow":"follow","max-snippet":"max-snippet:-1","max-image-preview":"max-image-preview:large","max-video-preview":"max-video-preview:-1"},"canonical":"https:\/\/so-events.org\/speakers\/gerhard-heid","og_locale":"de_DE","og_type":"article","og_title":"Gerhard Heid - SO:25","og_description":"Verantwortungseigent\u00fcmer Sonett","og_url":"https:\/\/so-events.org\/speakers\/gerhard-heid","og_site_name":"SO:25","article_modified_time":"2025-06-16T13:20:29+00:00","og_image":[{"width":800,"height":800,"url":"https:\/\/so-events.org\/wp-content\/uploads\/2024\/08\/33.jpg","type":"image\/jpeg"}],"twitter_card":"summary_large_image","twitter_misc":{"Gesch\u00e4tzte Lesezeit":"1\u00a0Minute"},"schema":{"@context":"https:\/\/schema.org","@graph":[{"@type":"WebPage","@id":"https:\/\/so-events.org\/speakers\/gerhard-heid","url":"https:\/\/so-events.org\/speakers\/gerhard-heid","name":"Gerhard Heid - SO:25","isPartOf":{"@id":"https:\/\/so-events.org\/#website"},"primaryImageOfPage":{"@id":"https:\/\/so-events.org\/speakers\/gerhard-heid#primaryimage"},"image":{"@id":"https:\/\/so-events.org\/speakers\/gerhard-heid#primaryimage"},"thumbnailUrl":"https:\/\/so-events.org\/wp-content\/uploads\/2024\/08\/33.jpg","datePublished":"2024-08-20T12:34:56+00:00","dateModified":"2025-06-16T13:20:29+00:00","breadcrumb":{"@id":"https:\/\/so-events.org\/speakers\/gerhard-heid#breadcrumb"},"inLanguage":"de","potentialAction":[{"@type":"ReadAction","target":["https:\/\/so-events.org\/speakers\/gerhard-heid"]}]},{"@type":"ImageObject","inLanguage":"de","@id":"https:\/\/so-events.org\/speakers\/gerhard-heid#primaryimage","url":"https:\/\/so-events.org\/wp-content\/uploads\/2024\/08\/33.jpg","contentUrl":"https:\/\/so-events.org\/wp-content\/uploads\/2024\/08\/33.jpg","width":800,"height":800},{"@type":"BreadcrumbList","@id":"https:\/\/so-events.org\/speakers\/gerhard-heid#breadcrumb","itemListElement":[{"@type":"ListItem","position":1,"name":"Startseite","item":"https:\/\/so-events.org\/"},{"@type":"ListItem","position":2,"name":"Speakers","item":"https:\/\/so-events.org\/speakers"},{"@type":"ListItem","position":3,"name":"Gerhard Heid"}]},{"@type":"WebSite","@id":"https:\/\/so-events.org\/#website","url":"https:\/\/so-events.org\/","name":"VE:25","description":"Purpose","publisher":{"@id":"https:\/\/so-events.org\/#organization"},"potentialAction":[{"@type":"SearchAction","target":{"@type":"EntryPoint","urlTemplate":"https:\/\/so-events.org\/?s={search_term_string}"},"query-input":{"@type":"PropertyValueSpecification","valueRequired":true,"valueName":"search_term_string"}}],"inLanguage":"de"},{"@type":"Organization","@id":"https:\/\/so-events.org\/#organization","name":"VE:25","url":"https:\/\/so-events.org\/","logo":{"@type":"ImageObject","inLanguage":"de","@id":"https:\/\/so-events.org\/#\/schema\/logo\/image\/","url":"https:\/\/so-events.org\/wp-content\/uploads\/2024\/09\/se25-logo.png","contentUrl":"https:\/\/so-events.org\/wp-content\/uploads\/2024\/09\/se25-logo.png","width":1042,"height":393,"caption":"VE:25"},"image":{"@id":"https:\/\/so-events.org\/#\/schema\/logo\/image\/"}}]}},"_links":{"self":[{"href":"https:\/\/so-events.org\/de\/wp-json\/wp\/v2\/speakers\/6661","targetHints":{"allow":["GET"]}}],"collection":[{"href":"https:\/\/so-events.org\/de\/wp-json\/wp\/v2\/speakers"}],"about":[{"href":"https:\/\/so-events.org\/de\/wp-json\/wp\/v2\/types\/speakers"}],"version-history":[{"count":0,"href":"https:\/\/so-events.org\/de\/wp-json\/wp\/v2\/speakers\/6661\/revisions"}],"wp:featuredmedia":[{"embeddable":true,"href":"https:\/\/so-events.org\/de\/wp-json\/wp\/v2\/media\/9347"}],"wp:attachment":[{"href":"https:\/\/so-events.org\/de\/wp-json\/wp\/v2\/media?parent=6661"}],"wp:term":[{"taxonomy":"speaker_types","embeddable":true,"href":"https:\/\/so-events.org\/de\/wp-json\/wp\/v2\/speaker_types?post=6661"},{"taxonomy":"speaker_filter","embeddable":true,"href":"https:\/\/so-events.org\/de\/wp-json\/wp\/v2\/speaker_filter?post=6661"}],"curies":[{"name":"wp","href":"https:\/\/api.w.org\/{rel}","templated":true}]}}

<p><span style="font-weight: 400;">Der Diplom-Kaufmann Gerhard Heid, geboren 1949, erfüllte von 1976 bis 1989 geschäftsführende Tätigkeiten in heilpädagogischen und sozialtherapeutischen Einrichtungen. Ab 1989 arbeitete er bei Sonett für deren Entwicklung, Herstellung und den Vertrieb ökologischer Wasch- und Reinigungsmittel. 1992 übernimmt Gerhard Heid die Firma Sonett gemeinsam mit Beate Oberdorfer. Dies geht einher mit einem Neuaufbau des Unternehmens und der Entwicklung eines neuen Sonett-Sortiments. Seit 2014 arbeitet Sonett mit der Delos Forschungsstelle Eichwalde zusammen, im Zentrum steht die Entwicklung einer neuen Kosmetikserie Sonett MISTELFORM Sensible Prozesse. Sonett gehört sich als Stiftungsunternehmen selbst, so dass sich alle Beteiligten gemeinsam und langfristig um die ökologischen, sozialen und wirtschaftlichen Herausforderungen kümmern können.</span></p>

<p>Verantwortungseigentümer Sonett</p>

<!-- This site is optimized with the Yoast SEO plugin v26.1.1 - https://yoast.com/wordpress/plugins/seo/ -->
<title>Gerhard Heid - SO:25</title>
<meta name="robots" content="index, follow, max-snippet:-1, max-image-preview:large, max-video-preview:-1" />
<link rel="canonical" href="https://so-events.org/speakers/gerhard-heid" />
<meta property="og:locale" content="de_DE" />
<meta property="og:type" content="article" />
<meta property="og:title" content="Gerhard Heid - SO:25" />
<meta property="og:description" content="Verantwortungseigentümer Sonett" />
<meta property="og:url" content="https://so-events.org/speakers/gerhard-heid" />
<meta property="og:site_name" content="SO:25" />
<meta property="article:modified_time" content="2025-06-16T13:20:29+00:00" />
<meta property="og:image" content="https://so-events.org/wp-content/uploads/2024/08/33.jpg" />
	<meta property="og:image:width" content="800" />
	<meta property="og:image:height" content="800" />
	<meta property="og:image:type" content="image/jpeg" />
<meta name="twitter:card" content="summary_large_image" />
<meta name="twitter:label1" content="Geschätzte Lesezeit" />
	<meta name="twitter:data1" content="1 Minute" />
<script type="application/ld+json" class="yoast-schema-graph">{"@context":"https://schema.org","@graph":[{"@type":"WebPage","@id":"https://so-events.org/speakers/gerhard-heid","url":"https://so-events.org/speakers/gerhard-heid","name":"Gerhard Heid - SO:25","isPartOf":{"@id":"https://so-events.org/#website"},"primaryImageOfPage":{"@id":"https://so-events.org/speakers/gerhard-heid#primaryimage"},"image":{"@id":"https://so-events.org/speakers/gerhard-heid#primaryimage"},"thumbnailUrl":"https://so-events.org/wp-content/uploads/2024/08/33.jpg","datePublished":"2024-08-20T12:34:56+00:00","dateModified":"2025-06-16T13:20:29+00:00","breadcrumb":{"@id":"https://so-events.org/speakers/gerhard-heid#breadcrumb"},"inLanguage":"de","potentialAction":[{"@type":"ReadAction","target":["https://so-events.org/speakers/gerhard-heid"]}]},{"@type":"ImageObject","inLanguage":"de","@id":"https://so-events.org/speakers/gerhard-heid#primaryimage","url":"https://so-events.org/wp-content/uploads/2024/08/33.jpg","contentUrl":"https://so-events.org/wp-content/uploads/2024/08/33.jpg","width":800,"height":800},{"@type":"BreadcrumbList","@id":"https://so-events.org/speakers/gerhard-heid#breadcrumb","itemListElement":[{"@type":"ListItem","position":1,"name":"Startseite","item":"https://so-events.org/"},{"@type":"ListItem","position":2,"name":"Speakers","item":"https://so-events.org/speakers"},{"@type":"ListItem","position":3,"name":"Gerhard Heid"}]},{"@type":"WebSite","@id":"https://so-events.org/#website","url":"https://so-events.org/","name":"VE:25","description":"Purpose","publisher":{"@id":"https://so-events.org/#organization"},"potentialAction":[{"@type":"SearchAction","target":{"@type":"EntryPoint","urlTemplate":"https://so-events.org/?s={search_term_string}"},"query-input":{"@type":"PropertyValueSpecification","valueRequired":true,"valueName":"search_term_string"}}],"inLanguage":"de"},{"@type":"Organization","@id":"https://so-events.org/#organization","name":"VE:25","url":"https://so-events.org/","logo":{"@type":"ImageObject","inLanguage":"de","@id":"https://so-events.org/#/schema/logo/image/","url":"https://so-events.org/wp-content/uploads/2024/09/se25-logo.png","contentUrl":"https://so-events.org/wp-content/uploads/2024/09/se25-logo.png","width":1042,"height":393,"caption":"VE:25"},"image":{"@id":"https://so-events.org/#/schema/logo/image/"}}]}</script>
<!-- / Yoast SEO plugin. -->

Verantwortungseigentümer Sonett
