{"id":4428,"date":"2022-07-14T04:36:51","date_gmt":"2022-07-14T04:36:51","guid":{"rendered":"https:\/\/so-events.org\/?post_type=speakers&#038;p=4428"},"modified":"2025-07-22T13:38:50","modified_gmt":"2025-07-22T13:38:50","slug":"rutger-bregman","status":"publish","type":"speakers","link":"https:\/\/so-events.org\/de\/speakers\/rutger-bregman","title":{"rendered":"Rutger Bregman"},"content":{"rendered":"\t\t<div data-elementor-type=\"wp-post\" data-elementor-id=\"4428\" class=\"elementor elementor-4428\" data-elementor-post-type=\"speakers\">\n\t\t\t\t\t\t<section class=\"elementor-section elementor-top-section elementor-element elementor-element-d33f657 elementor-section-content-middle elementor-section-boxed elementor-section-height-default elementor-section-height-default\" data-id=\"d33f657\" data-element_type=\"section\">\n\t\t\t\t\t\t<div class=\"elementor-container elementor-column-gap-default\">\n\t\t\t\t\t<div class=\"elementor-column elementor-col-50 elementor-top-column elementor-element elementor-element-cb5dc45\" data-id=\"cb5dc45\" data-element_type=\"column\">\n\t\t\t<div class=\"elementor-widget-wrap elementor-element-populated\">\n\t\t\t\t\t\t<div class=\"elementor-element elementor-element-78b0eec elementor-widget elementor-widget-theme-post-featured-image elementor-widget-image\" data-id=\"78b0eec\" data-element_type=\"widget\" data-widget_type=\"theme-post-featured-image.default\">\n\t\t\t\t\t\t\t\t\t\t\t\t\t\t\t<img fetchpriority=\"high\" decoding=\"async\" width=\"800\" height=\"800\" src=\"https:\/\/so-events.org\/wp-content\/uploads\/2022\/07\/78.jpg\" class=\"attachment-full size-full wp-image-9239\" alt=\"\" srcset=\"https:\/\/so-events.org\/wp-content\/uploads\/2022\/07\/78.jpg 800w, https:\/\/so-events.org\/wp-content\/uploads\/2022\/07\/78-300x300.jpg 300w, https:\/\/so-events.org\/wp-content\/uploads\/2022\/07\/78-150x150.jpg 150w, https:\/\/so-events.org\/wp-content\/uploads\/2022\/07\/78-768x768.jpg 768w\" sizes=\"(max-width: 800px) 100vw, 800px\" \/>\t\t\t\t\t\t\t\t\t\t\t\t\t\t\t<\/div>\n\t\t\t\t\t<\/div>\n\t\t<\/div>\n\t\t\t\t<div class=\"elementor-column elementor-col-50 elementor-top-column elementor-element elementor-element-4f4653f\" data-id=\"4f4653f\" data-element_type=\"column\">\n\t\t\t<div class=\"elementor-widget-wrap elementor-element-populated\">\n\t\t\t\t\t\t<div class=\"elementor-element elementor-element-dae5fbd elementor-widget elementor-widget-heading\" data-id=\"dae5fbd\" data-element_type=\"widget\" data-widget_type=\"heading.default\">\n\t\t\t\t\t<h5 class=\"elementor-heading-title elementor-size-default\">Rutger Bregman<\/h5>\t\t\t\t<\/div>\n\t\t\t\t<div class=\"elementor-element elementor-element-0c51113 elementor-widget elementor-widget-theme-post-excerpt\" data-id=\"0c51113\" data-element_type=\"widget\" data-widget_type=\"theme-post-excerpt.default\">\n\t\t\t\t\tHistoriker &amp; Autor\r\n\t\t\t\t<\/div>\n\t\t\t\t<div class=\"elementor-element elementor-element-71fce14 elementor-widget elementor-widget-text-editor\" data-id=\"71fce14\" data-element_type=\"widget\" data-widget_type=\"text-editor.default\">\n\t\t\t\t\t\t\t\t\t<strong>When<\/strong>:\n\t\t\t\t\t\t\t\t<\/div>\n\t\t\t\t<div class=\"elementor-element elementor-element-4bf7ec6 elementor-widget elementor-widget-text-editor\" data-id=\"4bf7ec6\" data-element_type=\"widget\" data-widget_type=\"text-editor.default\">\n\t\t\t\t\t\t\t\t\t<strong>Where<\/strong>:\n\t\t\t\t\t\t\t\t<\/div>\n\t\t\t\t<div class=\"elementor-element elementor-element-5eeb62c elementor-widget elementor-widget-text-editor\" data-id=\"5eeb62c\" data-element_type=\"widget\" data-widget_type=\"text-editor.default\">\n\t\t\t\t\t\t\t\t\t<p><strong>What<\/strong>:<\/p>\t\t\t\t\t\t\t\t<\/div>\n\t\t\t\t\t<\/div>\n\t\t<\/div>\n\t\t\t\t\t<\/div>\n\t\t<\/section>\n\t\t\t\t<section class=\"elementor-section elementor-top-section elementor-element elementor-element-2f4e886d elementor-section-boxed elementor-section-height-default elementor-section-height-default\" data-id=\"2f4e886d\" data-element_type=\"section\">\n\t\t\t\t\t\t<div class=\"elementor-container elementor-column-gap-default\">\n\t\t\t\t\t<div class=\"elementor-column elementor-col-100 elementor-top-column elementor-element elementor-element-3513f47\" data-id=\"3513f47\" data-element_type=\"column\">\n\t\t\t<div class=\"elementor-widget-wrap elementor-element-populated\">\n\t\t\t\t\t\t<div class=\"elementor-element elementor-element-38e73636 elementor-widget elementor-widget-text-editor\" data-id=\"38e73636\" data-element_type=\"widget\" data-widget_type=\"text-editor.default\">\n\t\t\t\t\t\t\t\t\tRutger Bregman (1988) ist Historiker und Autor. Er hat f\u00fcnf B\u00fccher \u00fcber Geschichte, Philosophie und Wirtschaft ver\u00f6ffentlicht. Seine B\u00fccher Im Grunde Gut (2020) und Utopie f\u00fcr Realisten (2017) waren beide New York Times-Bestseller und wurden in mehr als 40 Sprachen \u00fcbersetzt. F\u00fcr seine Arbeit bei The Correspondent wurde Bregman zweimal f\u00fcr den renommierten European Press Prize nominiert. Er lebt in den Niederlanden.\t\t\t\t\t\t\t\t<\/div>\n\t\t\t\t\t<\/div>\n\t\t<\/div>\n\t\t\t\t\t<\/div>\n\t\t<\/section>\n\t\t\t\t<\/div>\n\t\t","protected":false},"excerpt":{"rendered":"<p>Historiker &#038; Autor<\/p>\n","protected":false},"featured_media":9239,"template":"","speaker_types":[157],"speaker_filter":[168,88],"class_list":["post-4428","speakers","type-speakers","status-publish","has-post-thumbnail","hentry","speaker_types-speakers-2022","speaker_filter-2022-de","speaker_filter-tag-1"],"acf":[],"yoast_head":"<!-- This site is optimized with the Yoast SEO plugin v26.1.1 - https:\/\/yoast.com\/wordpress\/plugins\/seo\/ -->\n<title>Rutger Bregman - SO:25<\/title>\n<meta name=\"description\" content=\"Rutger Bregman ist Historiker und Autor. Er war Sprecher auf der VE:22 \u2013 der Konferenz zu Verantwortungseigentum 2022.\" \/>\n<meta name=\"robots\" content=\"index, follow, max-snippet:-1, max-image-preview:large, max-video-preview:-1\" \/>\n<link rel=\"canonical\" href=\"https:\/\/so-events.org\/speakers\/rutger-bregman\" \/>\n<meta property=\"og:locale\" content=\"de_DE\" \/>\n<meta property=\"og:type\" content=\"article\" \/>\n<meta property=\"og:title\" content=\"Rutger Bregman - SO:25\" \/>\n<meta property=\"og:description\" content=\"Rutger Bregman ist Historiker und Autor. Er war Sprecher auf der VE:22 \u2013 der Konferenz zu Verantwortungseigentum 2022.\" \/>\n<meta property=\"og:url\" content=\"https:\/\/so-events.org\/speakers\/rutger-bregman\" \/>\n<meta property=\"og:site_name\" content=\"SO:25\" \/>\n<meta property=\"article:modified_time\" content=\"2025-07-22T13:38:50+00:00\" \/>\n<meta property=\"og:image\" content=\"https:\/\/so-events.org\/wp-content\/uploads\/2022\/07\/78.jpg\" \/>\n\t<meta property=\"og:image:width\" content=\"800\" \/>\n\t<meta property=\"og:image:height\" content=\"800\" \/>\n\t<meta property=\"og:image:type\" content=\"image\/jpeg\" \/>\n<meta name=\"twitter:card\" content=\"summary_large_image\" \/>\n<meta name=\"twitter:label1\" content=\"Gesch\u00e4tzte Lesezeit\" \/>\n\t<meta name=\"twitter:data1\" content=\"1\u00a0Minute\" \/>\n<script type=\"application\/ld+json\" class=\"yoast-schema-graph\">{\"@context\":\"https:\/\/schema.org\",\"@graph\":[{\"@type\":\"WebPage\",\"@id\":\"https:\/\/so-events.org\/speakers\/rutger-bregman\",\"url\":\"https:\/\/so-events.org\/speakers\/rutger-bregman\",\"name\":\"Rutger Bregman - SO:25\",\"isPartOf\":{\"@id\":\"https:\/\/so-events.org\/#website\"},\"primaryImageOfPage\":{\"@id\":\"https:\/\/so-events.org\/speakers\/rutger-bregman#primaryimage\"},\"image\":{\"@id\":\"https:\/\/so-events.org\/speakers\/rutger-bregman#primaryimage\"},\"thumbnailUrl\":\"https:\/\/so-events.org\/wp-content\/uploads\/2022\/07\/78.jpg\",\"datePublished\":\"2022-07-14T04:36:51+00:00\",\"dateModified\":\"2025-07-22T13:38:50+00:00\",\"description\":\"Rutger Bregman ist Historiker und Autor. Er war Sprecher auf der VE:22 \u2013 der Konferenz zu Verantwortungseigentum 2022.\",\"breadcrumb\":{\"@id\":\"https:\/\/so-events.org\/speakers\/rutger-bregman#breadcrumb\"},\"inLanguage\":\"de\",\"potentialAction\":[{\"@type\":\"ReadAction\",\"target\":[\"https:\/\/so-events.org\/speakers\/rutger-bregman\"]}]},{\"@type\":\"ImageObject\",\"inLanguage\":\"de\",\"@id\":\"https:\/\/so-events.org\/speakers\/rutger-bregman#primaryimage\",\"url\":\"https:\/\/so-events.org\/wp-content\/uploads\/2022\/07\/78.jpg\",\"contentUrl\":\"https:\/\/so-events.org\/wp-content\/uploads\/2022\/07\/78.jpg\",\"width\":800,\"height\":800},{\"@type\":\"BreadcrumbList\",\"@id\":\"https:\/\/so-events.org\/speakers\/rutger-bregman#breadcrumb\",\"itemListElement\":[{\"@type\":\"ListItem\",\"position\":1,\"name\":\"Startseite\",\"item\":\"https:\/\/so-events.org\/\"},{\"@type\":\"ListItem\",\"position\":2,\"name\":\"Speakers\",\"item\":\"https:\/\/so-events.org\/speakers\"},{\"@type\":\"ListItem\",\"position\":3,\"name\":\"Rutger Bregman\"}]},{\"@type\":\"WebSite\",\"@id\":\"https:\/\/so-events.org\/#website\",\"url\":\"https:\/\/so-events.org\/\",\"name\":\"VE:25\",\"description\":\"Purpose\",\"publisher\":{\"@id\":\"https:\/\/so-events.org\/#organization\"},\"potentialAction\":[{\"@type\":\"SearchAction\",\"target\":{\"@type\":\"EntryPoint\",\"urlTemplate\":\"https:\/\/so-events.org\/?s={search_term_string}\"},\"query-input\":{\"@type\":\"PropertyValueSpecification\",\"valueRequired\":true,\"valueName\":\"search_term_string\"}}],\"inLanguage\":\"de\"},{\"@type\":\"Organization\",\"@id\":\"https:\/\/so-events.org\/#organization\",\"name\":\"VE:25\",\"url\":\"https:\/\/so-events.org\/\",\"logo\":{\"@type\":\"ImageObject\",\"inLanguage\":\"de\",\"@id\":\"https:\/\/so-events.org\/#\/schema\/logo\/image\/\",\"url\":\"https:\/\/so-events.org\/wp-content\/uploads\/2024\/09\/se25-logo.png\",\"contentUrl\":\"https:\/\/so-events.org\/wp-content\/uploads\/2024\/09\/se25-logo.png\",\"width\":1042,\"height\":393,\"caption\":\"VE:25\"},\"image\":{\"@id\":\"https:\/\/so-events.org\/#\/schema\/logo\/image\/\"}}]}<\/script>\n<!-- \/ Yoast SEO plugin. -->","yoast_head_json":{"title":"Rutger Bregman - SO:25","description":"Rutger Bregman ist Historiker und Autor. Er war Sprecher auf der VE:22 \u2013 der Konferenz zu Verantwortungseigentum 2022.","robots":{"index":"index","follow":"follow","max-snippet":"max-snippet:-1","max-image-preview":"max-image-preview:large","max-video-preview":"max-video-preview:-1"},"canonical":"https:\/\/so-events.org\/speakers\/rutger-bregman","og_locale":"de_DE","og_type":"article","og_title":"Rutger Bregman - SO:25","og_description":"Rutger Bregman ist Historiker und Autor. Er war Sprecher auf der VE:22 \u2013 der Konferenz zu Verantwortungseigentum 2022.","og_url":"https:\/\/so-events.org\/speakers\/rutger-bregman","og_site_name":"SO:25","article_modified_time":"2025-07-22T13:38:50+00:00","og_image":[{"width":800,"height":800,"url":"https:\/\/so-events.org\/wp-content\/uploads\/2022\/07\/78.jpg","type":"image\/jpeg"}],"twitter_card":"summary_large_image","twitter_misc":{"Gesch\u00e4tzte Lesezeit":"1\u00a0Minute"},"schema":{"@context":"https:\/\/schema.org","@graph":[{"@type":"WebPage","@id":"https:\/\/so-events.org\/speakers\/rutger-bregman","url":"https:\/\/so-events.org\/speakers\/rutger-bregman","name":"Rutger Bregman - SO:25","isPartOf":{"@id":"https:\/\/so-events.org\/#website"},"primaryImageOfPage":{"@id":"https:\/\/so-events.org\/speakers\/rutger-bregman#primaryimage"},"image":{"@id":"https:\/\/so-events.org\/speakers\/rutger-bregman#primaryimage"},"thumbnailUrl":"https:\/\/so-events.org\/wp-content\/uploads\/2022\/07\/78.jpg","datePublished":"2022-07-14T04:36:51+00:00","dateModified":"2025-07-22T13:38:50+00:00","description":"Rutger Bregman ist Historiker und Autor. Er war Sprecher auf der VE:22 \u2013 der Konferenz zu Verantwortungseigentum 2022.","breadcrumb":{"@id":"https:\/\/so-events.org\/speakers\/rutger-bregman#breadcrumb"},"inLanguage":"de","potentialAction":[{"@type":"ReadAction","target":["https:\/\/so-events.org\/speakers\/rutger-bregman"]}]},{"@type":"ImageObject","inLanguage":"de","@id":"https:\/\/so-events.org\/speakers\/rutger-bregman#primaryimage","url":"https:\/\/so-events.org\/wp-content\/uploads\/2022\/07\/78.jpg","contentUrl":"https:\/\/so-events.org\/wp-content\/uploads\/2022\/07\/78.jpg","width":800,"height":800},{"@type":"BreadcrumbList","@id":"https:\/\/so-events.org\/speakers\/rutger-bregman#breadcrumb","itemListElement":[{"@type":"ListItem","position":1,"name":"Startseite","item":"https:\/\/so-events.org\/"},{"@type":"ListItem","position":2,"name":"Speakers","item":"https:\/\/so-events.org\/speakers"},{"@type":"ListItem","position":3,"name":"Rutger Bregman"}]},{"@type":"WebSite","@id":"https:\/\/so-events.org\/#website","url":"https:\/\/so-events.org\/","name":"VE:25","description":"Purpose","publisher":{"@id":"https:\/\/so-events.org\/#organization"},"potentialAction":[{"@type":"SearchAction","target":{"@type":"EntryPoint","urlTemplate":"https:\/\/so-events.org\/?s={search_term_string}"},"query-input":{"@type":"PropertyValueSpecification","valueRequired":true,"valueName":"search_term_string"}}],"inLanguage":"de"},{"@type":"Organization","@id":"https:\/\/so-events.org\/#organization","name":"VE:25","url":"https:\/\/so-events.org\/","logo":{"@type":"ImageObject","inLanguage":"de","@id":"https:\/\/so-events.org\/#\/schema\/logo\/image\/","url":"https:\/\/so-events.org\/wp-content\/uploads\/2024\/09\/se25-logo.png","contentUrl":"https:\/\/so-events.org\/wp-content\/uploads\/2024\/09\/se25-logo.png","width":1042,"height":393,"caption":"VE:25"},"image":{"@id":"https:\/\/so-events.org\/#\/schema\/logo\/image\/"}}]}},"_links":{"self":[{"href":"https:\/\/so-events.org\/de\/wp-json\/wp\/v2\/speakers\/4428","targetHints":{"allow":["GET"]}}],"collection":[{"href":"https:\/\/so-events.org\/de\/wp-json\/wp\/v2\/speakers"}],"about":[{"href":"https:\/\/so-events.org\/de\/wp-json\/wp\/v2\/types\/speakers"}],"version-history":[{"count":0,"href":"https:\/\/so-events.org\/de\/wp-json\/wp\/v2\/speakers\/4428\/revisions"}],"wp:featuredmedia":[{"embeddable":true,"href":"https:\/\/so-events.org\/de\/wp-json\/wp\/v2\/media\/9239"}],"wp:attachment":[{"href":"https:\/\/so-events.org\/de\/wp-json\/wp\/v2\/media?parent=4428"}],"wp:term":[{"taxonomy":"speaker_types","embeddable":true,"href":"https:\/\/so-events.org\/de\/wp-json\/wp\/v2\/speaker_types?post=4428"},{"taxonomy":"speaker_filter","embeddable":true,"href":"https:\/\/so-events.org\/de\/wp-json\/wp\/v2\/speaker_filter?post=4428"}],"curies":[{"name":"wp","href":"https:\/\/api.w.org\/{rel}","templated":true}]}}

<div data-elementor-type="wp-post" data-elementor-id="4428" class="elementor elementor-4428" data-elementor-post-type="speakers">
						<section class="elementor-section elementor-top-section elementor-element elementor-element-d33f657 elementor-section-content-middle elementor-section-boxed elementor-section-height-default elementor-section-height-default" data-id="d33f657" data-element_type="section">
						<div class="elementor-container elementor-column-gap-default">
					<div class="elementor-column elementor-col-50 elementor-top-column elementor-element elementor-element-cb5dc45" data-id="cb5dc45" data-element_type="column">
			<div class="elementor-widget-wrap elementor-element-populated">
						<div class="elementor-element elementor-element-78b0eec elementor-widget elementor-widget-theme-post-featured-image elementor-widget-image" data-id="78b0eec" data-element_type="widget" data-widget_type="theme-post-featured-image.default">
															<img fetchpriority="high" decoding="async" width="800" height="800" src="https://so-events.org/wp-content/uploads/2022/07/78.jpg" class="attachment-full size-full wp-image-9239" alt="" srcset="https://so-events.org/wp-content/uploads/2022/07/78.jpg 800w, https://so-events.org/wp-content/uploads/2022/07/78-300x300.jpg 300w, https://so-events.org/wp-content/uploads/2022/07/78-150x150.jpg 150w, https://so-events.org/wp-content/uploads/2022/07/78-768x768.jpg 768w" sizes="(max-width: 800px) 100vw, 800px" />															</div>
					</div>
		</div>
				<div class="elementor-column elementor-col-50 elementor-top-column elementor-element elementor-element-4f4653f" data-id="4f4653f" data-element_type="column">
			<div class="elementor-widget-wrap elementor-element-populated">
						<div class="elementor-element elementor-element-dae5fbd elementor-widget elementor-widget-heading" data-id="dae5fbd" data-element_type="widget" data-widget_type="heading.default">
					<h5 class="elementor-heading-title elementor-size-default">Rutger Bregman</h5>				</div>
				<div class="elementor-element elementor-element-0c51113 elementor-widget elementor-widget-theme-post-excerpt" data-id="0c51113" data-element_type="widget" data-widget_type="theme-post-excerpt.default">
					Historiker &amp; Autor
				</div>
				<div class="elementor-element elementor-element-71fce14 elementor-widget elementor-widget-text-editor" data-id="71fce14" data-element_type="widget" data-widget_type="text-editor.default">
									<strong>When</strong>:
								</div>
				<div class="elementor-element elementor-element-4bf7ec6 elementor-widget elementor-widget-text-editor" data-id="4bf7ec6" data-element_type="widget" data-widget_type="text-editor.default">
									<strong>Where</strong>:
								</div>
				<div class="elementor-element elementor-element-5eeb62c elementor-widget elementor-widget-text-editor" data-id="5eeb62c" data-element_type="widget" data-widget_type="text-editor.default">
									<p><strong>What</strong>:</p>								</div>
					</div>
		</div>
					</div>
		</section>
				<section class="elementor-section elementor-top-section elementor-element elementor-element-2f4e886d elementor-section-boxed elementor-section-height-default elementor-section-height-default" data-id="2f4e886d" data-element_type="section">
						<div class="elementor-container elementor-column-gap-default">
					<div class="elementor-column elementor-col-100 elementor-top-column elementor-element elementor-element-3513f47" data-id="3513f47" data-element_type="column">
			<div class="elementor-widget-wrap elementor-element-populated">
						<div class="elementor-element elementor-element-38e73636 elementor-widget elementor-widget-text-editor" data-id="38e73636" data-element_type="widget" data-widget_type="text-editor.default">
									Rutger Bregman (1988) ist Historiker und Autor. Er hat fünf Bücher über Geschichte, Philosophie und Wirtschaft veröffentlicht. Seine Bücher Im Grunde Gut (2020) und Utopie für Realisten (2017) waren beide New York Times-Bestseller und wurden in mehr als 40 Sprachen übersetzt. Für seine Arbeit bei The Correspondent wurde Bregman zweimal für den renommierten European Press Prize nominiert. Er lebt in den Niederlanden.								</div>
					</div>
		</div>
					</div>
		</section>
				</div>

<!-- This site is optimized with the Yoast SEO plugin v26.1.1 - https://yoast.com/wordpress/plugins/seo/ -->
<title>Rutger Bregman - SO:25</title>
<meta name="description" content="Rutger Bregman ist Historiker und Autor. Er war Sprecher auf der VE:22 – der Konferenz zu Verantwortungseigentum 2022." />
<meta name="robots" content="index, follow, max-snippet:-1, max-image-preview:large, max-video-preview:-1" />
<link rel="canonical" href="https://so-events.org/speakers/rutger-bregman" />
<meta property="og:locale" content="de_DE" />
<meta property="og:type" content="article" />
<meta property="og:title" content="Rutger Bregman - SO:25" />
<meta property="og:description" content="Rutger Bregman ist Historiker und Autor. Er war Sprecher auf der VE:22 – der Konferenz zu Verantwortungseigentum 2022." />
<meta property="og:url" content="https://so-events.org/speakers/rutger-bregman" />
<meta property="og:site_name" content="SO:25" />
<meta property="article:modified_time" content="2025-07-22T13:38:50+00:00" />
<meta property="og:image" content="https://so-events.org/wp-content/uploads/2022/07/78.jpg" />
	<meta property="og:image:width" content="800" />
	<meta property="og:image:height" content="800" />
	<meta property="og:image:type" content="image/jpeg" />
<meta name="twitter:card" content="summary_large_image" />
<meta name="twitter:label1" content="Geschätzte Lesezeit" />
	<meta name="twitter:data1" content="1 Minute" />
<script type="application/ld+json" class="yoast-schema-graph">{"@context":"https://schema.org","@graph":[{"@type":"WebPage","@id":"https://so-events.org/speakers/rutger-bregman","url":"https://so-events.org/speakers/rutger-bregman","name":"Rutger Bregman - SO:25","isPartOf":{"@id":"https://so-events.org/#website"},"primaryImageOfPage":{"@id":"https://so-events.org/speakers/rutger-bregman#primaryimage"},"image":{"@id":"https://so-events.org/speakers/rutger-bregman#primaryimage"},"thumbnailUrl":"https://so-events.org/wp-content/uploads/2022/07/78.jpg","datePublished":"2022-07-14T04:36:51+00:00","dateModified":"2025-07-22T13:38:50+00:00","description":"Rutger Bregman ist Historiker und Autor. Er war Sprecher auf der VE:22 – der Konferenz zu Verantwortungseigentum 2022.","breadcrumb":{"@id":"https://so-events.org/speakers/rutger-bregman#breadcrumb"},"inLanguage":"de","potentialAction":[{"@type":"ReadAction","target":["https://so-events.org/speakers/rutger-bregman"]}]},{"@type":"ImageObject","inLanguage":"de","@id":"https://so-events.org/speakers/rutger-bregman#primaryimage","url":"https://so-events.org/wp-content/uploads/2022/07/78.jpg","contentUrl":"https://so-events.org/wp-content/uploads/2022/07/78.jpg","width":800,"height":800},{"@type":"BreadcrumbList","@id":"https://so-events.org/speakers/rutger-bregman#breadcrumb","itemListElement":[{"@type":"ListItem","position":1,"name":"Startseite","item":"https://so-events.org/"},{"@type":"ListItem","position":2,"name":"Speakers","item":"https://so-events.org/speakers"},{"@type":"ListItem","position":3,"name":"Rutger Bregman"}]},{"@type":"WebSite","@id":"https://so-events.org/#website","url":"https://so-events.org/","name":"VE:25","description":"Purpose","publisher":{"@id":"https://so-events.org/#organization"},"potentialAction":[{"@type":"SearchAction","target":{"@type":"EntryPoint","urlTemplate":"https://so-events.org/?s={search_term_string}"},"query-input":{"@type":"PropertyValueSpecification","valueRequired":true,"valueName":"search_term_string"}}],"inLanguage":"de"},{"@type":"Organization","@id":"https://so-events.org/#organization","name":"VE:25","url":"https://so-events.org/","logo":{"@type":"ImageObject","inLanguage":"de","@id":"https://so-events.org/#/schema/logo/image/","url":"https://so-events.org/wp-content/uploads/2024/09/se25-logo.png","contentUrl":"https://so-events.org/wp-content/uploads/2024/09/se25-logo.png","width":1042,"height":393,"caption":"VE:25"},"image":{"@id":"https://so-events.org/#/schema/logo/image/"}}]}</script>
<!-- / Yoast SEO plugin. -->
