{"id":4427,"date":"2022-07-14T04:35:27","date_gmt":"2022-07-14T04:35:27","guid":{"rendered":"https:\/\/so-events.org\/?post_type=speakers&#038;p=4427"},"modified":"2025-07-22T13:39:32","modified_gmt":"2025-07-22T13:39:32","slug":"prof-lars-feld","status":"publish","type":"speakers","link":"https:\/\/so-events.org\/de\/speakers\/prof-lars-feld","title":{"rendered":"Prof. Lars P. Feld"},"content":{"rendered":"<p>Professor Dr. Dr. h. c. Lars P. Feld hat seit 2010 den Lehrstuhl f\u00fcr Wirtschaftspolitik und Ordnungs\u00f6konomik an der Albert-Ludwigs-Universit\u00e4t Freiburg inne und ist Direktor des Walter Eucken Instituts. Seit Ende 2022 ber\u00e4t er als \u201ePers\u00f6nlicher Beauftragter\u201c den Bundesfinanzminister in makro\u00f6konomischen Fragestellungen. Von M\u00e4rz 2020 bis Februar 2021 war Prof. Lars P. Feld Vorsitzender der \u201eWirtschaftsweisen\u201c. Seine Forschungsschwerpunkte sind Wirtschaftspolitik, Finanzwissenschaft, Neue Politische \u00d6konomie und \u00d6konomische Analyse des Rechts. Prof. Lars P. Feld unterst\u00fctzt die Forderung nach einer neuen Rechtsform f\u00fcr Verantwortungseigentum.<\/p>\n","protected":false},"excerpt":{"rendered":"<p>Direktor des<br \/>\nWalter Eucken Instituts<\/p>\n","protected":false},"featured_media":9253,"template":"","speaker_types":[157,158],"speaker_filter":[168,167,53,71,88],"class_list":["post-4427","speakers","type-speakers","status-publish","has-post-thumbnail","hentry","speaker_types-speakers-2022","speaker_types-speakers-2023","speaker_filter-2022-de","speaker_filter-2023-de","speaker_filter-andere","speaker_filter-betonhalle","speaker_filter-tag-1"],"acf":[],"yoast_head":"<!-- This site is optimized with the Yoast SEO plugin v26.1.1 - https:\/\/yoast.com\/wordpress\/plugins\/seo\/ -->\n<title>Prof. Lars P. Feld - SO:25<\/title>\n<meta name=\"robots\" content=\"index, follow, max-snippet:-1, max-image-preview:large, max-video-preview:-1\" \/>\n<link rel=\"canonical\" href=\"https:\/\/so-events.org\/speakers\/prof-lars-feld\" \/>\n<meta property=\"og:locale\" content=\"de_DE\" \/>\n<meta property=\"og:type\" content=\"article\" \/>\n<meta property=\"og:title\" content=\"Prof. Lars P. Feld - SO:25\" \/>\n<meta property=\"og:description\" content=\"Direktor des Walter Eucken Instituts\" \/>\n<meta property=\"og:url\" content=\"https:\/\/so-events.org\/speakers\/prof-lars-feld\" \/>\n<meta property=\"og:site_name\" content=\"SO:25\" \/>\n<meta property=\"article:modified_time\" content=\"2025-07-22T13:39:32+00:00\" \/>\n<meta property=\"og:image\" content=\"https:\/\/so-events.org\/wp-content\/uploads\/2022\/07\/25.jpg\" \/>\n\t<meta property=\"og:image:width\" content=\"800\" \/>\n\t<meta property=\"og:image:height\" content=\"800\" \/>\n\t<meta property=\"og:image:type\" content=\"image\/jpeg\" \/>\n<meta name=\"twitter:card\" content=\"summary_large_image\" \/>\n<meta name=\"twitter:label1\" content=\"Gesch\u00e4tzte Lesezeit\" \/>\n\t<meta name=\"twitter:data1\" content=\"1\u00a0Minute\" \/>\n<script type=\"application\/ld+json\" class=\"yoast-schema-graph\">{\"@context\":\"https:\/\/schema.org\",\"@graph\":[{\"@type\":\"WebPage\",\"@id\":\"https:\/\/so-events.org\/speakers\/prof-lars-feld\",\"url\":\"https:\/\/so-events.org\/speakers\/prof-lars-feld\",\"name\":\"Prof. Lars P. Feld - SO:25\",\"isPartOf\":{\"@id\":\"https:\/\/so-events.org\/#website\"},\"primaryImageOfPage\":{\"@id\":\"https:\/\/so-events.org\/speakers\/prof-lars-feld#primaryimage\"},\"image\":{\"@id\":\"https:\/\/so-events.org\/speakers\/prof-lars-feld#primaryimage\"},\"thumbnailUrl\":\"https:\/\/so-events.org\/wp-content\/uploads\/2022\/07\/25.jpg\",\"datePublished\":\"2022-07-14T04:35:27+00:00\",\"dateModified\":\"2025-07-22T13:39:32+00:00\",\"breadcrumb\":{\"@id\":\"https:\/\/so-events.org\/speakers\/prof-lars-feld#breadcrumb\"},\"inLanguage\":\"de\",\"potentialAction\":[{\"@type\":\"ReadAction\",\"target\":[\"https:\/\/so-events.org\/speakers\/prof-lars-feld\"]}]},{\"@type\":\"ImageObject\",\"inLanguage\":\"de\",\"@id\":\"https:\/\/so-events.org\/speakers\/prof-lars-feld#primaryimage\",\"url\":\"https:\/\/so-events.org\/wp-content\/uploads\/2022\/07\/25.jpg\",\"contentUrl\":\"https:\/\/so-events.org\/wp-content\/uploads\/2022\/07\/25.jpg\",\"width\":800,\"height\":800},{\"@type\":\"BreadcrumbList\",\"@id\":\"https:\/\/so-events.org\/speakers\/prof-lars-feld#breadcrumb\",\"itemListElement\":[{\"@type\":\"ListItem\",\"position\":1,\"name\":\"Startseite\",\"item\":\"https:\/\/so-events.org\/\"},{\"@type\":\"ListItem\",\"position\":2,\"name\":\"Speakers\",\"item\":\"https:\/\/so-events.org\/speakers\"},{\"@type\":\"ListItem\",\"position\":3,\"name\":\"Prof. Lars P. Feld\"}]},{\"@type\":\"WebSite\",\"@id\":\"https:\/\/so-events.org\/#website\",\"url\":\"https:\/\/so-events.org\/\",\"name\":\"VE:25\",\"description\":\"Purpose\",\"publisher\":{\"@id\":\"https:\/\/so-events.org\/#organization\"},\"potentialAction\":[{\"@type\":\"SearchAction\",\"target\":{\"@type\":\"EntryPoint\",\"urlTemplate\":\"https:\/\/so-events.org\/?s={search_term_string}\"},\"query-input\":{\"@type\":\"PropertyValueSpecification\",\"valueRequired\":true,\"valueName\":\"search_term_string\"}}],\"inLanguage\":\"de\"},{\"@type\":\"Organization\",\"@id\":\"https:\/\/so-events.org\/#organization\",\"name\":\"VE:25\",\"url\":\"https:\/\/so-events.org\/\",\"logo\":{\"@type\":\"ImageObject\",\"inLanguage\":\"de\",\"@id\":\"https:\/\/so-events.org\/#\/schema\/logo\/image\/\",\"url\":\"https:\/\/so-events.org\/wp-content\/uploads\/2024\/09\/se25-logo.png\",\"contentUrl\":\"https:\/\/so-events.org\/wp-content\/uploads\/2024\/09\/se25-logo.png\",\"width\":1042,\"height\":393,\"caption\":\"VE:25\"},\"image\":{\"@id\":\"https:\/\/so-events.org\/#\/schema\/logo\/image\/\"}}]}<\/script>\n<!-- \/ Yoast SEO plugin. -->","yoast_head_json":{"title":"Prof. Lars P. Feld - SO:25","robots":{"index":"index","follow":"follow","max-snippet":"max-snippet:-1","max-image-preview":"max-image-preview:large","max-video-preview":"max-video-preview:-1"},"canonical":"https:\/\/so-events.org\/speakers\/prof-lars-feld","og_locale":"de_DE","og_type":"article","og_title":"Prof. Lars P. Feld - SO:25","og_description":"Direktor des Walter Eucken Instituts","og_url":"https:\/\/so-events.org\/speakers\/prof-lars-feld","og_site_name":"SO:25","article_modified_time":"2025-07-22T13:39:32+00:00","og_image":[{"width":800,"height":800,"url":"https:\/\/so-events.org\/wp-content\/uploads\/2022\/07\/25.jpg","type":"image\/jpeg"}],"twitter_card":"summary_large_image","twitter_misc":{"Gesch\u00e4tzte Lesezeit":"1\u00a0Minute"},"schema":{"@context":"https:\/\/schema.org","@graph":[{"@type":"WebPage","@id":"https:\/\/so-events.org\/speakers\/prof-lars-feld","url":"https:\/\/so-events.org\/speakers\/prof-lars-feld","name":"Prof. Lars P. Feld - SO:25","isPartOf":{"@id":"https:\/\/so-events.org\/#website"},"primaryImageOfPage":{"@id":"https:\/\/so-events.org\/speakers\/prof-lars-feld#primaryimage"},"image":{"@id":"https:\/\/so-events.org\/speakers\/prof-lars-feld#primaryimage"},"thumbnailUrl":"https:\/\/so-events.org\/wp-content\/uploads\/2022\/07\/25.jpg","datePublished":"2022-07-14T04:35:27+00:00","dateModified":"2025-07-22T13:39:32+00:00","breadcrumb":{"@id":"https:\/\/so-events.org\/speakers\/prof-lars-feld#breadcrumb"},"inLanguage":"de","potentialAction":[{"@type":"ReadAction","target":["https:\/\/so-events.org\/speakers\/prof-lars-feld"]}]},{"@type":"ImageObject","inLanguage":"de","@id":"https:\/\/so-events.org\/speakers\/prof-lars-feld#primaryimage","url":"https:\/\/so-events.org\/wp-content\/uploads\/2022\/07\/25.jpg","contentUrl":"https:\/\/so-events.org\/wp-content\/uploads\/2022\/07\/25.jpg","width":800,"height":800},{"@type":"BreadcrumbList","@id":"https:\/\/so-events.org\/speakers\/prof-lars-feld#breadcrumb","itemListElement":[{"@type":"ListItem","position":1,"name":"Startseite","item":"https:\/\/so-events.org\/"},{"@type":"ListItem","position":2,"name":"Speakers","item":"https:\/\/so-events.org\/speakers"},{"@type":"ListItem","position":3,"name":"Prof. Lars P. Feld"}]},{"@type":"WebSite","@id":"https:\/\/so-events.org\/#website","url":"https:\/\/so-events.org\/","name":"VE:25","description":"Purpose","publisher":{"@id":"https:\/\/so-events.org\/#organization"},"potentialAction":[{"@type":"SearchAction","target":{"@type":"EntryPoint","urlTemplate":"https:\/\/so-events.org\/?s={search_term_string}"},"query-input":{"@type":"PropertyValueSpecification","valueRequired":true,"valueName":"search_term_string"}}],"inLanguage":"de"},{"@type":"Organization","@id":"https:\/\/so-events.org\/#organization","name":"VE:25","url":"https:\/\/so-events.org\/","logo":{"@type":"ImageObject","inLanguage":"de","@id":"https:\/\/so-events.org\/#\/schema\/logo\/image\/","url":"https:\/\/so-events.org\/wp-content\/uploads\/2024\/09\/se25-logo.png","contentUrl":"https:\/\/so-events.org\/wp-content\/uploads\/2024\/09\/se25-logo.png","width":1042,"height":393,"caption":"VE:25"},"image":{"@id":"https:\/\/so-events.org\/#\/schema\/logo\/image\/"}}]}},"_links":{"self":[{"href":"https:\/\/so-events.org\/de\/wp-json\/wp\/v2\/speakers\/4427","targetHints":{"allow":["GET"]}}],"collection":[{"href":"https:\/\/so-events.org\/de\/wp-json\/wp\/v2\/speakers"}],"about":[{"href":"https:\/\/so-events.org\/de\/wp-json\/wp\/v2\/types\/speakers"}],"version-history":[{"count":0,"href":"https:\/\/so-events.org\/de\/wp-json\/wp\/v2\/speakers\/4427\/revisions"}],"wp:featuredmedia":[{"embeddable":true,"href":"https:\/\/so-events.org\/de\/wp-json\/wp\/v2\/media\/9253"}],"wp:attachment":[{"href":"https:\/\/so-events.org\/de\/wp-json\/wp\/v2\/media?parent=4427"}],"wp:term":[{"taxonomy":"speaker_types","embeddable":true,"href":"https:\/\/so-events.org\/de\/wp-json\/wp\/v2\/speaker_types?post=4427"},{"taxonomy":"speaker_filter","embeddable":true,"href":"https:\/\/so-events.org\/de\/wp-json\/wp\/v2\/speaker_filter?post=4427"}],"curies":[{"name":"wp","href":"https:\/\/api.w.org\/{rel}","templated":true}]}}

<p>Professor Dr. Dr. h. c. Lars P. Feld hat seit 2010 den Lehrstuhl für Wirtschaftspolitik und Ordnungsökonomik an der Albert-Ludwigs-Universität Freiburg inne und ist Direktor des Walter Eucken Instituts. Seit Ende 2022 berät er als „Persönlicher Beauftragter“ den Bundesfinanzminister in makroökonomischen Fragestellungen. Von März 2020 bis Februar 2021 war Prof. Lars P. Feld Vorsitzender der „Wirtschaftsweisen“. Seine Forschungsschwerpunkte sind Wirtschaftspolitik, Finanzwissenschaft, Neue Politische Ökonomie und Ökonomische Analyse des Rechts. Prof. Lars P. Feld unterstützt die Forderung nach einer neuen Rechtsform für Verantwortungseigentum.</p>

<!-- This site is optimized with the Yoast SEO plugin v26.1.1 - https://yoast.com/wordpress/plugins/seo/ -->
<title>Prof. Lars P. Feld - SO:25</title>
<meta name="robots" content="index, follow, max-snippet:-1, max-image-preview:large, max-video-preview:-1" />
<link rel="canonical" href="https://so-events.org/speakers/prof-lars-feld" />
<meta property="og:locale" content="de_DE" />
<meta property="og:type" content="article" />
<meta property="og:title" content="Prof. Lars P. Feld - SO:25" />
<meta property="og:description" content="Direktor des Walter Eucken Instituts" />
<meta property="og:url" content="https://so-events.org/speakers/prof-lars-feld" />
<meta property="og:site_name" content="SO:25" />
<meta property="article:modified_time" content="2025-07-22T13:39:32+00:00" />
<meta property="og:image" content="https://so-events.org/wp-content/uploads/2022/07/25.jpg" />
	<meta property="og:image:width" content="800" />
	<meta property="og:image:height" content="800" />
	<meta property="og:image:type" content="image/jpeg" />
<meta name="twitter:card" content="summary_large_image" />
<meta name="twitter:label1" content="Geschätzte Lesezeit" />
	<meta name="twitter:data1" content="1 Minute" />
<script type="application/ld+json" class="yoast-schema-graph">{"@context":"https://schema.org","@graph":[{"@type":"WebPage","@id":"https://so-events.org/speakers/prof-lars-feld","url":"https://so-events.org/speakers/prof-lars-feld","name":"Prof. Lars P. Feld - SO:25","isPartOf":{"@id":"https://so-events.org/#website"},"primaryImageOfPage":{"@id":"https://so-events.org/speakers/prof-lars-feld#primaryimage"},"image":{"@id":"https://so-events.org/speakers/prof-lars-feld#primaryimage"},"thumbnailUrl":"https://so-events.org/wp-content/uploads/2022/07/25.jpg","datePublished":"2022-07-14T04:35:27+00:00","dateModified":"2025-07-22T13:39:32+00:00","breadcrumb":{"@id":"https://so-events.org/speakers/prof-lars-feld#breadcrumb"},"inLanguage":"de","potentialAction":[{"@type":"ReadAction","target":["https://so-events.org/speakers/prof-lars-feld"]}]},{"@type":"ImageObject","inLanguage":"de","@id":"https://so-events.org/speakers/prof-lars-feld#primaryimage","url":"https://so-events.org/wp-content/uploads/2022/07/25.jpg","contentUrl":"https://so-events.org/wp-content/uploads/2022/07/25.jpg","width":800,"height":800},{"@type":"BreadcrumbList","@id":"https://so-events.org/speakers/prof-lars-feld#breadcrumb","itemListElement":[{"@type":"ListItem","position":1,"name":"Startseite","item":"https://so-events.org/"},{"@type":"ListItem","position":2,"name":"Speakers","item":"https://so-events.org/speakers"},{"@type":"ListItem","position":3,"name":"Prof. Lars P. Feld"}]},{"@type":"WebSite","@id":"https://so-events.org/#website","url":"https://so-events.org/","name":"VE:25","description":"Purpose","publisher":{"@id":"https://so-events.org/#organization"},"potentialAction":[{"@type":"SearchAction","target":{"@type":"EntryPoint","urlTemplate":"https://so-events.org/?s={search_term_string}"},"query-input":{"@type":"PropertyValueSpecification","valueRequired":true,"valueName":"search_term_string"}}],"inLanguage":"de"},{"@type":"Organization","@id":"https://so-events.org/#organization","name":"VE:25","url":"https://so-events.org/","logo":{"@type":"ImageObject","inLanguage":"de","@id":"https://so-events.org/#/schema/logo/image/","url":"https://so-events.org/wp-content/uploads/2024/09/se25-logo.png","contentUrl":"https://so-events.org/wp-content/uploads/2024/09/se25-logo.png","width":1042,"height":393,"caption":"VE:25"},"image":{"@id":"https://so-events.org/#/schema/logo/image/"}}]}</script>
<!-- / Yoast SEO plugin. -->
