{"id":4423,"date":"2022-07-14T04:36:11","date_gmt":"2022-07-14T04:36:11","guid":{"rendered":"https:\/\/so-events.org\/?post_type=speakers&#038;p=4423"},"modified":"2025-07-22T13:39:02","modified_gmt":"2025-07-22T13:39:02","slug":"robert-habeck","status":"publish","type":"speakers","link":"https:\/\/so-events.org\/de\/speakers\/robert-habeck","title":{"rendered":"Robert Habeck"},"content":{"rendered":"<p>Robert Habeck ist Vizekanzler, Bundesminister f\u00fcr Wirtschaft und Klimaschutz und direkt gew\u00e4hlter Abgeordneter im Bundestag des Wahlkreises 1 Flensburg-Schleswig. Von 2018-2022 war er Bundesvorsitzender von B\u00dcNDNIS 90\/DIE GR\u00dcNEN. Zuvor war er sechs Jahre lang Minister und stellvertretender Ministerpr\u00e4sident von Schleswig-Holstein, zuletzt leitete der das Ministerium f\u00fcr Energiewende, Umwelt, Landwirtschaft und Digitalisierung. Robert Habecks Heimat ist hoch oben im Norden, zwischen Nord- und Ostsee, wo der Horizont weit ist und die Menschen geerdet. Genau so macht er Politik: Aus Nachdenken und Dialog entsteht eine Vorstellung von einer besseren Wirklichkeit und dann geht\u2019s ans Probleme l\u00f6sen und Machen.<br \/>\n<em><br \/>\nHinweis: Dieses Speaker-Profil stammt aus dem Jahr 2023.<\/em><\/p>\n","protected":false},"excerpt":{"rendered":"<p>Bundesminister f\u00fcr <br \/> <br \/>\nWirtschaft &#038; Klimaschutz<\/p>\n","protected":false},"featured_media":9243,"template":"","speaker_types":[158],"speaker_filter":[167,53],"class_list":["post-4423","speakers","type-speakers","status-publish","has-post-thumbnail","hentry","speaker_types-speakers-2023","speaker_filter-2023-de","speaker_filter-andere"],"acf":[],"yoast_head":"<!-- This site is optimized with the Yoast SEO plugin v26.1.1 - https:\/\/yoast.com\/wordpress\/plugins\/seo\/ -->\n<title>Robert Habeck - SO:25<\/title>\n<meta name=\"description\" content=\"Robert Habeck war Sprecher auf der VE:23 - der Konferenz zu Verantwortungseigentum 2023.\" \/>\n<meta name=\"robots\" content=\"index, follow, max-snippet:-1, max-image-preview:large, max-video-preview:-1\" \/>\n<link rel=\"canonical\" href=\"https:\/\/so-events.org\/speakers\/robert-habeck\" \/>\n<meta property=\"og:locale\" content=\"de_DE\" \/>\n<meta property=\"og:type\" content=\"article\" \/>\n<meta property=\"og:title\" content=\"Robert Habeck - SO:25\" \/>\n<meta property=\"og:description\" content=\"Robert Habeck war Sprecher auf der VE:23 - der Konferenz zu Verantwortungseigentum 2023.\" \/>\n<meta property=\"og:url\" content=\"https:\/\/so-events.org\/speakers\/robert-habeck\" \/>\n<meta property=\"og:site_name\" content=\"SO:25\" \/>\n<meta property=\"article:modified_time\" content=\"2025-07-22T13:39:02+00:00\" \/>\n<meta property=\"og:image\" content=\"https:\/\/so-events.org\/wp-content\/uploads\/2022\/07\/71.jpg\" \/>\n\t<meta property=\"og:image:width\" content=\"800\" \/>\n\t<meta property=\"og:image:height\" content=\"800\" \/>\n\t<meta property=\"og:image:type\" content=\"image\/jpeg\" \/>\n<meta name=\"twitter:card\" content=\"summary_large_image\" \/>\n<meta name=\"twitter:label1\" content=\"Gesch\u00e4tzte Lesezeit\" \/>\n\t<meta name=\"twitter:data1\" content=\"1\u00a0Minute\" \/>\n<script type=\"application\/ld+json\" class=\"yoast-schema-graph\">{\"@context\":\"https:\/\/schema.org\",\"@graph\":[{\"@type\":\"WebPage\",\"@id\":\"https:\/\/so-events.org\/speakers\/robert-habeck\",\"url\":\"https:\/\/so-events.org\/speakers\/robert-habeck\",\"name\":\"Robert Habeck - SO:25\",\"isPartOf\":{\"@id\":\"https:\/\/so-events.org\/#website\"},\"primaryImageOfPage\":{\"@id\":\"https:\/\/so-events.org\/speakers\/robert-habeck#primaryimage\"},\"image\":{\"@id\":\"https:\/\/so-events.org\/speakers\/robert-habeck#primaryimage\"},\"thumbnailUrl\":\"https:\/\/so-events.org\/wp-content\/uploads\/2022\/07\/71.jpg\",\"datePublished\":\"2022-07-14T04:36:11+00:00\",\"dateModified\":\"2025-07-22T13:39:02+00:00\",\"description\":\"Robert Habeck war Sprecher auf der VE:23 - der Konferenz zu Verantwortungseigentum 2023.\",\"breadcrumb\":{\"@id\":\"https:\/\/so-events.org\/speakers\/robert-habeck#breadcrumb\"},\"inLanguage\":\"de\",\"potentialAction\":[{\"@type\":\"ReadAction\",\"target\":[\"https:\/\/so-events.org\/speakers\/robert-habeck\"]}]},{\"@type\":\"ImageObject\",\"inLanguage\":\"de\",\"@id\":\"https:\/\/so-events.org\/speakers\/robert-habeck#primaryimage\",\"url\":\"https:\/\/so-events.org\/wp-content\/uploads\/2022\/07\/71.jpg\",\"contentUrl\":\"https:\/\/so-events.org\/wp-content\/uploads\/2022\/07\/71.jpg\",\"width\":800,\"height\":800},{\"@type\":\"BreadcrumbList\",\"@id\":\"https:\/\/so-events.org\/speakers\/robert-habeck#breadcrumb\",\"itemListElement\":[{\"@type\":\"ListItem\",\"position\":1,\"name\":\"Startseite\",\"item\":\"https:\/\/so-events.org\/\"},{\"@type\":\"ListItem\",\"position\":2,\"name\":\"Speakers\",\"item\":\"https:\/\/so-events.org\/speakers\"},{\"@type\":\"ListItem\",\"position\":3,\"name\":\"Robert Habeck\"}]},{\"@type\":\"WebSite\",\"@id\":\"https:\/\/so-events.org\/#website\",\"url\":\"https:\/\/so-events.org\/\",\"name\":\"VE:25\",\"description\":\"Purpose\",\"publisher\":{\"@id\":\"https:\/\/so-events.org\/#organization\"},\"potentialAction\":[{\"@type\":\"SearchAction\",\"target\":{\"@type\":\"EntryPoint\",\"urlTemplate\":\"https:\/\/so-events.org\/?s={search_term_string}\"},\"query-input\":{\"@type\":\"PropertyValueSpecification\",\"valueRequired\":true,\"valueName\":\"search_term_string\"}}],\"inLanguage\":\"de\"},{\"@type\":\"Organization\",\"@id\":\"https:\/\/so-events.org\/#organization\",\"name\":\"VE:25\",\"url\":\"https:\/\/so-events.org\/\",\"logo\":{\"@type\":\"ImageObject\",\"inLanguage\":\"de\",\"@id\":\"https:\/\/so-events.org\/#\/schema\/logo\/image\/\",\"url\":\"https:\/\/so-events.org\/wp-content\/uploads\/2024\/09\/se25-logo.png\",\"contentUrl\":\"https:\/\/so-events.org\/wp-content\/uploads\/2024\/09\/se25-logo.png\",\"width\":1042,\"height\":393,\"caption\":\"VE:25\"},\"image\":{\"@id\":\"https:\/\/so-events.org\/#\/schema\/logo\/image\/\"}}]}<\/script>\n<!-- \/ Yoast SEO plugin. -->","yoast_head_json":{"title":"Robert Habeck - SO:25","description":"Robert Habeck war Sprecher auf der VE:23 - der Konferenz zu Verantwortungseigentum 2023.","robots":{"index":"index","follow":"follow","max-snippet":"max-snippet:-1","max-image-preview":"max-image-preview:large","max-video-preview":"max-video-preview:-1"},"canonical":"https:\/\/so-events.org\/speakers\/robert-habeck","og_locale":"de_DE","og_type":"article","og_title":"Robert Habeck - SO:25","og_description":"Robert Habeck war Sprecher auf der VE:23 - der Konferenz zu Verantwortungseigentum 2023.","og_url":"https:\/\/so-events.org\/speakers\/robert-habeck","og_site_name":"SO:25","article_modified_time":"2025-07-22T13:39:02+00:00","og_image":[{"width":800,"height":800,"url":"https:\/\/so-events.org\/wp-content\/uploads\/2022\/07\/71.jpg","type":"image\/jpeg"}],"twitter_card":"summary_large_image","twitter_misc":{"Gesch\u00e4tzte Lesezeit":"1\u00a0Minute"},"schema":{"@context":"https:\/\/schema.org","@graph":[{"@type":"WebPage","@id":"https:\/\/so-events.org\/speakers\/robert-habeck","url":"https:\/\/so-events.org\/speakers\/robert-habeck","name":"Robert Habeck - SO:25","isPartOf":{"@id":"https:\/\/so-events.org\/#website"},"primaryImageOfPage":{"@id":"https:\/\/so-events.org\/speakers\/robert-habeck#primaryimage"},"image":{"@id":"https:\/\/so-events.org\/speakers\/robert-habeck#primaryimage"},"thumbnailUrl":"https:\/\/so-events.org\/wp-content\/uploads\/2022\/07\/71.jpg","datePublished":"2022-07-14T04:36:11+00:00","dateModified":"2025-07-22T13:39:02+00:00","description":"Robert Habeck war Sprecher auf der VE:23 - der Konferenz zu Verantwortungseigentum 2023.","breadcrumb":{"@id":"https:\/\/so-events.org\/speakers\/robert-habeck#breadcrumb"},"inLanguage":"de","potentialAction":[{"@type":"ReadAction","target":["https:\/\/so-events.org\/speakers\/robert-habeck"]}]},{"@type":"ImageObject","inLanguage":"de","@id":"https:\/\/so-events.org\/speakers\/robert-habeck#primaryimage","url":"https:\/\/so-events.org\/wp-content\/uploads\/2022\/07\/71.jpg","contentUrl":"https:\/\/so-events.org\/wp-content\/uploads\/2022\/07\/71.jpg","width":800,"height":800},{"@type":"BreadcrumbList","@id":"https:\/\/so-events.org\/speakers\/robert-habeck#breadcrumb","itemListElement":[{"@type":"ListItem","position":1,"name":"Startseite","item":"https:\/\/so-events.org\/"},{"@type":"ListItem","position":2,"name":"Speakers","item":"https:\/\/so-events.org\/speakers"},{"@type":"ListItem","position":3,"name":"Robert Habeck"}]},{"@type":"WebSite","@id":"https:\/\/so-events.org\/#website","url":"https:\/\/so-events.org\/","name":"VE:25","description":"Purpose","publisher":{"@id":"https:\/\/so-events.org\/#organization"},"potentialAction":[{"@type":"SearchAction","target":{"@type":"EntryPoint","urlTemplate":"https:\/\/so-events.org\/?s={search_term_string}"},"query-input":{"@type":"PropertyValueSpecification","valueRequired":true,"valueName":"search_term_string"}}],"inLanguage":"de"},{"@type":"Organization","@id":"https:\/\/so-events.org\/#organization","name":"VE:25","url":"https:\/\/so-events.org\/","logo":{"@type":"ImageObject","inLanguage":"de","@id":"https:\/\/so-events.org\/#\/schema\/logo\/image\/","url":"https:\/\/so-events.org\/wp-content\/uploads\/2024\/09\/se25-logo.png","contentUrl":"https:\/\/so-events.org\/wp-content\/uploads\/2024\/09\/se25-logo.png","width":1042,"height":393,"caption":"VE:25"},"image":{"@id":"https:\/\/so-events.org\/#\/schema\/logo\/image\/"}}]}},"_links":{"self":[{"href":"https:\/\/so-events.org\/de\/wp-json\/wp\/v2\/speakers\/4423","targetHints":{"allow":["GET"]}}],"collection":[{"href":"https:\/\/so-events.org\/de\/wp-json\/wp\/v2\/speakers"}],"about":[{"href":"https:\/\/so-events.org\/de\/wp-json\/wp\/v2\/types\/speakers"}],"version-history":[{"count":0,"href":"https:\/\/so-events.org\/de\/wp-json\/wp\/v2\/speakers\/4423\/revisions"}],"wp:featuredmedia":[{"embeddable":true,"href":"https:\/\/so-events.org\/de\/wp-json\/wp\/v2\/media\/9243"}],"wp:attachment":[{"href":"https:\/\/so-events.org\/de\/wp-json\/wp\/v2\/media?parent=4423"}],"wp:term":[{"taxonomy":"speaker_types","embeddable":true,"href":"https:\/\/so-events.org\/de\/wp-json\/wp\/v2\/speaker_types?post=4423"},{"taxonomy":"speaker_filter","embeddable":true,"href":"https:\/\/so-events.org\/de\/wp-json\/wp\/v2\/speaker_filter?post=4423"}],"curies":[{"name":"wp","href":"https:\/\/api.w.org\/{rel}","templated":true}]}}

<p>Robert Habeck ist Vizekanzler, Bundesminister für Wirtschaft und Klimaschutz und direkt gewählter Abgeordneter im Bundestag des Wahlkreises 1 Flensburg-Schleswig. Von 2018-2022 war er Bundesvorsitzender von BÜNDNIS 90/DIE GRÜNEN. Zuvor war er sechs Jahre lang Minister und stellvertretender Ministerpräsident von Schleswig-Holstein, zuletzt leitete der das Ministerium für Energiewende, Umwelt, Landwirtschaft und Digitalisierung. Robert Habecks Heimat ist hoch oben im Norden, zwischen Nord- und Ostsee, wo der Horizont weit ist und die Menschen geerdet. Genau so macht er Politik: Aus Nachdenken und Dialog entsteht eine Vorstellung von einer besseren Wirklichkeit und dann geht’s ans Probleme lösen und Machen.<br />
<em><br />
Hinweis: Dieses Speaker-Profil stammt aus dem Jahr 2023.</em></p>

<p>Bundesminister für <br /> <br />
Wirtschaft &#038; Klimaschutz</p>

<!-- This site is optimized with the Yoast SEO plugin v26.1.1 - https://yoast.com/wordpress/plugins/seo/ -->
<title>Robert Habeck - SO:25</title>
<meta name="description" content="Robert Habeck war Sprecher auf der VE:23 - der Konferenz zu Verantwortungseigentum 2023." />
<meta name="robots" content="index, follow, max-snippet:-1, max-image-preview:large, max-video-preview:-1" />
<link rel="canonical" href="https://so-events.org/speakers/robert-habeck" />
<meta property="og:locale" content="de_DE" />
<meta property="og:type" content="article" />
<meta property="og:title" content="Robert Habeck - SO:25" />
<meta property="og:description" content="Robert Habeck war Sprecher auf der VE:23 - der Konferenz zu Verantwortungseigentum 2023." />
<meta property="og:url" content="https://so-events.org/speakers/robert-habeck" />
<meta property="og:site_name" content="SO:25" />
<meta property="article:modified_time" content="2025-07-22T13:39:02+00:00" />
<meta property="og:image" content="https://so-events.org/wp-content/uploads/2022/07/71.jpg" />
	<meta property="og:image:width" content="800" />
	<meta property="og:image:height" content="800" />
	<meta property="og:image:type" content="image/jpeg" />
<meta name="twitter:card" content="summary_large_image" />
<meta name="twitter:label1" content="Geschätzte Lesezeit" />
	<meta name="twitter:data1" content="1 Minute" />
<script type="application/ld+json" class="yoast-schema-graph">{"@context":"https://schema.org","@graph":[{"@type":"WebPage","@id":"https://so-events.org/speakers/robert-habeck","url":"https://so-events.org/speakers/robert-habeck","name":"Robert Habeck - SO:25","isPartOf":{"@id":"https://so-events.org/#website"},"primaryImageOfPage":{"@id":"https://so-events.org/speakers/robert-habeck#primaryimage"},"image":{"@id":"https://so-events.org/speakers/robert-habeck#primaryimage"},"thumbnailUrl":"https://so-events.org/wp-content/uploads/2022/07/71.jpg","datePublished":"2022-07-14T04:36:11+00:00","dateModified":"2025-07-22T13:39:02+00:00","description":"Robert Habeck war Sprecher auf der VE:23 - der Konferenz zu Verantwortungseigentum 2023.","breadcrumb":{"@id":"https://so-events.org/speakers/robert-habeck#breadcrumb"},"inLanguage":"de","potentialAction":[{"@type":"ReadAction","target":["https://so-events.org/speakers/robert-habeck"]}]},{"@type":"ImageObject","inLanguage":"de","@id":"https://so-events.org/speakers/robert-habeck#primaryimage","url":"https://so-events.org/wp-content/uploads/2022/07/71.jpg","contentUrl":"https://so-events.org/wp-content/uploads/2022/07/71.jpg","width":800,"height":800},{"@type":"BreadcrumbList","@id":"https://so-events.org/speakers/robert-habeck#breadcrumb","itemListElement":[{"@type":"ListItem","position":1,"name":"Startseite","item":"https://so-events.org/"},{"@type":"ListItem","position":2,"name":"Speakers","item":"https://so-events.org/speakers"},{"@type":"ListItem","position":3,"name":"Robert Habeck"}]},{"@type":"WebSite","@id":"https://so-events.org/#website","url":"https://so-events.org/","name":"VE:25","description":"Purpose","publisher":{"@id":"https://so-events.org/#organization"},"potentialAction":[{"@type":"SearchAction","target":{"@type":"EntryPoint","urlTemplate":"https://so-events.org/?s={search_term_string}"},"query-input":{"@type":"PropertyValueSpecification","valueRequired":true,"valueName":"search_term_string"}}],"inLanguage":"de"},{"@type":"Organization","@id":"https://so-events.org/#organization","name":"VE:25","url":"https://so-events.org/","logo":{"@type":"ImageObject","inLanguage":"de","@id":"https://so-events.org/#/schema/logo/image/","url":"https://so-events.org/wp-content/uploads/2024/09/se25-logo.png","contentUrl":"https://so-events.org/wp-content/uploads/2024/09/se25-logo.png","width":1042,"height":393,"caption":"VE:25"},"image":{"@id":"https://so-events.org/#/schema/logo/image/"}}]}</script>
<!-- / Yoast SEO plugin. -->
