{"id":4412,"date":"2022-07-14T04:26:41","date_gmt":"2022-07-14T04:26:41","guid":{"rendered":"https:\/\/so-events.org\/?post_type=speakers&#038;p=4412"},"modified":"2025-07-22T13:44:39","modified_gmt":"2025-07-22T13:44:39","slug":"johannes-vogel","status":"publish","type":"speakers","link":"https:\/\/so-events.org\/de\/speakers\/johannes-vogel","title":{"rendered":"Johannes Vogel"},"content":{"rendered":"<p>Johannes Vogel ist in Wermelskirchen geboren und 39 Jahre alt. Er studierte Politik, Geschichte und V\u00f6lkerrecht an der Universit\u00e4t Bonn und schloss 2009 mit dem Magister Artium ab. F\u00fcnf Jahre lang f\u00fchrte er die Jungen Liberalen als Bundesvorsitzender, 2009-2013 war er Mitglied des Deutschen Bundestags und arbeitsmarktpolitischer Sprecher der FDP-Bundestagsfraktion. Seit 2014 ist Vogel Generalsekret\u00e4r der FDP NRW. Beruflich ging er nach kurzem Aufenthalt in Peking 2014 zur Bundesagentur f\u00fcr Arbeit, wo er zuletzt als Gesch\u00e4ftsf\u00fchrer der Arbeitsagentur Wuppertal-Solingen arbeitete. Als Generalsekret\u00e4r der FDP NRW leitete er hauptverantwortlich den erfolgreichen Wahlkampf der Freien Demokraten bei der Landtagswahl 2017. Vogel ist Mitglied des 20. Deutschen Bundestages. Seit Mai 2021 ist er stellvertretender Bundesvorsitzender der FDP, seit Dezember 2021 zudem Erster Parlamentarischer Gesch\u00e4ftsf\u00fchrer der FDP-Fraktion.<\/p>\n","protected":false},"excerpt":{"rendered":"<p>Vize-Vorsitzender<br \/>\nder FDP<\/p>\n","protected":false},"featured_media":9363,"template":"","speaker_types":[158],"speaker_filter":[168],"class_list":["post-4412","speakers","type-speakers","status-publish","has-post-thumbnail","hentry","speaker_types-speakers-2023","speaker_filter-2022-de"],"acf":[],"yoast_head":"<!-- This site is optimized with the Yoast SEO plugin v26.1.1 - https:\/\/yoast.com\/wordpress\/plugins\/seo\/ -->\n<title>Johannes Vogel - SO:25<\/title>\n<meta name=\"robots\" content=\"index, follow, max-snippet:-1, max-image-preview:large, max-video-preview:-1\" \/>\n<link rel=\"canonical\" href=\"https:\/\/so-events.org\/speakers\/johannes-vogel\" \/>\n<meta property=\"og:locale\" content=\"de_DE\" \/>\n<meta property=\"og:type\" content=\"article\" \/>\n<meta property=\"og:title\" content=\"Johannes Vogel - SO:25\" \/>\n<meta property=\"og:description\" content=\"Vize-Vorsitzender  der FDP\" \/>\n<meta property=\"og:url\" content=\"https:\/\/so-events.org\/speakers\/johannes-vogel\" \/>\n<meta property=\"og:site_name\" content=\"SO:25\" \/>\n<meta property=\"article:modified_time\" content=\"2025-07-22T13:44:39+00:00\" \/>\n<meta property=\"og:image\" content=\"https:\/\/so-events.org\/wp-content\/uploads\/2022\/07\/45.jpg\" \/>\n\t<meta property=\"og:image:width\" content=\"800\" \/>\n\t<meta property=\"og:image:height\" content=\"800\" \/>\n\t<meta property=\"og:image:type\" content=\"image\/jpeg\" \/>\n<meta name=\"twitter:card\" content=\"summary_large_image\" \/>\n<meta name=\"twitter:label1\" content=\"Gesch\u00e4tzte Lesezeit\" \/>\n\t<meta name=\"twitter:data1\" content=\"1\u00a0Minute\" \/>\n<script type=\"application\/ld+json\" class=\"yoast-schema-graph\">{\"@context\":\"https:\/\/schema.org\",\"@graph\":[{\"@type\":\"WebPage\",\"@id\":\"https:\/\/so-events.org\/speakers\/johannes-vogel\",\"url\":\"https:\/\/so-events.org\/speakers\/johannes-vogel\",\"name\":\"Johannes Vogel - SO:25\",\"isPartOf\":{\"@id\":\"https:\/\/so-events.org\/#website\"},\"primaryImageOfPage\":{\"@id\":\"https:\/\/so-events.org\/speakers\/johannes-vogel#primaryimage\"},\"image\":{\"@id\":\"https:\/\/so-events.org\/speakers\/johannes-vogel#primaryimage\"},\"thumbnailUrl\":\"https:\/\/so-events.org\/wp-content\/uploads\/2022\/07\/45.jpg\",\"datePublished\":\"2022-07-14T04:26:41+00:00\",\"dateModified\":\"2025-07-22T13:44:39+00:00\",\"breadcrumb\":{\"@id\":\"https:\/\/so-events.org\/speakers\/johannes-vogel#breadcrumb\"},\"inLanguage\":\"de\",\"potentialAction\":[{\"@type\":\"ReadAction\",\"target\":[\"https:\/\/so-events.org\/speakers\/johannes-vogel\"]}]},{\"@type\":\"ImageObject\",\"inLanguage\":\"de\",\"@id\":\"https:\/\/so-events.org\/speakers\/johannes-vogel#primaryimage\",\"url\":\"https:\/\/so-events.org\/wp-content\/uploads\/2022\/07\/45.jpg\",\"contentUrl\":\"https:\/\/so-events.org\/wp-content\/uploads\/2022\/07\/45.jpg\",\"width\":800,\"height\":800},{\"@type\":\"BreadcrumbList\",\"@id\":\"https:\/\/so-events.org\/speakers\/johannes-vogel#breadcrumb\",\"itemListElement\":[{\"@type\":\"ListItem\",\"position\":1,\"name\":\"Startseite\",\"item\":\"https:\/\/so-events.org\/\"},{\"@type\":\"ListItem\",\"position\":2,\"name\":\"Speakers\",\"item\":\"https:\/\/so-events.org\/speakers\"},{\"@type\":\"ListItem\",\"position\":3,\"name\":\"Johannes Vogel\"}]},{\"@type\":\"WebSite\",\"@id\":\"https:\/\/so-events.org\/#website\",\"url\":\"https:\/\/so-events.org\/\",\"name\":\"VE:25\",\"description\":\"Purpose\",\"publisher\":{\"@id\":\"https:\/\/so-events.org\/#organization\"},\"potentialAction\":[{\"@type\":\"SearchAction\",\"target\":{\"@type\":\"EntryPoint\",\"urlTemplate\":\"https:\/\/so-events.org\/?s={search_term_string}\"},\"query-input\":{\"@type\":\"PropertyValueSpecification\",\"valueRequired\":true,\"valueName\":\"search_term_string\"}}],\"inLanguage\":\"de\"},{\"@type\":\"Organization\",\"@id\":\"https:\/\/so-events.org\/#organization\",\"name\":\"VE:25\",\"url\":\"https:\/\/so-events.org\/\",\"logo\":{\"@type\":\"ImageObject\",\"inLanguage\":\"de\",\"@id\":\"https:\/\/so-events.org\/#\/schema\/logo\/image\/\",\"url\":\"https:\/\/so-events.org\/wp-content\/uploads\/2024\/09\/se25-logo.png\",\"contentUrl\":\"https:\/\/so-events.org\/wp-content\/uploads\/2024\/09\/se25-logo.png\",\"width\":1042,\"height\":393,\"caption\":\"VE:25\"},\"image\":{\"@id\":\"https:\/\/so-events.org\/#\/schema\/logo\/image\/\"}}]}<\/script>\n<!-- \/ Yoast SEO plugin. -->","yoast_head_json":{"title":"Johannes Vogel - SO:25","robots":{"index":"index","follow":"follow","max-snippet":"max-snippet:-1","max-image-preview":"max-image-preview:large","max-video-preview":"max-video-preview:-1"},"canonical":"https:\/\/so-events.org\/speakers\/johannes-vogel","og_locale":"de_DE","og_type":"article","og_title":"Johannes Vogel - SO:25","og_description":"Vize-Vorsitzender  der FDP","og_url":"https:\/\/so-events.org\/speakers\/johannes-vogel","og_site_name":"SO:25","article_modified_time":"2025-07-22T13:44:39+00:00","og_image":[{"width":800,"height":800,"url":"https:\/\/so-events.org\/wp-content\/uploads\/2022\/07\/45.jpg","type":"image\/jpeg"}],"twitter_card":"summary_large_image","twitter_misc":{"Gesch\u00e4tzte Lesezeit":"1\u00a0Minute"},"schema":{"@context":"https:\/\/schema.org","@graph":[{"@type":"WebPage","@id":"https:\/\/so-events.org\/speakers\/johannes-vogel","url":"https:\/\/so-events.org\/speakers\/johannes-vogel","name":"Johannes Vogel - SO:25","isPartOf":{"@id":"https:\/\/so-events.org\/#website"},"primaryImageOfPage":{"@id":"https:\/\/so-events.org\/speakers\/johannes-vogel#primaryimage"},"image":{"@id":"https:\/\/so-events.org\/speakers\/johannes-vogel#primaryimage"},"thumbnailUrl":"https:\/\/so-events.org\/wp-content\/uploads\/2022\/07\/45.jpg","datePublished":"2022-07-14T04:26:41+00:00","dateModified":"2025-07-22T13:44:39+00:00","breadcrumb":{"@id":"https:\/\/so-events.org\/speakers\/johannes-vogel#breadcrumb"},"inLanguage":"de","potentialAction":[{"@type":"ReadAction","target":["https:\/\/so-events.org\/speakers\/johannes-vogel"]}]},{"@type":"ImageObject","inLanguage":"de","@id":"https:\/\/so-events.org\/speakers\/johannes-vogel#primaryimage","url":"https:\/\/so-events.org\/wp-content\/uploads\/2022\/07\/45.jpg","contentUrl":"https:\/\/so-events.org\/wp-content\/uploads\/2022\/07\/45.jpg","width":800,"height":800},{"@type":"BreadcrumbList","@id":"https:\/\/so-events.org\/speakers\/johannes-vogel#breadcrumb","itemListElement":[{"@type":"ListItem","position":1,"name":"Startseite","item":"https:\/\/so-events.org\/"},{"@type":"ListItem","position":2,"name":"Speakers","item":"https:\/\/so-events.org\/speakers"},{"@type":"ListItem","position":3,"name":"Johannes Vogel"}]},{"@type":"WebSite","@id":"https:\/\/so-events.org\/#website","url":"https:\/\/so-events.org\/","name":"VE:25","description":"Purpose","publisher":{"@id":"https:\/\/so-events.org\/#organization"},"potentialAction":[{"@type":"SearchAction","target":{"@type":"EntryPoint","urlTemplate":"https:\/\/so-events.org\/?s={search_term_string}"},"query-input":{"@type":"PropertyValueSpecification","valueRequired":true,"valueName":"search_term_string"}}],"inLanguage":"de"},{"@type":"Organization","@id":"https:\/\/so-events.org\/#organization","name":"VE:25","url":"https:\/\/so-events.org\/","logo":{"@type":"ImageObject","inLanguage":"de","@id":"https:\/\/so-events.org\/#\/schema\/logo\/image\/","url":"https:\/\/so-events.org\/wp-content\/uploads\/2024\/09\/se25-logo.png","contentUrl":"https:\/\/so-events.org\/wp-content\/uploads\/2024\/09\/se25-logo.png","width":1042,"height":393,"caption":"VE:25"},"image":{"@id":"https:\/\/so-events.org\/#\/schema\/logo\/image\/"}}]}},"_links":{"self":[{"href":"https:\/\/so-events.org\/de\/wp-json\/wp\/v2\/speakers\/4412","targetHints":{"allow":["GET"]}}],"collection":[{"href":"https:\/\/so-events.org\/de\/wp-json\/wp\/v2\/speakers"}],"about":[{"href":"https:\/\/so-events.org\/de\/wp-json\/wp\/v2\/types\/speakers"}],"version-history":[{"count":0,"href":"https:\/\/so-events.org\/de\/wp-json\/wp\/v2\/speakers\/4412\/revisions"}],"wp:featuredmedia":[{"embeddable":true,"href":"https:\/\/so-events.org\/de\/wp-json\/wp\/v2\/media\/9363"}],"wp:attachment":[{"href":"https:\/\/so-events.org\/de\/wp-json\/wp\/v2\/media?parent=4412"}],"wp:term":[{"taxonomy":"speaker_types","embeddable":true,"href":"https:\/\/so-events.org\/de\/wp-json\/wp\/v2\/speaker_types?post=4412"},{"taxonomy":"speaker_filter","embeddable":true,"href":"https:\/\/so-events.org\/de\/wp-json\/wp\/v2\/speaker_filter?post=4412"}],"curies":[{"name":"wp","href":"https:\/\/api.w.org\/{rel}","templated":true}]}}

<p>Johannes Vogel ist in Wermelskirchen geboren und 39 Jahre alt. Er studierte Politik, Geschichte und Völkerrecht an der Universität Bonn und schloss 2009 mit dem Magister Artium ab. Fünf Jahre lang führte er die Jungen Liberalen als Bundesvorsitzender, 2009-2013 war er Mitglied des Deutschen Bundestags und arbeitsmarktpolitischer Sprecher der FDP-Bundestagsfraktion. Seit 2014 ist Vogel Generalsekretär der FDP NRW. Beruflich ging er nach kurzem Aufenthalt in Peking 2014 zur Bundesagentur für Arbeit, wo er zuletzt als Geschäftsführer der Arbeitsagentur Wuppertal-Solingen arbeitete. Als Generalsekretär der FDP NRW leitete er hauptverantwortlich den erfolgreichen Wahlkampf der Freien Demokraten bei der Landtagswahl 2017. Vogel ist Mitglied des 20. Deutschen Bundestages. Seit Mai 2021 ist er stellvertretender Bundesvorsitzender der FDP, seit Dezember 2021 zudem Erster Parlamentarischer Geschäftsführer der FDP-Fraktion.</p>

<!-- This site is optimized with the Yoast SEO plugin v26.1.1 - https://yoast.com/wordpress/plugins/seo/ -->
<title>Johannes Vogel - SO:25</title>
<meta name="robots" content="index, follow, max-snippet:-1, max-image-preview:large, max-video-preview:-1" />
<link rel="canonical" href="https://so-events.org/speakers/johannes-vogel" />
<meta property="og:locale" content="de_DE" />
<meta property="og:type" content="article" />
<meta property="og:title" content="Johannes Vogel - SO:25" />
<meta property="og:description" content="Vize-Vorsitzender  der FDP" />
<meta property="og:url" content="https://so-events.org/speakers/johannes-vogel" />
<meta property="og:site_name" content="SO:25" />
<meta property="article:modified_time" content="2025-07-22T13:44:39+00:00" />
<meta property="og:image" content="https://so-events.org/wp-content/uploads/2022/07/45.jpg" />
	<meta property="og:image:width" content="800" />
	<meta property="og:image:height" content="800" />
	<meta property="og:image:type" content="image/jpeg" />
<meta name="twitter:card" content="summary_large_image" />
<meta name="twitter:label1" content="Geschätzte Lesezeit" />
	<meta name="twitter:data1" content="1 Minute" />
<script type="application/ld+json" class="yoast-schema-graph">{"@context":"https://schema.org","@graph":[{"@type":"WebPage","@id":"https://so-events.org/speakers/johannes-vogel","url":"https://so-events.org/speakers/johannes-vogel","name":"Johannes Vogel - SO:25","isPartOf":{"@id":"https://so-events.org/#website"},"primaryImageOfPage":{"@id":"https://so-events.org/speakers/johannes-vogel#primaryimage"},"image":{"@id":"https://so-events.org/speakers/johannes-vogel#primaryimage"},"thumbnailUrl":"https://so-events.org/wp-content/uploads/2022/07/45.jpg","datePublished":"2022-07-14T04:26:41+00:00","dateModified":"2025-07-22T13:44:39+00:00","breadcrumb":{"@id":"https://so-events.org/speakers/johannes-vogel#breadcrumb"},"inLanguage":"de","potentialAction":[{"@type":"ReadAction","target":["https://so-events.org/speakers/johannes-vogel"]}]},{"@type":"ImageObject","inLanguage":"de","@id":"https://so-events.org/speakers/johannes-vogel#primaryimage","url":"https://so-events.org/wp-content/uploads/2022/07/45.jpg","contentUrl":"https://so-events.org/wp-content/uploads/2022/07/45.jpg","width":800,"height":800},{"@type":"BreadcrumbList","@id":"https://so-events.org/speakers/johannes-vogel#breadcrumb","itemListElement":[{"@type":"ListItem","position":1,"name":"Startseite","item":"https://so-events.org/"},{"@type":"ListItem","position":2,"name":"Speakers","item":"https://so-events.org/speakers"},{"@type":"ListItem","position":3,"name":"Johannes Vogel"}]},{"@type":"WebSite","@id":"https://so-events.org/#website","url":"https://so-events.org/","name":"VE:25","description":"Purpose","publisher":{"@id":"https://so-events.org/#organization"},"potentialAction":[{"@type":"SearchAction","target":{"@type":"EntryPoint","urlTemplate":"https://so-events.org/?s={search_term_string}"},"query-input":{"@type":"PropertyValueSpecification","valueRequired":true,"valueName":"search_term_string"}}],"inLanguage":"de"},{"@type":"Organization","@id":"https://so-events.org/#organization","name":"VE:25","url":"https://so-events.org/","logo":{"@type":"ImageObject","inLanguage":"de","@id":"https://so-events.org/#/schema/logo/image/","url":"https://so-events.org/wp-content/uploads/2024/09/se25-logo.png","contentUrl":"https://so-events.org/wp-content/uploads/2024/09/se25-logo.png","width":1042,"height":393,"caption":"VE:25"},"image":{"@id":"https://so-events.org/#/schema/logo/image/"}}]}</script>
<!-- / Yoast SEO plugin. -->
