{"id":4408,"date":"2022-07-14T04:24:14","date_gmt":"2022-07-14T04:24:14","guid":{"rendered":"https:\/\/so-events.org\/?post_type=speakers&#038;p=4408"},"modified":"2025-07-03T09:59:45","modified_gmt":"2025-07-03T09:59:45","slug":"gerhard-behles","status":"publish","type":"speakers","link":"https:\/\/so-events.org\/de\/speakers\/gerhard-behles","title":{"rendered":"Gerhard Behles"},"content":{"rendered":"<p>Gerhard Behles wuchs in M\u00fcnchen auf und interessierte sich schon als Jugendlicher f\u00fcr elektronische Musik. Nach einem Jahr am Institut f\u00fcr Sonologie in Den Haag zog er nach Berlin, um Informatik zu studieren Dort arbeitete er auch als freiberuflicher Autor elektronischer Musik, Forscher und Computermusiklehrer. Sp\u00e4ter gr\u00fcndete Behles mit seinem Studienkollegen Robert Henke das elektronische Musikprojekt Monolake. Zusammen arbeiteten sie mit dem Informatiker Bernd Roggendorf an einer neuen Musiksoftware, aus der schlie\u00dflich Ableton Live wurde. Behles und Roggendorf gr\u00fcndeten Ableton im Jahr 1999, und Live wurde schnell zu einem der beliebtesten Sequenzer-Programme f\u00fcr Elektronik-Musiker. Heute ist Behles weiterhin CEO und Chef-Vision\u00e4r von Ableton, wo er die Arbeit von mehr als 500 Mitarbeitern beaufsichtigt, die die Zukunft von Live, Push und mehr entwickeln.<\/p>\n","protected":false},"excerpt":{"rendered":"<p>Co-Gr\u00fcnder &#038; Gesch\u00e4ftsf\u00fchrer<br \/>\nAbleton<\/p>\n","protected":false},"featured_media":9261,"template":"","speaker_types":[],"speaker_filter":[168],"class_list":["post-4408","speakers","type-speakers","status-publish","has-post-thumbnail","hentry","speaker_filter-2022-de"],"acf":[],"yoast_head":"<!-- This site is optimized with the Yoast SEO plugin v26.1.1 - https:\/\/yoast.com\/wordpress\/plugins\/seo\/ -->\n<title>Gerhard Behles - SO:25<\/title>\n<meta name=\"robots\" content=\"index, follow, max-snippet:-1, max-image-preview:large, max-video-preview:-1\" \/>\n<link rel=\"canonical\" href=\"https:\/\/so-events.org\/speakers\/gerhard-behles\" \/>\n<meta property=\"og:locale\" content=\"de_DE\" \/>\n<meta property=\"og:type\" content=\"article\" \/>\n<meta property=\"og:title\" content=\"Gerhard Behles - SO:25\" \/>\n<meta property=\"og:description\" content=\"Co-Gr\u00fcnder &amp; Gesch\u00e4ftsf\u00fchrer Ableton\" \/>\n<meta property=\"og:url\" content=\"https:\/\/so-events.org\/speakers\/gerhard-behles\" \/>\n<meta property=\"og:site_name\" content=\"SO:25\" \/>\n<meta property=\"article:modified_time\" content=\"2025-07-03T09:59:45+00:00\" \/>\n<meta property=\"og:image\" content=\"https:\/\/so-events.org\/wp-content\/uploads\/2022\/07\/28.jpg\" \/>\n\t<meta property=\"og:image:width\" content=\"800\" \/>\n\t<meta property=\"og:image:height\" content=\"800\" \/>\n\t<meta property=\"og:image:type\" content=\"image\/jpeg\" \/>\n<meta name=\"twitter:card\" content=\"summary_large_image\" \/>\n<meta name=\"twitter:label1\" content=\"Gesch\u00e4tzte Lesezeit\" \/>\n\t<meta name=\"twitter:data1\" content=\"1\u00a0Minute\" \/>\n<script type=\"application\/ld+json\" class=\"yoast-schema-graph\">{\"@context\":\"https:\/\/schema.org\",\"@graph\":[{\"@type\":\"WebPage\",\"@id\":\"https:\/\/so-events.org\/speakers\/gerhard-behles\",\"url\":\"https:\/\/so-events.org\/speakers\/gerhard-behles\",\"name\":\"Gerhard Behles - SO:25\",\"isPartOf\":{\"@id\":\"https:\/\/so-events.org\/#website\"},\"primaryImageOfPage\":{\"@id\":\"https:\/\/so-events.org\/speakers\/gerhard-behles#primaryimage\"},\"image\":{\"@id\":\"https:\/\/so-events.org\/speakers\/gerhard-behles#primaryimage\"},\"thumbnailUrl\":\"https:\/\/so-events.org\/wp-content\/uploads\/2022\/07\/28.jpg\",\"datePublished\":\"2022-07-14T04:24:14+00:00\",\"dateModified\":\"2025-07-03T09:59:45+00:00\",\"breadcrumb\":{\"@id\":\"https:\/\/so-events.org\/speakers\/gerhard-behles#breadcrumb\"},\"inLanguage\":\"de\",\"potentialAction\":[{\"@type\":\"ReadAction\",\"target\":[\"https:\/\/so-events.org\/speakers\/gerhard-behles\"]}]},{\"@type\":\"ImageObject\",\"inLanguage\":\"de\",\"@id\":\"https:\/\/so-events.org\/speakers\/gerhard-behles#primaryimage\",\"url\":\"https:\/\/so-events.org\/wp-content\/uploads\/2022\/07\/28.jpg\",\"contentUrl\":\"https:\/\/so-events.org\/wp-content\/uploads\/2022\/07\/28.jpg\",\"width\":800,\"height\":800},{\"@type\":\"BreadcrumbList\",\"@id\":\"https:\/\/so-events.org\/speakers\/gerhard-behles#breadcrumb\",\"itemListElement\":[{\"@type\":\"ListItem\",\"position\":1,\"name\":\"Startseite\",\"item\":\"https:\/\/so-events.org\/\"},{\"@type\":\"ListItem\",\"position\":2,\"name\":\"Speakers\",\"item\":\"https:\/\/so-events.org\/speakers\"},{\"@type\":\"ListItem\",\"position\":3,\"name\":\"Gerhard Behles\"}]},{\"@type\":\"WebSite\",\"@id\":\"https:\/\/so-events.org\/#website\",\"url\":\"https:\/\/so-events.org\/\",\"name\":\"VE:25\",\"description\":\"Purpose\",\"publisher\":{\"@id\":\"https:\/\/so-events.org\/#organization\"},\"potentialAction\":[{\"@type\":\"SearchAction\",\"target\":{\"@type\":\"EntryPoint\",\"urlTemplate\":\"https:\/\/so-events.org\/?s={search_term_string}\"},\"query-input\":{\"@type\":\"PropertyValueSpecification\",\"valueRequired\":true,\"valueName\":\"search_term_string\"}}],\"inLanguage\":\"de\"},{\"@type\":\"Organization\",\"@id\":\"https:\/\/so-events.org\/#organization\",\"name\":\"VE:25\",\"url\":\"https:\/\/so-events.org\/\",\"logo\":{\"@type\":\"ImageObject\",\"inLanguage\":\"de\",\"@id\":\"https:\/\/so-events.org\/#\/schema\/logo\/image\/\",\"url\":\"https:\/\/so-events.org\/wp-content\/uploads\/2024\/09\/se25-logo.png\",\"contentUrl\":\"https:\/\/so-events.org\/wp-content\/uploads\/2024\/09\/se25-logo.png\",\"width\":1042,\"height\":393,\"caption\":\"VE:25\"},\"image\":{\"@id\":\"https:\/\/so-events.org\/#\/schema\/logo\/image\/\"}}]}<\/script>\n<!-- \/ Yoast SEO plugin. -->","yoast_head_json":{"title":"Gerhard Behles - SO:25","robots":{"index":"index","follow":"follow","max-snippet":"max-snippet:-1","max-image-preview":"max-image-preview:large","max-video-preview":"max-video-preview:-1"},"canonical":"https:\/\/so-events.org\/speakers\/gerhard-behles","og_locale":"de_DE","og_type":"article","og_title":"Gerhard Behles - SO:25","og_description":"Co-Gr\u00fcnder & Gesch\u00e4ftsf\u00fchrer Ableton","og_url":"https:\/\/so-events.org\/speakers\/gerhard-behles","og_site_name":"SO:25","article_modified_time":"2025-07-03T09:59:45+00:00","og_image":[{"width":800,"height":800,"url":"https:\/\/so-events.org\/wp-content\/uploads\/2022\/07\/28.jpg","type":"image\/jpeg"}],"twitter_card":"summary_large_image","twitter_misc":{"Gesch\u00e4tzte Lesezeit":"1\u00a0Minute"},"schema":{"@context":"https:\/\/schema.org","@graph":[{"@type":"WebPage","@id":"https:\/\/so-events.org\/speakers\/gerhard-behles","url":"https:\/\/so-events.org\/speakers\/gerhard-behles","name":"Gerhard Behles - SO:25","isPartOf":{"@id":"https:\/\/so-events.org\/#website"},"primaryImageOfPage":{"@id":"https:\/\/so-events.org\/speakers\/gerhard-behles#primaryimage"},"image":{"@id":"https:\/\/so-events.org\/speakers\/gerhard-behles#primaryimage"},"thumbnailUrl":"https:\/\/so-events.org\/wp-content\/uploads\/2022\/07\/28.jpg","datePublished":"2022-07-14T04:24:14+00:00","dateModified":"2025-07-03T09:59:45+00:00","breadcrumb":{"@id":"https:\/\/so-events.org\/speakers\/gerhard-behles#breadcrumb"},"inLanguage":"de","potentialAction":[{"@type":"ReadAction","target":["https:\/\/so-events.org\/speakers\/gerhard-behles"]}]},{"@type":"ImageObject","inLanguage":"de","@id":"https:\/\/so-events.org\/speakers\/gerhard-behles#primaryimage","url":"https:\/\/so-events.org\/wp-content\/uploads\/2022\/07\/28.jpg","contentUrl":"https:\/\/so-events.org\/wp-content\/uploads\/2022\/07\/28.jpg","width":800,"height":800},{"@type":"BreadcrumbList","@id":"https:\/\/so-events.org\/speakers\/gerhard-behles#breadcrumb","itemListElement":[{"@type":"ListItem","position":1,"name":"Startseite","item":"https:\/\/so-events.org\/"},{"@type":"ListItem","position":2,"name":"Speakers","item":"https:\/\/so-events.org\/speakers"},{"@type":"ListItem","position":3,"name":"Gerhard Behles"}]},{"@type":"WebSite","@id":"https:\/\/so-events.org\/#website","url":"https:\/\/so-events.org\/","name":"VE:25","description":"Purpose","publisher":{"@id":"https:\/\/so-events.org\/#organization"},"potentialAction":[{"@type":"SearchAction","target":{"@type":"EntryPoint","urlTemplate":"https:\/\/so-events.org\/?s={search_term_string}"},"query-input":{"@type":"PropertyValueSpecification","valueRequired":true,"valueName":"search_term_string"}}],"inLanguage":"de"},{"@type":"Organization","@id":"https:\/\/so-events.org\/#organization","name":"VE:25","url":"https:\/\/so-events.org\/","logo":{"@type":"ImageObject","inLanguage":"de","@id":"https:\/\/so-events.org\/#\/schema\/logo\/image\/","url":"https:\/\/so-events.org\/wp-content\/uploads\/2024\/09\/se25-logo.png","contentUrl":"https:\/\/so-events.org\/wp-content\/uploads\/2024\/09\/se25-logo.png","width":1042,"height":393,"caption":"VE:25"},"image":{"@id":"https:\/\/so-events.org\/#\/schema\/logo\/image\/"}}]}},"_links":{"self":[{"href":"https:\/\/so-events.org\/de\/wp-json\/wp\/v2\/speakers\/4408","targetHints":{"allow":["GET"]}}],"collection":[{"href":"https:\/\/so-events.org\/de\/wp-json\/wp\/v2\/speakers"}],"about":[{"href":"https:\/\/so-events.org\/de\/wp-json\/wp\/v2\/types\/speakers"}],"version-history":[{"count":0,"href":"https:\/\/so-events.org\/de\/wp-json\/wp\/v2\/speakers\/4408\/revisions"}],"wp:featuredmedia":[{"embeddable":true,"href":"https:\/\/so-events.org\/de\/wp-json\/wp\/v2\/media\/9261"}],"wp:attachment":[{"href":"https:\/\/so-events.org\/de\/wp-json\/wp\/v2\/media?parent=4408"}],"wp:term":[{"taxonomy":"speaker_types","embeddable":true,"href":"https:\/\/so-events.org\/de\/wp-json\/wp\/v2\/speaker_types?post=4408"},{"taxonomy":"speaker_filter","embeddable":true,"href":"https:\/\/so-events.org\/de\/wp-json\/wp\/v2\/speaker_filter?post=4408"}],"curies":[{"name":"wp","href":"https:\/\/api.w.org\/{rel}","templated":true}]}}

<p>Gerhard Behles wuchs in München auf und interessierte sich schon als Jugendlicher für elektronische Musik. Nach einem Jahr am Institut für Sonologie in Den Haag zog er nach Berlin, um Informatik zu studieren Dort arbeitete er auch als freiberuflicher Autor elektronischer Musik, Forscher und Computermusiklehrer. Später gründete Behles mit seinem Studienkollegen Robert Henke das elektronische Musikprojekt Monolake. Zusammen arbeiteten sie mit dem Informatiker Bernd Roggendorf an einer neuen Musiksoftware, aus der schließlich Ableton Live wurde. Behles und Roggendorf gründeten Ableton im Jahr 1999, und Live wurde schnell zu einem der beliebtesten Sequenzer-Programme für Elektronik-Musiker. Heute ist Behles weiterhin CEO und Chef-Visionär von Ableton, wo er die Arbeit von mehr als 500 Mitarbeitern beaufsichtigt, die die Zukunft von Live, Push und mehr entwickeln.</p>

<p>Co-Gründer &#038; Geschäftsführer<br />
Ableton</p>

<!-- This site is optimized with the Yoast SEO plugin v26.1.1 - https://yoast.com/wordpress/plugins/seo/ -->
<title>Gerhard Behles - SO:25</title>
<meta name="robots" content="index, follow, max-snippet:-1, max-image-preview:large, max-video-preview:-1" />
<link rel="canonical" href="https://so-events.org/speakers/gerhard-behles" />
<meta property="og:locale" content="de_DE" />
<meta property="og:type" content="article" />
<meta property="og:title" content="Gerhard Behles - SO:25" />
<meta property="og:description" content="Co-Gründer &amp; Geschäftsführer Ableton" />
<meta property="og:url" content="https://so-events.org/speakers/gerhard-behles" />
<meta property="og:site_name" content="SO:25" />
<meta property="article:modified_time" content="2025-07-03T09:59:45+00:00" />
<meta property="og:image" content="https://so-events.org/wp-content/uploads/2022/07/28.jpg" />
	<meta property="og:image:width" content="800" />
	<meta property="og:image:height" content="800" />
	<meta property="og:image:type" content="image/jpeg" />
<meta name="twitter:card" content="summary_large_image" />
<meta name="twitter:label1" content="Geschätzte Lesezeit" />
	<meta name="twitter:data1" content="1 Minute" />
<script type="application/ld+json" class="yoast-schema-graph">{"@context":"https://schema.org","@graph":[{"@type":"WebPage","@id":"https://so-events.org/speakers/gerhard-behles","url":"https://so-events.org/speakers/gerhard-behles","name":"Gerhard Behles - SO:25","isPartOf":{"@id":"https://so-events.org/#website"},"primaryImageOfPage":{"@id":"https://so-events.org/speakers/gerhard-behles#primaryimage"},"image":{"@id":"https://so-events.org/speakers/gerhard-behles#primaryimage"},"thumbnailUrl":"https://so-events.org/wp-content/uploads/2022/07/28.jpg","datePublished":"2022-07-14T04:24:14+00:00","dateModified":"2025-07-03T09:59:45+00:00","breadcrumb":{"@id":"https://so-events.org/speakers/gerhard-behles#breadcrumb"},"inLanguage":"de","potentialAction":[{"@type":"ReadAction","target":["https://so-events.org/speakers/gerhard-behles"]}]},{"@type":"ImageObject","inLanguage":"de","@id":"https://so-events.org/speakers/gerhard-behles#primaryimage","url":"https://so-events.org/wp-content/uploads/2022/07/28.jpg","contentUrl":"https://so-events.org/wp-content/uploads/2022/07/28.jpg","width":800,"height":800},{"@type":"BreadcrumbList","@id":"https://so-events.org/speakers/gerhard-behles#breadcrumb","itemListElement":[{"@type":"ListItem","position":1,"name":"Startseite","item":"https://so-events.org/"},{"@type":"ListItem","position":2,"name":"Speakers","item":"https://so-events.org/speakers"},{"@type":"ListItem","position":3,"name":"Gerhard Behles"}]},{"@type":"WebSite","@id":"https://so-events.org/#website","url":"https://so-events.org/","name":"VE:25","description":"Purpose","publisher":{"@id":"https://so-events.org/#organization"},"potentialAction":[{"@type":"SearchAction","target":{"@type":"EntryPoint","urlTemplate":"https://so-events.org/?s={search_term_string}"},"query-input":{"@type":"PropertyValueSpecification","valueRequired":true,"valueName":"search_term_string"}}],"inLanguage":"de"},{"@type":"Organization","@id":"https://so-events.org/#organization","name":"VE:25","url":"https://so-events.org/","logo":{"@type":"ImageObject","inLanguage":"de","@id":"https://so-events.org/#/schema/logo/image/","url":"https://so-events.org/wp-content/uploads/2024/09/se25-logo.png","contentUrl":"https://so-events.org/wp-content/uploads/2024/09/se25-logo.png","width":1042,"height":393,"caption":"VE:25"},"image":{"@id":"https://so-events.org/#/schema/logo/image/"}}]}</script>
<!-- / Yoast SEO plugin. -->

Co-Gründer & Geschäftsführer Ableton
