{"id":11977,"date":"2025-09-22T18:21:23","date_gmt":"2025-09-22T18:21:23","guid":{"rendered":"https:\/\/so-events.org\/?post_type=speakers&#038;p=11977"},"modified":"2025-09-23T12:32:56","modified_gmt":"2025-09-23T12:32:56","slug":"harald-schneider","status":"publish","type":"speakers","link":"https:\/\/so-events.org\/de\/speakers\/harald-schneider","title":{"rendered":"Harald Schneider"},"content":{"rendered":"<p data-start=\"101\" data-end=\"554\">In Deutschland zum Psychiater und Systemtherapeuten ausgebildet, ist Harald Schneider seit 2004 in den Niederlanden t\u00e4tig \u2013 zun\u00e4chst als Psychiater bei Lentis, wo er zehn Jahre lang als \u00c4rztlicher Direktor zunehmend gr\u00f6\u00dfere Bereiche verantwortete, zuletzt mit 1.400 Mitarbeitenden. 2018 wechselte er zu BuurtzorgT, einer Organisation mit selbstorganisierenden Teams, und initiierte dort das erste Team in Groningen. Seit November 2024 ist er Steward von BuurtzorgT.<\/p>\n<p data-start=\"556\" data-end=\"1000\">Seine Erfahrungen in klassisch hierarchisch gef\u00fchrten Organisationen pr\u00e4gen seine heutige Perspektive: Als \u00c4rztlicher Direktor hatte er zunehmend das Gef\u00fchl, eher Teil des Problems als Teil der L\u00f6sung zu sein. Besonders die gro\u00dfe Eigenverantwortlichkeit der Teams und das Prinzip der Einfachheit als leitendes Grundprinzip \u00fcberzeugten ihn bei BuurtzorgT \u2013 gerade im Kontrast zu den komplexen Strukturen, die er zuvor jahrelang managen musste.<\/p>\n","protected":false},"excerpt":{"rendered":"<p>Steward, BuurtzorgT<\/p>\n","protected":false},"featured_media":12020,"template":"","speaker_types":[180],"speaker_filter":[166],"class_list":["post-11977","speakers","type-speakers","status-publish","has-post-thumbnail","hentry","speaker_types-speakers-2025-de","speaker_filter-2025-de"],"acf":[],"yoast_head":"<!-- This site is optimized with the Yoast SEO plugin v26.1.1 - https:\/\/yoast.com\/wordpress\/plugins\/seo\/ -->\n<title>Marije Schasfoort<\/title>\n<meta name=\"description\" content=\"Marije Schasfoort ist Speaker auf der SO:25 - die Konferenz zu Verantwortungseigentum 2025.\" \/>\n<meta name=\"robots\" content=\"index, follow, max-snippet:-1, max-image-preview:large, max-video-preview:-1\" \/>\n<link rel=\"canonical\" href=\"https:\/\/so-events.org\/de\/speakers\/harald-schneider\" \/>\n<meta property=\"og:locale\" content=\"de_DE\" \/>\n<meta property=\"og:type\" content=\"article\" \/>\n<meta property=\"og:title\" content=\"Marije Schasfoort\" \/>\n<meta property=\"og:description\" content=\"Marije Schasfoort ist Speaker auf der SO:25 - die Konferenz zu Verantwortungseigentum 2025.\" \/>\n<meta property=\"og:url\" content=\"https:\/\/so-events.org\/de\/speakers\/harald-schneider\" \/>\n<meta property=\"og:site_name\" content=\"SO:25\" \/>\n<meta property=\"article:modified_time\" content=\"2025-09-23T12:32:56+00:00\" \/>\n<meta property=\"og:image\" content=\"http:\/\/so-events.org\/wp-content\/uploads\/2025\/09\/Harald-Schneider.jpg\" \/>\n\t<meta property=\"og:image:width\" content=\"800\" \/>\n\t<meta property=\"og:image:height\" content=\"800\" \/>\n\t<meta property=\"og:image:type\" content=\"image\/jpeg\" \/>\n<meta name=\"twitter:card\" content=\"summary_large_image\" \/>\n<meta name=\"twitter:label1\" content=\"Gesch\u00e4tzte Lesezeit\" \/>\n\t<meta name=\"twitter:data1\" content=\"1\u00a0Minute\" \/>\n<script type=\"application\/ld+json\" class=\"yoast-schema-graph\">{\"@context\":\"https:\/\/schema.org\",\"@graph\":[{\"@type\":\"WebPage\",\"@id\":\"https:\/\/so-events.org\/de\/speakers\/harald-schneider\",\"url\":\"https:\/\/so-events.org\/de\/speakers\/harald-schneider\",\"name\":\"Marije Schasfoort\",\"isPartOf\":{\"@id\":\"https:\/\/so-events.org\/#website\"},\"primaryImageOfPage\":{\"@id\":\"https:\/\/so-events.org\/de\/speakers\/harald-schneider#primaryimage\"},\"image\":{\"@id\":\"https:\/\/so-events.org\/de\/speakers\/harald-schneider#primaryimage\"},\"thumbnailUrl\":\"https:\/\/so-events.org\/wp-content\/uploads\/2025\/09\/23_sep_1.jpg\",\"datePublished\":\"2025-09-22T18:21:23+00:00\",\"dateModified\":\"2025-09-23T12:32:56+00:00\",\"description\":\"Marije Schasfoort ist Speaker auf der SO:25 - die Konferenz zu Verantwortungseigentum 2025.\",\"breadcrumb\":{\"@id\":\"https:\/\/so-events.org\/de\/speakers\/harald-schneider#breadcrumb\"},\"inLanguage\":\"de\",\"potentialAction\":[{\"@type\":\"ReadAction\",\"target\":[\"https:\/\/so-events.org\/de\/speakers\/harald-schneider\"]}]},{\"@type\":\"ImageObject\",\"inLanguage\":\"de\",\"@id\":\"https:\/\/so-events.org\/de\/speakers\/harald-schneider#primaryimage\",\"url\":\"https:\/\/so-events.org\/wp-content\/uploads\/2025\/09\/23_sep_1.jpg\",\"contentUrl\":\"https:\/\/so-events.org\/wp-content\/uploads\/2025\/09\/23_sep_1.jpg\",\"width\":800,\"height\":800},{\"@type\":\"BreadcrumbList\",\"@id\":\"https:\/\/so-events.org\/de\/speakers\/harald-schneider#breadcrumb\",\"itemListElement\":[{\"@type\":\"ListItem\",\"position\":1,\"name\":\"Startseite\",\"item\":\"https:\/\/so-events.org\/\"},{\"@type\":\"ListItem\",\"position\":2,\"name\":\"Speakers\",\"item\":\"https:\/\/so-events.org\/speakers\"},{\"@type\":\"ListItem\",\"position\":3,\"name\":\"Harald Schneider\"}]},{\"@type\":\"WebSite\",\"@id\":\"https:\/\/so-events.org\/#website\",\"url\":\"https:\/\/so-events.org\/\",\"name\":\"VE:25\",\"description\":\"Purpose\",\"publisher\":{\"@id\":\"https:\/\/so-events.org\/#organization\"},\"potentialAction\":[{\"@type\":\"SearchAction\",\"target\":{\"@type\":\"EntryPoint\",\"urlTemplate\":\"https:\/\/so-events.org\/?s={search_term_string}\"},\"query-input\":{\"@type\":\"PropertyValueSpecification\",\"valueRequired\":true,\"valueName\":\"search_term_string\"}}],\"inLanguage\":\"de\"},{\"@type\":\"Organization\",\"@id\":\"https:\/\/so-events.org\/#organization\",\"name\":\"VE:25\",\"url\":\"https:\/\/so-events.org\/\",\"logo\":{\"@type\":\"ImageObject\",\"inLanguage\":\"de\",\"@id\":\"https:\/\/so-events.org\/#\/schema\/logo\/image\/\",\"url\":\"https:\/\/so-events.org\/wp-content\/uploads\/2024\/09\/se25-logo.png\",\"contentUrl\":\"https:\/\/so-events.org\/wp-content\/uploads\/2024\/09\/se25-logo.png\",\"width\":1042,\"height\":393,\"caption\":\"VE:25\"},\"image\":{\"@id\":\"https:\/\/so-events.org\/#\/schema\/logo\/image\/\"}}]}<\/script>\n<!-- \/ Yoast SEO plugin. -->","yoast_head_json":{"title":"Marije Schasfoort","description":"Marije Schasfoort ist Speaker auf der SO:25 - die Konferenz zu Verantwortungseigentum 2025.","robots":{"index":"index","follow":"follow","max-snippet":"max-snippet:-1","max-image-preview":"max-image-preview:large","max-video-preview":"max-video-preview:-1"},"canonical":"https:\/\/so-events.org\/de\/speakers\/harald-schneider","og_locale":"de_DE","og_type":"article","og_title":"Marije Schasfoort","og_description":"Marije Schasfoort ist Speaker auf der SO:25 - die Konferenz zu Verantwortungseigentum 2025.","og_url":"https:\/\/so-events.org\/de\/speakers\/harald-schneider","og_site_name":"SO:25","article_modified_time":"2025-09-23T12:32:56+00:00","og_image":[{"width":800,"height":800,"url":"http:\/\/so-events.org\/wp-content\/uploads\/2025\/09\/Harald-Schneider.jpg","type":"image\/jpeg"}],"twitter_card":"summary_large_image","twitter_misc":{"Gesch\u00e4tzte Lesezeit":"1\u00a0Minute"},"schema":{"@context":"https:\/\/schema.org","@graph":[{"@type":"WebPage","@id":"https:\/\/so-events.org\/de\/speakers\/harald-schneider","url":"https:\/\/so-events.org\/de\/speakers\/harald-schneider","name":"Marije Schasfoort","isPartOf":{"@id":"https:\/\/so-events.org\/#website"},"primaryImageOfPage":{"@id":"https:\/\/so-events.org\/de\/speakers\/harald-schneider#primaryimage"},"image":{"@id":"https:\/\/so-events.org\/de\/speakers\/harald-schneider#primaryimage"},"thumbnailUrl":"https:\/\/so-events.org\/wp-content\/uploads\/2025\/09\/23_sep_1.jpg","datePublished":"2025-09-22T18:21:23+00:00","dateModified":"2025-09-23T12:32:56+00:00","description":"Marije Schasfoort ist Speaker auf der SO:25 - die Konferenz zu Verantwortungseigentum 2025.","breadcrumb":{"@id":"https:\/\/so-events.org\/de\/speakers\/harald-schneider#breadcrumb"},"inLanguage":"de","potentialAction":[{"@type":"ReadAction","target":["https:\/\/so-events.org\/de\/speakers\/harald-schneider"]}]},{"@type":"ImageObject","inLanguage":"de","@id":"https:\/\/so-events.org\/de\/speakers\/harald-schneider#primaryimage","url":"https:\/\/so-events.org\/wp-content\/uploads\/2025\/09\/23_sep_1.jpg","contentUrl":"https:\/\/so-events.org\/wp-content\/uploads\/2025\/09\/23_sep_1.jpg","width":800,"height":800},{"@type":"BreadcrumbList","@id":"https:\/\/so-events.org\/de\/speakers\/harald-schneider#breadcrumb","itemListElement":[{"@type":"ListItem","position":1,"name":"Startseite","item":"https:\/\/so-events.org\/"},{"@type":"ListItem","position":2,"name":"Speakers","item":"https:\/\/so-events.org\/speakers"},{"@type":"ListItem","position":3,"name":"Harald Schneider"}]},{"@type":"WebSite","@id":"https:\/\/so-events.org\/#website","url":"https:\/\/so-events.org\/","name":"VE:25","description":"Purpose","publisher":{"@id":"https:\/\/so-events.org\/#organization"},"potentialAction":[{"@type":"SearchAction","target":{"@type":"EntryPoint","urlTemplate":"https:\/\/so-events.org\/?s={search_term_string}"},"query-input":{"@type":"PropertyValueSpecification","valueRequired":true,"valueName":"search_term_string"}}],"inLanguage":"de"},{"@type":"Organization","@id":"https:\/\/so-events.org\/#organization","name":"VE:25","url":"https:\/\/so-events.org\/","logo":{"@type":"ImageObject","inLanguage":"de","@id":"https:\/\/so-events.org\/#\/schema\/logo\/image\/","url":"https:\/\/so-events.org\/wp-content\/uploads\/2024\/09\/se25-logo.png","contentUrl":"https:\/\/so-events.org\/wp-content\/uploads\/2024\/09\/se25-logo.png","width":1042,"height":393,"caption":"VE:25"},"image":{"@id":"https:\/\/so-events.org\/#\/schema\/logo\/image\/"}}]}},"_links":{"self":[{"href":"https:\/\/so-events.org\/de\/wp-json\/wp\/v2\/speakers\/11977","targetHints":{"allow":["GET"]}}],"collection":[{"href":"https:\/\/so-events.org\/de\/wp-json\/wp\/v2\/speakers"}],"about":[{"href":"https:\/\/so-events.org\/de\/wp-json\/wp\/v2\/types\/speakers"}],"version-history":[{"count":1,"href":"https:\/\/so-events.org\/de\/wp-json\/wp\/v2\/speakers\/11977\/revisions"}],"predecessor-version":[{"id":11981,"href":"https:\/\/so-events.org\/de\/wp-json\/wp\/v2\/speakers\/11977\/revisions\/11981"}],"wp:featuredmedia":[{"embeddable":true,"href":"https:\/\/so-events.org\/de\/wp-json\/wp\/v2\/media\/12020"}],"wp:attachment":[{"href":"https:\/\/so-events.org\/de\/wp-json\/wp\/v2\/media?parent=11977"}],"wp:term":[{"taxonomy":"speaker_types","embeddable":true,"href":"https:\/\/so-events.org\/de\/wp-json\/wp\/v2\/speaker_types?post=11977"},{"taxonomy":"speaker_filter","embeddable":true,"href":"https:\/\/so-events.org\/de\/wp-json\/wp\/v2\/speaker_filter?post=11977"}],"curies":[{"name":"wp","href":"https:\/\/api.w.org\/{rel}","templated":true}]}}

<p data-start="101" data-end="554">In Deutschland zum Psychiater und Systemtherapeuten ausgebildet, ist Harald Schneider seit 2004 in den Niederlanden tätig – zunächst als Psychiater bei Lentis, wo er zehn Jahre lang als Ärztlicher Direktor zunehmend größere Bereiche verantwortete, zuletzt mit 1.400 Mitarbeitenden. 2018 wechselte er zu BuurtzorgT, einer Organisation mit selbstorganisierenden Teams, und initiierte dort das erste Team in Groningen. Seit November 2024 ist er Steward von BuurtzorgT.</p>
<p data-start="556" data-end="1000">Seine Erfahrungen in klassisch hierarchisch geführten Organisationen prägen seine heutige Perspektive: Als Ärztlicher Direktor hatte er zunehmend das Gefühl, eher Teil des Problems als Teil der Lösung zu sein. Besonders die große Eigenverantwortlichkeit der Teams und das Prinzip der Einfachheit als leitendes Grundprinzip überzeugten ihn bei BuurtzorgT – gerade im Kontrast zu den komplexen Strukturen, die er zuvor jahrelang managen musste.</p>

<!-- This site is optimized with the Yoast SEO plugin v26.1.1 - https://yoast.com/wordpress/plugins/seo/ -->
<title>Marije Schasfoort</title>
<meta name="description" content="Marije Schasfoort ist Speaker auf der SO:25 - die Konferenz zu Verantwortungseigentum 2025." />
<meta name="robots" content="index, follow, max-snippet:-1, max-image-preview:large, max-video-preview:-1" />
<link rel="canonical" href="https://so-events.org/de/speakers/harald-schneider" />
<meta property="og:locale" content="de_DE" />
<meta property="og:type" content="article" />
<meta property="og:title" content="Marije Schasfoort" />
<meta property="og:description" content="Marije Schasfoort ist Speaker auf der SO:25 - die Konferenz zu Verantwortungseigentum 2025." />
<meta property="og:url" content="https://so-events.org/de/speakers/harald-schneider" />
<meta property="og:site_name" content="SO:25" />
<meta property="article:modified_time" content="2025-09-23T12:32:56+00:00" />
<meta property="og:image" content="http://so-events.org/wp-content/uploads/2025/09/Harald-Schneider.jpg" />
	<meta property="og:image:width" content="800" />
	<meta property="og:image:height" content="800" />
	<meta property="og:image:type" content="image/jpeg" />
<meta name="twitter:card" content="summary_large_image" />
<meta name="twitter:label1" content="Geschätzte Lesezeit" />
	<meta name="twitter:data1" content="1 Minute" />
<script type="application/ld+json" class="yoast-schema-graph">{"@context":"https://schema.org","@graph":[{"@type":"WebPage","@id":"https://so-events.org/de/speakers/harald-schneider","url":"https://so-events.org/de/speakers/harald-schneider","name":"Marije Schasfoort","isPartOf":{"@id":"https://so-events.org/#website"},"primaryImageOfPage":{"@id":"https://so-events.org/de/speakers/harald-schneider#primaryimage"},"image":{"@id":"https://so-events.org/de/speakers/harald-schneider#primaryimage"},"thumbnailUrl":"https://so-events.org/wp-content/uploads/2025/09/23_sep_1.jpg","datePublished":"2025-09-22T18:21:23+00:00","dateModified":"2025-09-23T12:32:56+00:00","description":"Marije Schasfoort ist Speaker auf der SO:25 - die Konferenz zu Verantwortungseigentum 2025.","breadcrumb":{"@id":"https://so-events.org/de/speakers/harald-schneider#breadcrumb"},"inLanguage":"de","potentialAction":[{"@type":"ReadAction","target":["https://so-events.org/de/speakers/harald-schneider"]}]},{"@type":"ImageObject","inLanguage":"de","@id":"https://so-events.org/de/speakers/harald-schneider#primaryimage","url":"https://so-events.org/wp-content/uploads/2025/09/23_sep_1.jpg","contentUrl":"https://so-events.org/wp-content/uploads/2025/09/23_sep_1.jpg","width":800,"height":800},{"@type":"BreadcrumbList","@id":"https://so-events.org/de/speakers/harald-schneider#breadcrumb","itemListElement":[{"@type":"ListItem","position":1,"name":"Startseite","item":"https://so-events.org/"},{"@type":"ListItem","position":2,"name":"Speakers","item":"https://so-events.org/speakers"},{"@type":"ListItem","position":3,"name":"Harald Schneider"}]},{"@type":"WebSite","@id":"https://so-events.org/#website","url":"https://so-events.org/","name":"VE:25","description":"Purpose","publisher":{"@id":"https://so-events.org/#organization"},"potentialAction":[{"@type":"SearchAction","target":{"@type":"EntryPoint","urlTemplate":"https://so-events.org/?s={search_term_string}"},"query-input":{"@type":"PropertyValueSpecification","valueRequired":true,"valueName":"search_term_string"}}],"inLanguage":"de"},{"@type":"Organization","@id":"https://so-events.org/#organization","name":"VE:25","url":"https://so-events.org/","logo":{"@type":"ImageObject","inLanguage":"de","@id":"https://so-events.org/#/schema/logo/image/","url":"https://so-events.org/wp-content/uploads/2024/09/se25-logo.png","contentUrl":"https://so-events.org/wp-content/uploads/2024/09/se25-logo.png","width":1042,"height":393,"caption":"VE:25"},"image":{"@id":"https://so-events.org/#/schema/logo/image/"}}]}</script>
<!-- / Yoast SEO plugin. -->
