{"id":11294,"date":"2025-09-04T07:06:49","date_gmt":"2025-09-04T07:06:49","guid":{"rendered":"https:\/\/so-events.org\/?post_type=speakers&#038;p=11294"},"modified":"2025-10-06T14:36:24","modified_gmt":"2025-10-06T14:36:24","slug":"charlotte-horder","status":"publish","type":"speakers","link":"https:\/\/so-events.org\/de\/speakers\/charlotte-horder","title":{"rendered":"Charlotte Horder"},"content":{"rendered":"<p><span style=\"font-weight: 400;\">Seit 20 Jahren unterst\u00fctzt Charlotte Organisationen dabei, regenerative, resiliente und sinnorientierte Zuk\u00fcnfte zu gestalten. In ihrer Arbeit verbindet sie die Rollen von Strategin, Facilitatorin und Projektmanagerin, um F\u00fchrungskr\u00e4fte und Teams darin zu begleiten, wirtschaftlichen Erfolg mit gesellschaftlichem und \u00f6kologischem Wohl zu verbinden. Ihre Expertise umfasst Impact-Programme, regenerative F\u00fchrung, nachhaltige Lieferketten, Kreislaufwirtschaftsstrategien und Community Building.<\/span><\/p>\n<p><span style=\"font-weight: 400;\">Im Zentrum ihrer Arbeit steht die Gestaltung von Dialog und Zusammenarbeit. Charlotte schafft R\u00e4ume, in denen unterschiedliche Stimmen geh\u00f6rt werden und kollektive Intelligenz entstehen kann \u2013 damit Unternehmen ihr Potenzial wie auch ihre Verantwortung erkennen, der Gesellschaft zu dienen und Wirkung weit \u00fcber Gewinnmaximierung und Shareholder-Interessen hinaus zu denken.<\/span><\/p>\n<p><span style=\"font-weight: 400;\">Sie ist \u00fcberzeugt, dass jede Person, jede Rolle und jede Organisation eine einzigartige Gestaltungskraft hat, um echten Wandel voranzubringen. Mit einem generationen\u00fcbergreifenden Blick ist es Charlottes Mission, mehr Menschen und Unternehmen zu einem Gef\u00fchl der Selbstwirksamkeit zu verhelfen \u2013 und ihre Strategien, Handlungen und Stimmen f\u00fcr eine ges\u00fcndere und gerechtere Welt einzusetzen.<\/span><\/p>\n","protected":false},"excerpt":{"rendered":"<p>Regenerative Business Facilitator<\/p>\n","protected":false},"featured_media":11308,"template":"","speaker_types":[182,180],"speaker_filter":[166],"class_list":["post-11294","speakers","type-speakers","status-publish","has-post-thumbnail","hentry","speaker_types-ama-ecke","speaker_types-speakers-2025-de","speaker_filter-2025-de"],"acf":[],"yoast_head":"<!-- This site is optimized with the Yoast SEO plugin v26.1.1 - https:\/\/yoast.com\/wordpress\/plugins\/seo\/ -->\n<title>Charlotte Horder<\/title>\n<meta name=\"description\" content=\"Charlotte Horder ist Speaker auf der SO:25 - die Konferenz zu Verantwortungseigentum 2025.\" \/>\n<meta name=\"robots\" content=\"index, follow, max-snippet:-1, max-image-preview:large, max-video-preview:-1\" \/>\n<link rel=\"canonical\" href=\"https:\/\/so-events.org\/de\/speakers\/charlotte-horder\" \/>\n<meta property=\"og:locale\" content=\"de_DE\" \/>\n<meta property=\"og:type\" content=\"article\" \/>\n<meta property=\"og:title\" content=\"Charlotte Horder\" \/>\n<meta property=\"og:description\" content=\"Charlotte Horder ist Speaker auf der SO:25 - die Konferenz zu Verantwortungseigentum 2025.\" \/>\n<meta property=\"og:url\" content=\"https:\/\/so-events.org\/de\/speakers\/charlotte-horder\" \/>\n<meta property=\"og:site_name\" content=\"SO:25\" \/>\n<meta property=\"article:modified_time\" content=\"2025-10-06T14:36:24+00:00\" \/>\n<meta property=\"og:image\" content=\"http:\/\/so-events.org\/wp-content\/uploads\/2025\/09\/Charlotte_Horder.jpg\" \/>\n\t<meta property=\"og:image:width\" content=\"800\" \/>\n\t<meta property=\"og:image:height\" content=\"800\" \/>\n\t<meta property=\"og:image:type\" content=\"image\/jpeg\" \/>\n<meta name=\"twitter:card\" content=\"summary_large_image\" \/>\n<meta name=\"twitter:label1\" content=\"Gesch\u00e4tzte Lesezeit\" \/>\n\t<meta name=\"twitter:data1\" content=\"1\u00a0Minute\" \/>\n<script type=\"application\/ld+json\" class=\"yoast-schema-graph\">{\"@context\":\"https:\/\/schema.org\",\"@graph\":[{\"@type\":\"WebPage\",\"@id\":\"https:\/\/so-events.org\/de\/speakers\/charlotte-horder\",\"url\":\"https:\/\/so-events.org\/de\/speakers\/charlotte-horder\",\"name\":\"Charlotte Horder\",\"isPartOf\":{\"@id\":\"https:\/\/so-events.org\/#website\"},\"primaryImageOfPage\":{\"@id\":\"https:\/\/so-events.org\/de\/speakers\/charlotte-horder#primaryimage\"},\"image\":{\"@id\":\"https:\/\/so-events.org\/de\/speakers\/charlotte-horder#primaryimage\"},\"thumbnailUrl\":\"https:\/\/so-events.org\/wp-content\/uploads\/2025\/09\/Charlotte_Horder.jpg\",\"datePublished\":\"2025-09-04T07:06:49+00:00\",\"dateModified\":\"2025-10-06T14:36:24+00:00\",\"description\":\"Charlotte Horder ist Speaker auf der SO:25 - die Konferenz zu Verantwortungseigentum 2025.\",\"breadcrumb\":{\"@id\":\"https:\/\/so-events.org\/de\/speakers\/charlotte-horder#breadcrumb\"},\"inLanguage\":\"de\",\"potentialAction\":[{\"@type\":\"ReadAction\",\"target\":[\"https:\/\/so-events.org\/de\/speakers\/charlotte-horder\"]}]},{\"@type\":\"ImageObject\",\"inLanguage\":\"de\",\"@id\":\"https:\/\/so-events.org\/de\/speakers\/charlotte-horder#primaryimage\",\"url\":\"https:\/\/so-events.org\/wp-content\/uploads\/2025\/09\/Charlotte_Horder.jpg\",\"contentUrl\":\"https:\/\/so-events.org\/wp-content\/uploads\/2025\/09\/Charlotte_Horder.jpg\",\"width\":800,\"height\":800},{\"@type\":\"BreadcrumbList\",\"@id\":\"https:\/\/so-events.org\/de\/speakers\/charlotte-horder#breadcrumb\",\"itemListElement\":[{\"@type\":\"ListItem\",\"position\":1,\"name\":\"Startseite\",\"item\":\"https:\/\/so-events.org\/\"},{\"@type\":\"ListItem\",\"position\":2,\"name\":\"Speakers\",\"item\":\"https:\/\/so-events.org\/speakers\"},{\"@type\":\"ListItem\",\"position\":3,\"name\":\"Charlotte Horder\"}]},{\"@type\":\"WebSite\",\"@id\":\"https:\/\/so-events.org\/#website\",\"url\":\"https:\/\/so-events.org\/\",\"name\":\"VE:25\",\"description\":\"Purpose\",\"publisher\":{\"@id\":\"https:\/\/so-events.org\/#organization\"},\"potentialAction\":[{\"@type\":\"SearchAction\",\"target\":{\"@type\":\"EntryPoint\",\"urlTemplate\":\"https:\/\/so-events.org\/?s={search_term_string}\"},\"query-input\":{\"@type\":\"PropertyValueSpecification\",\"valueRequired\":true,\"valueName\":\"search_term_string\"}}],\"inLanguage\":\"de\"},{\"@type\":\"Organization\",\"@id\":\"https:\/\/so-events.org\/#organization\",\"name\":\"VE:25\",\"url\":\"https:\/\/so-events.org\/\",\"logo\":{\"@type\":\"ImageObject\",\"inLanguage\":\"de\",\"@id\":\"https:\/\/so-events.org\/#\/schema\/logo\/image\/\",\"url\":\"https:\/\/so-events.org\/wp-content\/uploads\/2024\/09\/se25-logo.png\",\"contentUrl\":\"https:\/\/so-events.org\/wp-content\/uploads\/2024\/09\/se25-logo.png\",\"width\":1042,\"height\":393,\"caption\":\"VE:25\"},\"image\":{\"@id\":\"https:\/\/so-events.org\/#\/schema\/logo\/image\/\"}}]}<\/script>\n<!-- \/ Yoast SEO plugin. -->","yoast_head_json":{"title":"Charlotte Horder","description":"Charlotte Horder ist Speaker auf der SO:25 - die Konferenz zu Verantwortungseigentum 2025.","robots":{"index":"index","follow":"follow","max-snippet":"max-snippet:-1","max-image-preview":"max-image-preview:large","max-video-preview":"max-video-preview:-1"},"canonical":"https:\/\/so-events.org\/de\/speakers\/charlotte-horder","og_locale":"de_DE","og_type":"article","og_title":"Charlotte Horder","og_description":"Charlotte Horder ist Speaker auf der SO:25 - die Konferenz zu Verantwortungseigentum 2025.","og_url":"https:\/\/so-events.org\/de\/speakers\/charlotte-horder","og_site_name":"SO:25","article_modified_time":"2025-10-06T14:36:24+00:00","og_image":[{"width":800,"height":800,"url":"http:\/\/so-events.org\/wp-content\/uploads\/2025\/09\/Charlotte_Horder.jpg","type":"image\/jpeg"}],"twitter_card":"summary_large_image","twitter_misc":{"Gesch\u00e4tzte Lesezeit":"1\u00a0Minute"},"schema":{"@context":"https:\/\/schema.org","@graph":[{"@type":"WebPage","@id":"https:\/\/so-events.org\/de\/speakers\/charlotte-horder","url":"https:\/\/so-events.org\/de\/speakers\/charlotte-horder","name":"Charlotte Horder","isPartOf":{"@id":"https:\/\/so-events.org\/#website"},"primaryImageOfPage":{"@id":"https:\/\/so-events.org\/de\/speakers\/charlotte-horder#primaryimage"},"image":{"@id":"https:\/\/so-events.org\/de\/speakers\/charlotte-horder#primaryimage"},"thumbnailUrl":"https:\/\/so-events.org\/wp-content\/uploads\/2025\/09\/Charlotte_Horder.jpg","datePublished":"2025-09-04T07:06:49+00:00","dateModified":"2025-10-06T14:36:24+00:00","description":"Charlotte Horder ist Speaker auf der SO:25 - die Konferenz zu Verantwortungseigentum 2025.","breadcrumb":{"@id":"https:\/\/so-events.org\/de\/speakers\/charlotte-horder#breadcrumb"},"inLanguage":"de","potentialAction":[{"@type":"ReadAction","target":["https:\/\/so-events.org\/de\/speakers\/charlotte-horder"]}]},{"@type":"ImageObject","inLanguage":"de","@id":"https:\/\/so-events.org\/de\/speakers\/charlotte-horder#primaryimage","url":"https:\/\/so-events.org\/wp-content\/uploads\/2025\/09\/Charlotte_Horder.jpg","contentUrl":"https:\/\/so-events.org\/wp-content\/uploads\/2025\/09\/Charlotte_Horder.jpg","width":800,"height":800},{"@type":"BreadcrumbList","@id":"https:\/\/so-events.org\/de\/speakers\/charlotte-horder#breadcrumb","itemListElement":[{"@type":"ListItem","position":1,"name":"Startseite","item":"https:\/\/so-events.org\/"},{"@type":"ListItem","position":2,"name":"Speakers","item":"https:\/\/so-events.org\/speakers"},{"@type":"ListItem","position":3,"name":"Charlotte Horder"}]},{"@type":"WebSite","@id":"https:\/\/so-events.org\/#website","url":"https:\/\/so-events.org\/","name":"VE:25","description":"Purpose","publisher":{"@id":"https:\/\/so-events.org\/#organization"},"potentialAction":[{"@type":"SearchAction","target":{"@type":"EntryPoint","urlTemplate":"https:\/\/so-events.org\/?s={search_term_string}"},"query-input":{"@type":"PropertyValueSpecification","valueRequired":true,"valueName":"search_term_string"}}],"inLanguage":"de"},{"@type":"Organization","@id":"https:\/\/so-events.org\/#organization","name":"VE:25","url":"https:\/\/so-events.org\/","logo":{"@type":"ImageObject","inLanguage":"de","@id":"https:\/\/so-events.org\/#\/schema\/logo\/image\/","url":"https:\/\/so-events.org\/wp-content\/uploads\/2024\/09\/se25-logo.png","contentUrl":"https:\/\/so-events.org\/wp-content\/uploads\/2024\/09\/se25-logo.png","width":1042,"height":393,"caption":"VE:25"},"image":{"@id":"https:\/\/so-events.org\/#\/schema\/logo\/image\/"}}]}},"_links":{"self":[{"href":"https:\/\/so-events.org\/de\/wp-json\/wp\/v2\/speakers\/11294","targetHints":{"allow":["GET"]}}],"collection":[{"href":"https:\/\/so-events.org\/de\/wp-json\/wp\/v2\/speakers"}],"about":[{"href":"https:\/\/so-events.org\/de\/wp-json\/wp\/v2\/types\/speakers"}],"version-history":[{"count":2,"href":"https:\/\/so-events.org\/de\/wp-json\/wp\/v2\/speakers\/11294\/revisions"}],"predecessor-version":[{"id":11303,"href":"https:\/\/so-events.org\/de\/wp-json\/wp\/v2\/speakers\/11294\/revisions\/11303"}],"wp:featuredmedia":[{"embeddable":true,"href":"https:\/\/so-events.org\/de\/wp-json\/wp\/v2\/media\/11308"}],"wp:attachment":[{"href":"https:\/\/so-events.org\/de\/wp-json\/wp\/v2\/media?parent=11294"}],"wp:term":[{"taxonomy":"speaker_types","embeddable":true,"href":"https:\/\/so-events.org\/de\/wp-json\/wp\/v2\/speaker_types?post=11294"},{"taxonomy":"speaker_filter","embeddable":true,"href":"https:\/\/so-events.org\/de\/wp-json\/wp\/v2\/speaker_filter?post=11294"}],"curies":[{"name":"wp","href":"https:\/\/api.w.org\/{rel}","templated":true}]}}

<p><span style="font-weight: 400;">Seit 20 Jahren unterstützt Charlotte Organisationen dabei, regenerative, resiliente und sinnorientierte Zukünfte zu gestalten. In ihrer Arbeit verbindet sie die Rollen von Strategin, Facilitatorin und Projektmanagerin, um Führungskräfte und Teams darin zu begleiten, wirtschaftlichen Erfolg mit gesellschaftlichem und ökologischem Wohl zu verbinden. Ihre Expertise umfasst Impact-Programme, regenerative Führung, nachhaltige Lieferketten, Kreislaufwirtschaftsstrategien und Community Building.</span></p>
<p><span style="font-weight: 400;">Im Zentrum ihrer Arbeit steht die Gestaltung von Dialog und Zusammenarbeit. Charlotte schafft Räume, in denen unterschiedliche Stimmen gehört werden und kollektive Intelligenz entstehen kann – damit Unternehmen ihr Potenzial wie auch ihre Verantwortung erkennen, der Gesellschaft zu dienen und Wirkung weit über Gewinnmaximierung und Shareholder-Interessen hinaus zu denken.</span></p>
<p><span style="font-weight: 400;">Sie ist überzeugt, dass jede Person, jede Rolle und jede Organisation eine einzigartige Gestaltungskraft hat, um echten Wandel voranzubringen. Mit einem generationenübergreifenden Blick ist es Charlottes Mission, mehr Menschen und Unternehmen zu einem Gefühl der Selbstwirksamkeit zu verhelfen – und ihre Strategien, Handlungen und Stimmen für eine gesündere und gerechtere Welt einzusetzen.</span></p>

<!-- This site is optimized with the Yoast SEO plugin v26.1.1 - https://yoast.com/wordpress/plugins/seo/ -->
<title>Charlotte Horder</title>
<meta name="description" content="Charlotte Horder ist Speaker auf der SO:25 - die Konferenz zu Verantwortungseigentum 2025." />
<meta name="robots" content="index, follow, max-snippet:-1, max-image-preview:large, max-video-preview:-1" />
<link rel="canonical" href="https://so-events.org/de/speakers/charlotte-horder" />
<meta property="og:locale" content="de_DE" />
<meta property="og:type" content="article" />
<meta property="og:title" content="Charlotte Horder" />
<meta property="og:description" content="Charlotte Horder ist Speaker auf der SO:25 - die Konferenz zu Verantwortungseigentum 2025." />
<meta property="og:url" content="https://so-events.org/de/speakers/charlotte-horder" />
<meta property="og:site_name" content="SO:25" />
<meta property="article:modified_time" content="2025-10-06T14:36:24+00:00" />
<meta property="og:image" content="http://so-events.org/wp-content/uploads/2025/09/Charlotte_Horder.jpg" />
	<meta property="og:image:width" content="800" />
	<meta property="og:image:height" content="800" />
	<meta property="og:image:type" content="image/jpeg" />
<meta name="twitter:card" content="summary_large_image" />
<meta name="twitter:label1" content="Geschätzte Lesezeit" />
	<meta name="twitter:data1" content="1 Minute" />
<script type="application/ld+json" class="yoast-schema-graph">{"@context":"https://schema.org","@graph":[{"@type":"WebPage","@id":"https://so-events.org/de/speakers/charlotte-horder","url":"https://so-events.org/de/speakers/charlotte-horder","name":"Charlotte Horder","isPartOf":{"@id":"https://so-events.org/#website"},"primaryImageOfPage":{"@id":"https://so-events.org/de/speakers/charlotte-horder#primaryimage"},"image":{"@id":"https://so-events.org/de/speakers/charlotte-horder#primaryimage"},"thumbnailUrl":"https://so-events.org/wp-content/uploads/2025/09/Charlotte_Horder.jpg","datePublished":"2025-09-04T07:06:49+00:00","dateModified":"2025-10-06T14:36:24+00:00","description":"Charlotte Horder ist Speaker auf der SO:25 - die Konferenz zu Verantwortungseigentum 2025.","breadcrumb":{"@id":"https://so-events.org/de/speakers/charlotte-horder#breadcrumb"},"inLanguage":"de","potentialAction":[{"@type":"ReadAction","target":["https://so-events.org/de/speakers/charlotte-horder"]}]},{"@type":"ImageObject","inLanguage":"de","@id":"https://so-events.org/de/speakers/charlotte-horder#primaryimage","url":"https://so-events.org/wp-content/uploads/2025/09/Charlotte_Horder.jpg","contentUrl":"https://so-events.org/wp-content/uploads/2025/09/Charlotte_Horder.jpg","width":800,"height":800},{"@type":"BreadcrumbList","@id":"https://so-events.org/de/speakers/charlotte-horder#breadcrumb","itemListElement":[{"@type":"ListItem","position":1,"name":"Startseite","item":"https://so-events.org/"},{"@type":"ListItem","position":2,"name":"Speakers","item":"https://so-events.org/speakers"},{"@type":"ListItem","position":3,"name":"Charlotte Horder"}]},{"@type":"WebSite","@id":"https://so-events.org/#website","url":"https://so-events.org/","name":"VE:25","description":"Purpose","publisher":{"@id":"https://so-events.org/#organization"},"potentialAction":[{"@type":"SearchAction","target":{"@type":"EntryPoint","urlTemplate":"https://so-events.org/?s={search_term_string}"},"query-input":{"@type":"PropertyValueSpecification","valueRequired":true,"valueName":"search_term_string"}}],"inLanguage":"de"},{"@type":"Organization","@id":"https://so-events.org/#organization","name":"VE:25","url":"https://so-events.org/","logo":{"@type":"ImageObject","inLanguage":"de","@id":"https://so-events.org/#/schema/logo/image/","url":"https://so-events.org/wp-content/uploads/2024/09/se25-logo.png","contentUrl":"https://so-events.org/wp-content/uploads/2024/09/se25-logo.png","width":1042,"height":393,"caption":"VE:25"},"image":{"@id":"https://so-events.org/#/schema/logo/image/"}}]}</script>
<!-- / Yoast SEO plugin. -->
